{"id":382,"date":"2024-05-06T16:36:37","date_gmt":"2024-05-06T15:36:37","guid":{"rendered":"https:\/\/ortopediagot.net\/?page_id=382"},"modified":"2025-02-25T14:18:05","modified_gmt":"2025-02-25T13:18:05","slug":"avisolegal","status":"publish","type":"page","link":"https:\/\/ortopediagot.net\/Inicio\/avisolegal\/","title":{"rendered":"Aviso Legal"},"content":{"rendered":"<div class=\"wp-block-group\"><div class=\"wp-block-group__inner-container is-layout-constrained wp-block-group-is-layout-constrained\"><p class=\"has-text-align-center has-large-font-size\"><strong>Aviso Legal<\/strong><\/p>\n\n<div class=\"wp-block-group\"><div class=\"wp-block-group__inner-container is-layout-constrained wp-block-group-is-layout-constrained\"><div class=\"wp-block-group\"><div class=\"wp-block-group__inner-container is-layout-constrained wp-block-group-is-layout-constrained\"><p>Las presentes condiciones legales son establecidas por <b>GABINETE ORTOP\u00c9DICO TINERFE\u00d1O<\/b> con el fin de determinar los criterios y condiciones de uso de la p\u00e1gina web<\/br>\n <a href=\"https:\/\/ortopediagot.net\/Inicio\/\">www.ortopediagot.net<\/a><\/br><\/br>\nDatos del titular:<\/br>\nSeg\u00fan lo establecido en la ley de Sociedad de la informaci\u00f3n y comercio electr\u00f3nico, LSSICE\n34\/2002, <b>GABINETE ORTOP\u00c9DICO TINERFE\u00d1O<\/b>, pone a disposici\u00f3n los datos del titular de la\npresente p\u00e1gina web.<\/br><\/br>\n<b>Identificaci\u00f3n y contacto:<\/b><\/br>\nDENOMINACI\u00d3N: GABINETE ORTOP\u00c9DICO TINERFE\u00d1O<\/br>\nDENOMINACI\u00d3N COMERCIAL: ORTOPEDIA GOT<\/br>\nCIF: B38414744<\/br>\nDIRECCI\u00d3N: Calle La Estrella. Edificio La Rotonda 1. Local 3. 38010. Santa Cruz de Tenerife.<\/br>\nTEL\u00c9FONO: 922641344<\/br>\nCORREO ELECTR\u00d3NICO:<a href=\"\">info@ortopediagot.es<\/a>\/<a href=\"\">nreyes@ortopediagot.es<\/a><\/br>\nINSCRITO EN EL REGISTRO MERCANTIL:TF-12589, TOMO 1338, FOLIO 169<\/br><\/br>\nAl navegar por este sitio web el navegante adquiere la condici\u00f3n de usuario; el usuario\nacepta las condiciones de uso planteadas, <b>GABINETE ORTOP\u00c9DICO TINERFE\u00d1O<\/b>, se reserva\nel derecho a modificar en cualquier momento sus condiciones legales, as\u00ed como a realizar\ncualquier mejora t\u00e9cnica o visual que considere oportuno; si las modificaciones afectan a la\nprivacidad de los usuarios, se avisar\u00e1 con antelaci\u00f3n a la entrada en vigor de los cambios.\nEn cumplimiento Ley Org\u00e1nica de Protecci\u00f3n de Datos Personales y Garant\u00eda de los\nDerechos Digitales (LOPD-GDD 3\/2018) y con el Reglamento General de Protecci\u00f3n de Datos\n(RGPD UE 2016\/679) para poder atender sus consultas, cumplimente los campos\nobligatorios. No se ceder\u00e1n datos a terceros salvo obligaci\u00f3n legal o en el supuesto que sea\nnecesario para atender su solicitud, en caso de cambios y modificaciones en sus datos\ndeber\u00e1 comunicarlo. Pueden ejercitar sus derechos de acceso, rectificaci\u00f3n, supresi\u00f3n,\nlimitaci\u00f3n, oposici\u00f3n y portabilidad a la siguiente direcci\u00f3n:<\/br><\/br>\n<a href=\"\">info@ortopediagot.es<\/a> \/ <a href=\"\">nreyes@ortopediagot.es<\/a><\/br>\nCalle La Estrella. Edificio La Rotonda 1. Local 3. 38010. Santa Cruz de Tenerife.<\/p>\n<p><b>POL\u00cdTICA DE ENLACES<\/b><\/br><\/br>\nEn esta web se han establecido enlaces a p\u00e1ginas de terceros con el fin de facilitar a los\nusuarios el acceso a distintas redes sociales y plataformas de internet; GABINETE\nORTOP\u00c9DICO TINERFE\u00d1O no se hace responsable de los contenidos, ofertas, productos o\nservicios que pudieran encontrarse.<\/br><\/br>\n<b>LEGISLACI\u00d3N APLICABLE<\/b><\/br><\/br>\nLo referente a <b>GABINETE ORTOP\u00c9DICO TINERFE\u00d1O<\/b>, y el usuario se llevar\u00e1 a cabo dentro de\nla normativa nacional vigente y cualquier controversia se sustanciar\u00e1 a trav\u00e9s de los\nJuzgados y Tribunales de Santa Cruz de Tenerife.<\/p><\/div><\/div><\/div><\/div><\/div><\/div>","protected":false},"excerpt":{"rendered":"<p>Aviso Legal Las presentes condiciones legales son establecidas por GABINETE ORTOP\u00c9DICO TINERFE\u00d1O con el fin de determinar los criterios y condiciones de uso de la p\u00e1gina web www.ortopediagot.net Datos del titular: Seg\u00fan lo establecido en la ley de Sociedad de la informaci\u00f3n y comercio electr\u00f3nico, LSSICE 34\/2002, GABINETE ORTOP\u00c9DICO TINERFE\u00d1O, pone a disposici\u00f3n los datos [&hellip;]<\/p>\n","protected":false},"author":1,"featured_media":0,"parent":0,"menu_order":0,"comment_status":"closed","ping_status":"closed","template":"","meta":{"saved_in_kubio":true,"footnotes":""},"class_list":["post-382","page","type-page","status-publish","hentry"],"kubio_ai_page_context":{"short_desc":"","purpose":"general"},"_links":{"self":[{"href":"https:\/\/ortopediagot.net\/Inicio\/wp-json\/wp\/v2\/pages\/382"}],"collection":[{"href":"https:\/\/ortopediagot.net\/Inicio\/wp-json\/wp\/v2\/pages"}],"about":[{"href":"https:\/\/ortopediagot.net\/Inicio\/wp-json\/wp\/v2\/types\/page"}],"author":[{"embeddable":true,"href":"https:\/\/ortopediagot.net\/Inicio\/wp-json\/wp\/v2\/users\/1"}],"replies":[{"embeddable":true,"href":"https:\/\/ortopediagot.net\/Inicio\/wp-json\/wp\/v2\/comments?post=382"}],"version-history":[{"count":44,"href":"https:\/\/ortopediagot.net\/Inicio\/wp-json\/wp\/v2\/pages\/382\/revisions"}],"predecessor-version":[{"id":4396,"href":"https:\/\/ortopediagot.net\/Inicio\/wp-json\/wp\/v2\/pages\/382\/revisions\/4396"}],"wp:attachment":[{"href":"https:\/\/ortopediagot.net\/Inicio\/wp-json\/wp\/v2\/media?parent=382"}],"curies":[{"name":"wp","href":"https:\/\/api.w.org\/{rel}","templated":true}]}}