{"id":390,"date":"2024-05-06T16:49:32","date_gmt":"2024-05-06T15:49:32","guid":{"rendered":"https:\/\/ortopediagot.net\/?page_id=390"},"modified":"2025-02-24T18:18:15","modified_gmt":"2025-02-24T17:18:15","slug":"politicadecookies","status":"publish","type":"page","link":"https:\/\/ortopediagot.net\/Inicio\/politicadecookies\/","title":{"rendered":"Politica de Devoluciones"},"content":{"rendered":"<div class=\"wp-block-group\"><div class=\"wp-block-group__inner-container is-layout-constrained wp-block-group-is-layout-constrained\"><p class=\"has-text-align-center has-large-font-size\"><strong>Pol\u00edtica de Cookies<\/strong><\/p>\n\n<p class=\"has-text-align-left\" style=\"margin-top:0;margin-right:0;margin-bottom:0;margin-left:0\"><br><strong>\u00bfQU\u00c9 SON LAS COOKIES?<\/strong><\/p>\n\n<p class=\"has-text-align-left\" style=\"margin-top:0;margin-right:0;margin-bottom:0;margin-left:0\">Una cookie es un fichero que se descarga en su ordenador al acceder a determinadas p\u00e1ginas web. Las cookies permiten a una p\u00e1gina web, entre otras cosas, almacenar y recuperar informaci\u00f3n sobre los h\u00e1bitos de navegaci\u00f3n de un usuario o de su equipo y, dependiendo de la informaci\u00f3n que contengan y de la forma en que utilice su equipo, pueden utilizarse para reconocer al usuario. Este sitio web utiliza cookies y\/o tecnolog\u00edas similares que almacenan y recuperan informaci\u00f3n cuando navegas. En general, estas tecnolog\u00edas pueden servir para finalidades muy diversas, como, por ejemplo, reconocerte como usuario, obtener informaci\u00f3n sobre tus h\u00e1bitos de navegaci\u00f3n, o personalizar la forma en que se muestra el contenido.<\/p>\n\n<p class=\"has-text-align-left\" style=\"margin-top:0;margin-right:0;margin-bottom:0;margin-left:0\"><br><strong>Seg\u00fan su duraci\u00f3n, podemos distinguir dos tipos:<\/strong><br><\/p>\n\n<p class=\"has-text-align-left\" style=\"margin-top:0;margin-right:0;margin-bottom:0;margin-left:0\"><em>Cookies de sesi\u00f3n:<\/em> son aquellas dise\u00f1adas para recabar y almacenar datos mientras el usuario accede a una p\u00e1gina web. Se suelen emplear para almacenar informaci\u00f3n que solo interesa conservar para la prestaci\u00f3n del servicio solicitado por el usuario en una sola ocasi\u00f3n (por ejemplo, una lista de productos adquiridos) y desaparecen al terminar la sesi\u00f3n.<br><em>Cookies persistentes:<\/em> son aquellas en las que los datos siguen almacenados en el terminal y pueden ser accedidos y tratados durante un periodo definido por el responsable de la cookie, y que puede ir de unos minutos a varios a\u00f1os.<\/p>\n\n<p class=\"has-text-align-left\" style=\"margin-top:0;margin-right:0;margin-bottom:0;margin-left:0\"><\/p>\n\n<p><strong>Seg\u00fan su finalidad, podemos encontrar las siguientes:<\/strong><\/p>\n\n<p><em>Cookies t\u00e9cnicas: <\/em>Son aquellas que permiten al usuario la navegaci\u00f3n a trav\u00e9s de una p\u00e1gina web, plataforma o aplicaci\u00f3n y la utilizaci\u00f3n de las diferentes opciones o servicios que en ella existan, incluyendo aquellas que el editor utiliza para permitir la gesti\u00f3n y operativa de la p\u00e1gina web y habilitar sus funciones y servicios, como, por ejemplo, identificar la sesi\u00f3n, recordar los elementos que integran un pedido, almacenar contenidos para la difusi\u00f3n de v\u00eddeos o sonido, habilitar contenidos din\u00e1micos (por ejemplo, animaci\u00f3n de carga de un texto o imagen) o compartir contenidos a trav\u00e9s de redes sociales. Este tipo de cookies no requieren del consentimiento del usuario, ya que simplemente son de car\u00e1cter funcional.<\/p>\n\n<p><em>Cookies de an\u00e1lisis:<\/em> Son aqu\u00e9llas que bien tratadas por nosotros o por terceros, nos permiten cuantificar el n\u00famero de usuarios y as\u00ed realizar la medici\u00f3n y an\u00e1lisis estad\u00edstico de la utilizaci\u00f3n que hacen los usuarios del servicio ofertado. Para ello se analiza su navegaci\u00f3n en nuestra p\u00e1gina web con el fin de mejorar la oferta de productos o servicios que le ofrecemos.<\/p>\n\n<p><em>Cookies de personalizaci\u00f3n:<\/em> Son aquellas que permiten al usuario acceder al servicio con algunas caracter\u00edsticas de car\u00e1cter general predefinidas en funci\u00f3n de una serie de criterios en el terminal del usuario como por ejemplo serian el idioma o el tipo de navegador a trav\u00e9s del cual se conecta al servicio.<\/p>\n\n<p><em>Cookies publicitarias:<\/em> Son aqu\u00e9llas que, bien tratadas por esta web o por terceros, permiten gestionar de la forma m\u00e1s eficaz posible la oferta de los espacios publicitarios que hay en la p\u00e1gina web, adecuando el contenido del anuncio al contenido del servicio solicitado o al uso que realice de nuestra p\u00e1gina web. Para ello podemos analizar sus h\u00e1bitos de navegaci\u00f3n en Internet y podemos mostrarle publicidad relacionada con su perfil de navegaci\u00f3n.<\/p>\n\n<p><\/p>\n\n<p class=\"has-text-align-left\" style=\"margin-top:0;margin-right:0;margin-bottom:0;margin-left:0\"><em>Cookies de publicidad comportamental:<\/em> Son aquellas que permiten la gesti\u00f3n, de la forma m\u00e1s eficaz posible, de los espacios publicitarios que, en su caso, el editor haya incluido en una p\u00e1gina web, aplicaci\u00f3n o plataforma desde la que presta el servicio solicitado. Este tipo de cookies almacenan informaci\u00f3n del comportamiento de los visitantes obtenida a trav\u00e9s de la observaci\u00f3n continuada de sus h\u00e1bitos de navegaci\u00f3n, lo que permite desarrollar un perfil espec\u00edfico para mostrar avisos publicitarios en funci\u00f3n del mismo.<\/p>\n\n<p><strong>Cookies de terceros<\/strong><br>Cookies de an\u00e1lisis: permiten cuantificar el n\u00famero de usuarios y as\u00ed realizar la medici\u00f3n y an\u00e1lisis estad\u00edstico de la utilizaci\u00f3n que hacen los usuarios del servicio ofertado. Para ello se analiza su navegaci\u00f3n en nuestra p\u00e1gina web con el fin de mejorar la oferta de productos o servicios que le ofrecemos.<\/p>\n\n<p><strong>TIPOS DE COOKIES EXISTENTES EN LA WEB<\/strong><\/p>\n\n<figure class=\"wp-block-table\"><table class=\"has-fixed-layout\"><tbody><tr><td><strong>Cookies<\/strong><\/td><td><strong>Tipo de Cookies<\/strong><\/td><td><strong>Finalidad.<\/strong><\/td><td><strong>Duraci\u00f3n<\/strong><\/td><td><strong>Gesti\u00f3n<\/strong><\/td><\/tr><tr><td>_fbp<\/td><td>Personalizaci\u00f3n<\/td><td>Gesti\u00f3n de rese\u00f1as<\/td><td>2025-05-18<\/td><td>.trustindex.io<\/td><\/tr><tr><td>_lscache_vary<\/td><td>Optimizaci\u00f3n<\/td><td>Mejorar la velocidad de la pagina<\/td><td>2025-02-26<\/td><td>ortopediagot.net<\/td><\/tr><tr><td>cookieyes-consent<\/td><td>Gesti\u00f3n<\/td><td>Consentimiento de Cookies<\/td><td>2026-02-24<\/td><td>ortopediagot.net<\/td><\/tr><tr><td>sbjs_current<\/td><td>Gesti\u00f3n<\/td><td>Saber de donde es el origen de la conexi\u00f3n<\/td><td>Hasta cerrar sesi\u00f3n en el navegador<\/td><td>ortopediagot.net<\/td><\/tr><\/tbody><\/table><\/figure>\n\n<p><strong>CONSENTIMIENTO<\/strong><br>Le informamos que solo utilizaremos cookies en su equipo a condici\u00f3n de que haya dado su consentimiento a trav\u00e9s del banner de acceso y la configuraci\u00f3n habilitada a trav\u00e9s del panel de configuraci\u00f3n, salvo en los supuestos en los que las cookies sean necesarias para la navegaci\u00f3n en el equipo y\/o para prestar el servicio solicitado por el usuario (cookies t\u00e9cnicas). Las cookies t\u00e9cnicas est\u00e1n exceptuadas del cumplimiento de las obligaciones establecidas en la LSSI del deber de informaci\u00f3n y obtenci\u00f3n del consentimiento (ver definici\u00f3n de cookies t\u00e9cnicas).<\/p>\n\n<p><strong>REVOCAR EL CONSENTIMIENTO Y DESACTIVAR LAS COOKIES.<\/strong><br>El usuario podr\u00e1 modificar o revocar su consentimiento en cualquier momento configurando las opciones en el Panel de Configuraci\u00f3n. El usuario tiene acceso al Panel de Configuraci\u00f3n de forma permanente en la pantalla de inicio. <br>No obstante, a pesar de que conservaremos la selecci\u00f3n realizada por el usuario con un m\u00e1ximo de 24 meses, peri\u00f3dicamente, solicitaremos la actualizaci\u00f3n de tu consentimiento. Puede usted permitir, bloquear o eliminar las cookies instaladas en su equipo mediante la configuraci\u00f3n de las opciones del navegador instalado en su ordenador, as\u00ed como borrar sus datos de navegaci\u00f3n (incluidas las cookies) desde el navegador instalado en su terminal.<\/p>\n\n<p><strong>ADVERTENCIA SOBRE ELIMINAR COOKIES.<\/strong><br>La desactivaci\u00f3n de las cookies no impide la navegaci\u00f3n por el sitio web, aunque el uso de algunos de sus servicios podr\u00e1 ser limitado y, por tanto, su experiencia de navegaci\u00f3n podr\u00e1 ser menos satisfactoria.<\/p><\/div><\/div>","protected":false},"excerpt":{"rendered":"<p>Pol\u00edtica de Cookies \u00bfQU\u00c9 SON LAS COOKIES? Una cookie es un fichero que se descarga en su ordenador al acceder a determinadas p\u00e1ginas web. Las cookies permiten a una p\u00e1gina web, entre otras cosas, almacenar y recuperar informaci\u00f3n sobre los h\u00e1bitos de navegaci\u00f3n de un usuario o de su equipo y, dependiendo de la informaci\u00f3n [&hellip;]<\/p>\n","protected":false},"author":1,"featured_media":0,"parent":0,"menu_order":0,"comment_status":"closed","ping_status":"closed","template":"","meta":{"saved_in_kubio":true,"footnotes":""},"class_list":["post-390","page","type-page","status-publish","hentry"],"kubio_ai_page_context":{"short_desc":"","purpose":"general"},"_links":{"self":[{"href":"https:\/\/ortopediagot.net\/Inicio\/wp-json\/wp\/v2\/pages\/390"}],"collection":[{"href":"https:\/\/ortopediagot.net\/Inicio\/wp-json\/wp\/v2\/pages"}],"about":[{"href":"https:\/\/ortopediagot.net\/Inicio\/wp-json\/wp\/v2\/types\/page"}],"author":[{"embeddable":true,"href":"https:\/\/ortopediagot.net\/Inicio\/wp-json\/wp\/v2\/users\/1"}],"replies":[{"embeddable":true,"href":"https:\/\/ortopediagot.net\/Inicio\/wp-json\/wp\/v2\/comments?post=390"}],"version-history":[{"count":23,"href":"https:\/\/ortopediagot.net\/Inicio\/wp-json\/wp\/v2\/pages\/390\/revisions"}],"predecessor-version":[{"id":4387,"href":"https:\/\/ortopediagot.net\/Inicio\/wp-json\/wp\/v2\/pages\/390\/revisions\/4387"}],"wp:attachment":[{"href":"https:\/\/ortopediagot.net\/Inicio\/wp-json\/wp\/v2\/media?parent=390"}],"curies":[{"name":"wp","href":"https:\/\/api.w.org\/{rel}","templated":true}]}}