{"id":1563,"date":"2024-05-22T11:43:42","date_gmt":"2024-05-22T10:43:42","guid":{"rendered":"https:\/\/ortopediagot.net\/?post_type=product&#038;p=1563"},"modified":"2024-05-22T13:59:34","modified_gmt":"2024-05-22T12:59:34","slug":"aviva-rx40-y-rx40-premium","status":"publish","type":"product","link":"https:\/\/ortopediagot.net\/Inicio\/producto\/aviva-rx40-y-rx40-premium\/","title":{"rendered":"RX40 y RX40 Premium"},"content":{"rendered":"<p>Nuestra nueva silla de ruedas el\u00e9ctrica\u00a0<em><strong>AVIVA RX40<\/strong><\/em>\u00a0con propulsi\u00f3n trasera ha sido concebida para ofrecer una amplia gama de funcionalidades, as\u00ed como nuevas tecnolog\u00edas y una est\u00e9tica elegante. El objetivo ha sido proporcionar confort y control en la conducci\u00f3n en cualquier situaci\u00f3n. La silla de ruedas electr\u00f3nica\u00a0<em><strong>AVIVA RX40<\/strong><\/em>\u00a0es extremadamente compacta (anchura total de la base motriz de 560 mm solamente) con una batalla corta y un radio de giro reducido, perfecta para moverse en espacios estrechos. Pese a su tama\u00f1o reducido la\u00a0<em><strong>AVIVA RX40<\/strong><\/em>\u00a0proporciona excelentes resultados en exteriores gracias a sus bater\u00edas, motores potentes y ruedas grandes (bater\u00edas 60 Ah\u00a0 \/ ruedas del 9&#8243; \/ modulo potencia 120 AH )<\/p>\n<p>La silla de ruedas electr\u00f3nica viene equipada con la \u00faltima tecnolog\u00eda como la electr\u00f3nica\u00a0<em><strong>LiNX\u00a0<\/strong><\/em>que permite personalizar los par\u00e1metros de la silla desde un ordenador o un Smartphone IOS o el mando\u00a0<em><strong>REM400<\/strong><\/em>\u00a0t\u00e1ctil que requiere poca fuerza para ser usado y puede ser configurado seg\u00fan las capacidades f\u00edsicas y cognitivas de cada usuario.<\/p>\n<p>El sistema de suspensi\u00f3n patentado\u00a0<strong>CTC<\/strong>\u00a0(Control Tracci\u00f3n, Confort) que a\u00edsla el M\u00f3dulo de asiento de los impactos y las vibraciones y ofrece al usuario de la silla de ruedas\u00a0<em><strong>AVIVA RX40<\/strong><\/em>\u00a0una conducci\u00f3n relajada, c\u00f3moda y segura.<\/p>\n<p>Por \u00faltimo, tambi\u00e9n disponible una versi\u00f3n\u00a0<strong><em>AVIVA RX40 Premium<\/em><\/strong>\u00a0con una configuraci\u00f3n superior, equipada con m\u00e1s opciones para aquellos usuarios que todav\u00eda quieren m\u00e1s. Descubre todos los detalles.<\/p>\n","protected":false},"excerpt":{"rendered":"<p>Nuestra nueva silla de ruedas el\u00e9ctrica\u00a0AVIVA RX40\u00a0con propulsi\u00f3n trasera ha sido concebida para ofrecer una amplia gama de funcionalidades, as\u00ed como nuevas tecnolog\u00edas y una est\u00e9tica elegante. El objetivo ha sido proporcionar confort y control en la conducci\u00f3n en cualquier situaci\u00f3n. La silla de ruedas electr\u00f3nica\u00a0AVIVA RX40\u00a0es extremadamente compacta (anchura total de la base motriz [&hellip;]<\/p>\n","protected":false},"featured_media":1564,"comment_status":"open","ping_status":"closed","template":"","meta":{"saved_in_kubio":false},"product_brand":[],"product_cat":[108],"product_tag":[115],"class_list":{"0":"post-1563","1":"product","2":"type-product","3":"status-publish","4":"has-post-thumbnail","6":"product_cat-sillas-de-ruedas-electricas","7":"product_tag-aviva","9":"first","10":"instock","11":"shipping-taxable","12":"product-type-simple"},"_links":{"self":[{"href":"https:\/\/ortopediagot.net\/Inicio\/wp-json\/wp\/v2\/product\/1563"}],"collection":[{"href":"https:\/\/ortopediagot.net\/Inicio\/wp-json\/wp\/v2\/product"}],"about":[{"href":"https:\/\/ortopediagot.net\/Inicio\/wp-json\/wp\/v2\/types\/product"}],"replies":[{"embeddable":true,"href":"https:\/\/ortopediagot.net\/Inicio\/wp-json\/wp\/v2\/comments?post=1563"}],"wp:featuredmedia":[{"embeddable":true,"href":"https:\/\/ortopediagot.net\/Inicio\/wp-json\/wp\/v2\/media\/1564"}],"wp:attachment":[{"href":"https:\/\/ortopediagot.net\/Inicio\/wp-json\/wp\/v2\/media?parent=1563"}],"wp:term":[{"taxonomy":"product_brand","embeddable":true,"href":"https:\/\/ortopediagot.net\/Inicio\/wp-json\/wp\/v2\/product_brand?post=1563"},{"taxonomy":"product_cat","embeddable":true,"href":"https:\/\/ortopediagot.net\/Inicio\/wp-json\/wp\/v2\/product_cat?post=1563"},{"taxonomy":"product_tag","embeddable":true,"href":"https:\/\/ortopediagot.net\/Inicio\/wp-json\/wp\/v2\/product_tag?post=1563"}],"curies":[{"name":"wp","href":"https:\/\/api.w.org\/{rel}","templated":true}]}}