{"id":1567,"date":"2024-05-22T11:49:49","date_gmt":"2024-05-22T10:49:49","guid":{"rendered":"https:\/\/ortopediagot.net\/?post_type=product&#038;p=1567"},"modified":"2024-06-04T10:02:02","modified_gmt":"2024-06-04T09:02:02","slug":"invacare-esprit-action-junior","status":"publish","type":"product","link":"https:\/\/ortopediagot.net\/Inicio\/producto\/invacare-esprit-action-junior\/","title":{"rendered":"Esprit Action Junior"},"content":{"rendered":"<p>La nueva\u00a0<strong><em>Esprit Action\u00ae Junior<\/em><\/strong>, es la silla de ruedas electr\u00f3nica plegable y multiajustable de referencia para los m\u00e1s peque\u00f1os. La\u00a0<strong><em>Esprit Action\u00ae Junior<\/em><\/strong>\u00a0ahora cuenta con m\u00e1s tecnolog\u00eda que nunca, como un giroscopio que permite reducir la batalla de la silla y conseguir una maniobrabilidad optimizada y una conducci\u00f3n m\u00e1s precisa sobre todo en rampas.<\/p>\n<p>La silla de ruedas\u00a0<strong><em>Esprit Action\u00ae Junior<\/em><\/strong>\u00a0est\u00e1 equipada con ruedas traseras motorizadas de tecnolog\u00eda\u00a0<strong><em>Alber<\/em><\/strong>\u00a0y una bater\u00eda extra\u00edble. Ning\u00fan componente supera los 15 kg (peso medio del chasis seg\u00fan talla). No hace falta rampa, ni veh\u00edculo adaptado para transportarla.<\/p>\n","protected":false},"excerpt":{"rendered":"<p>La nueva\u00a0Esprit Action\u00ae Junior, es la silla de ruedas electr\u00f3nica plegable y multiajustable de referencia para los m\u00e1s peque\u00f1os. La\u00a0Esprit Action\u00ae Junior\u00a0ahora cuenta con m\u00e1s tecnolog\u00eda que nunca, como un giroscopio que permite reducir la batalla de la silla y conseguir una maniobrabilidad optimizada y una conducci\u00f3n m\u00e1s precisa sobre todo en rampas. La silla [&hellip;]<\/p>\n","protected":false},"featured_media":1568,"comment_status":"open","ping_status":"closed","template":"","meta":{"saved_in_kubio":false},"product_brand":[],"product_cat":[108],"product_tag":[114],"class_list":{"0":"post-1567","1":"product","2":"type-product","3":"status-publish","4":"has-post-thumbnail","6":"product_cat-sillas-de-ruedas-electricas","7":"product_tag-invacare","9":"first","10":"instock","11":"shipping-taxable","12":"product-type-simple"},"_links":{"self":[{"href":"https:\/\/ortopediagot.net\/Inicio\/wp-json\/wp\/v2\/product\/1567"}],"collection":[{"href":"https:\/\/ortopediagot.net\/Inicio\/wp-json\/wp\/v2\/product"}],"about":[{"href":"https:\/\/ortopediagot.net\/Inicio\/wp-json\/wp\/v2\/types\/product"}],"replies":[{"embeddable":true,"href":"https:\/\/ortopediagot.net\/Inicio\/wp-json\/wp\/v2\/comments?post=1567"}],"wp:featuredmedia":[{"embeddable":true,"href":"https:\/\/ortopediagot.net\/Inicio\/wp-json\/wp\/v2\/media\/1568"}],"wp:attachment":[{"href":"https:\/\/ortopediagot.net\/Inicio\/wp-json\/wp\/v2\/media?parent=1567"}],"wp:term":[{"taxonomy":"product_brand","embeddable":true,"href":"https:\/\/ortopediagot.net\/Inicio\/wp-json\/wp\/v2\/product_brand?post=1567"},{"taxonomy":"product_cat","embeddable":true,"href":"https:\/\/ortopediagot.net\/Inicio\/wp-json\/wp\/v2\/product_cat?post=1567"},{"taxonomy":"product_tag","embeddable":true,"href":"https:\/\/ortopediagot.net\/Inicio\/wp-json\/wp\/v2\/product_tag?post=1567"}],"curies":[{"name":"wp","href":"https:\/\/api.w.org\/{rel}","templated":true}]}}