{"id":1572,"date":"2024-05-22T12:06:00","date_gmt":"2024-05-22T11:06:00","guid":{"rendered":"https:\/\/ortopediagot.net\/?post_type=product&#038;p=1572"},"modified":"2024-05-22T12:06:07","modified_gmt":"2024-05-22T11:06:07","slug":"via-go","status":"publish","type":"product","link":"https:\/\/ortopediagot.net\/Inicio\/producto\/via-go\/","title":{"rendered":"Via GO"},"content":{"rendered":"<p>El nuevo<em><strong>\u00a0Alber Via GO\u00a0<\/strong><\/em>es un dispositivo de asistencia electr\u00f3nica para el acompa\u00f1ante, que combina la tecnolog\u00eda y el dise\u00f1o de Alber con una simplicidad de uso e instalaci\u00f3n inigualable.\u00a0El\u00a0<em><strong>Via GO<\/strong><\/em>\u00a0es compacto y de alta calidad, compatible con la mayor\u00eda de sillas manuales. Solo hace falta montar el sistema de fijaci\u00f3n en su silla para poder acoplarlo, de forma r\u00e1pida y sin esfuerzo.<\/p>\n<p>El\u00a0<strong><em>Via GO<\/em><\/strong>\u00a0ha sido especialmente desarrollado para permitir a los usuarios acompa\u00f1ados por una tercera persona, recorrer largas distancias y subir pendientes de hasta 16%. Con el\u00a0<em><strong>Via GO<\/strong><\/em>, el paseo se va a convertir en un momento agradable tanto para el paciente como para el acompa\u00f1ante.<\/p>\n<p>Gracias a su tecnolog\u00eda puntera y sus dimensiones reducidas, la unidad motorizada del\u00a0<strong><em>Via GO<\/em><\/strong>\u00a0no sobrepasa los 6 kg, se puede ser transportada y guardada en cualquier maletero y en los espacios m\u00e1s reducidos.<\/p>\n","protected":false},"excerpt":{"rendered":"<p>El nuevo\u00a0Alber Via GO\u00a0es un dispositivo de asistencia electr\u00f3nica para el acompa\u00f1ante, que combina la tecnolog\u00eda y el dise\u00f1o de Alber con una simplicidad de uso e instalaci\u00f3n inigualable.\u00a0El\u00a0Via GO\u00a0es compacto y de alta calidad, compatible con la mayor\u00eda de sillas manuales. Solo hace falta montar el sistema de fijaci\u00f3n en su silla para poder [&hellip;]<\/p>\n","protected":false},"featured_media":1573,"comment_status":"open","ping_status":"closed","template":"","meta":{"saved_in_kubio":false},"product_brand":[],"product_cat":[109],"product_tag":[110],"class_list":{"0":"post-1572","1":"product","2":"type-product","3":"status-publish","4":"has-post-thumbnail","6":"product_cat-motores-para-sillas-de-ruedas","7":"product_tag-alber","9":"first","10":"instock","11":"shipping-taxable","12":"product-type-simple"},"_links":{"self":[{"href":"https:\/\/ortopediagot.net\/Inicio\/wp-json\/wp\/v2\/product\/1572"}],"collection":[{"href":"https:\/\/ortopediagot.net\/Inicio\/wp-json\/wp\/v2\/product"}],"about":[{"href":"https:\/\/ortopediagot.net\/Inicio\/wp-json\/wp\/v2\/types\/product"}],"replies":[{"embeddable":true,"href":"https:\/\/ortopediagot.net\/Inicio\/wp-json\/wp\/v2\/comments?post=1572"}],"wp:featuredmedia":[{"embeddable":true,"href":"https:\/\/ortopediagot.net\/Inicio\/wp-json\/wp\/v2\/media\/1573"}],"wp:attachment":[{"href":"https:\/\/ortopediagot.net\/Inicio\/wp-json\/wp\/v2\/media?parent=1572"}],"wp:term":[{"taxonomy":"product_brand","embeddable":true,"href":"https:\/\/ortopediagot.net\/Inicio\/wp-json\/wp\/v2\/product_brand?post=1572"},{"taxonomy":"product_cat","embeddable":true,"href":"https:\/\/ortopediagot.net\/Inicio\/wp-json\/wp\/v2\/product_cat?post=1572"},{"taxonomy":"product_tag","embeddable":true,"href":"https:\/\/ortopediagot.net\/Inicio\/wp-json\/wp\/v2\/product_tag?post=1572"}],"curies":[{"name":"wp","href":"https:\/\/api.w.org\/{rel}","templated":true}]}}