{"id":1590,"date":"2024-05-22T12:35:02","date_gmt":"2024-05-22T11:35:02","guid":{"rendered":"https:\/\/ortopediagot.net\/?post_type=product&#038;p=1590"},"modified":"2024-05-22T12:35:03","modified_gmt":"2024-05-22T11:35:03","slug":"compact-2-0","status":"publish","type":"product","link":"https:\/\/ortopediagot.net\/Inicio\/producto\/compact-2-0\/","title":{"rendered":"Compact 2.0"},"content":{"rendered":"<p>La silla de ruedas activa\u00a0<em><strong>K\u00fcschall Compact<\/strong><\/em>\u00a0ha sido concebida pensando en los usuarios que buscan un modelo de silla de ruedas compacto, funcional y confortable para un uso diario.La silla de ruedas\u00a0<em><strong>Compact<\/strong><\/em>\u00a0est\u00e1 ahora disponible con pescantes abatibles o fijos. Su peso ha sido reducido 500 gramos con respecto a la versi\u00f3n anterior.Esta silla de ruedas activa se pliega f\u00e1cilmente gracias a su cruceta perfilada simple o doble (seg\u00fan anchura de asiento) que optimiza la rigidez del chasis y los resultados de desplazamiento de la silla. Es f\u00e1cilmente transportable ya que se pueden desmontar los pescantes (versi\u00f3n pescantes abatibles) y los reposabrazos. Adem\u00e1s\u00a0 el respaldo es abatible sobre el asiento (opcional) .\u00a0Ahora disponible un posicionamiento a medida para cada usuario gracias al concepto OneSolution.<\/p>\n<p><strong>Tecnolog\u00eda del hidroformado<\/strong><\/p>\n<p>Los tubos del chasis son tridimensionales y ergon\u00f3micos para mayor rigidez y robustez. El dise\u00f1o ergon\u00f3mico del chasis en la parte superior permite al usuarios tener un apoyo estable para hacer transferencias con m\u00e1s facilidad. La tecnolog\u00eda del hidroformado incrementa los resultados de desplazamiento.<\/p>\n<p><strong>\u00a0Configurador K\u00fcschall<\/strong><\/p>\n<p>Nuevo herramienta digital que le permitir\u00e1 configurar y visualizar un modelo completo con todas las opciones y tener una estimaci\u00f3n del peso final.<\/p>\n","protected":false},"excerpt":{"rendered":"<p>La silla de ruedas activa\u00a0K\u00fcschall Compact\u00a0ha sido concebida pensando en los usuarios que buscan un modelo de silla de ruedas compacto, funcional y confortable para un uso diario.La silla de ruedas\u00a0Compact\u00a0est\u00e1 ahora disponible con pescantes abatibles o fijos. Su peso ha sido reducido 500 gramos con respecto a la versi\u00f3n anterior.Esta silla de ruedas activa [&hellip;]<\/p>\n","protected":false},"featured_media":1591,"comment_status":"open","ping_status":"closed","template":"","meta":{"saved_in_kubio":false},"product_brand":[],"product_cat":[41],"product_tag":[111],"class_list":{"0":"post-1590","1":"product","2":"type-product","3":"status-publish","4":"has-post-thumbnail","6":"product_cat-sillas-de-ruedas-2","7":"product_tag-kuschall","9":"first","10":"instock","11":"shipping-taxable","12":"product-type-simple"},"_links":{"self":[{"href":"https:\/\/ortopediagot.net\/Inicio\/wp-json\/wp\/v2\/product\/1590"}],"collection":[{"href":"https:\/\/ortopediagot.net\/Inicio\/wp-json\/wp\/v2\/product"}],"about":[{"href":"https:\/\/ortopediagot.net\/Inicio\/wp-json\/wp\/v2\/types\/product"}],"replies":[{"embeddable":true,"href":"https:\/\/ortopediagot.net\/Inicio\/wp-json\/wp\/v2\/comments?post=1590"}],"wp:featuredmedia":[{"embeddable":true,"href":"https:\/\/ortopediagot.net\/Inicio\/wp-json\/wp\/v2\/media\/1591"}],"wp:attachment":[{"href":"https:\/\/ortopediagot.net\/Inicio\/wp-json\/wp\/v2\/media?parent=1590"}],"wp:term":[{"taxonomy":"product_brand","embeddable":true,"href":"https:\/\/ortopediagot.net\/Inicio\/wp-json\/wp\/v2\/product_brand?post=1590"},{"taxonomy":"product_cat","embeddable":true,"href":"https:\/\/ortopediagot.net\/Inicio\/wp-json\/wp\/v2\/product_cat?post=1590"},{"taxonomy":"product_tag","embeddable":true,"href":"https:\/\/ortopediagot.net\/Inicio\/wp-json\/wp\/v2\/product_tag?post=1590"}],"curies":[{"name":"wp","href":"https:\/\/api.w.org\/{rel}","templated":true}]}}