{"id":1595,"date":"2024-05-22T12:38:45","date_gmt":"2024-05-22T11:38:45","guid":{"rendered":"https:\/\/ortopediagot.net\/?post_type=product&#038;p=1595"},"modified":"2024-05-22T12:39:02","modified_gmt":"2024-05-22T11:39:02","slug":"compact-attract","status":"publish","type":"product","link":"https:\/\/ortopediagot.net\/Inicio\/producto\/compact-attract\/","title":{"rendered":"Compact Attract"},"content":{"rendered":"<p>La silla de ruedas manual activa\u00a0<em><strong>K\u00fcschall Compact Attract<\/strong><\/em>\u00a0hace que las tareas del d\u00eda a d\u00eda sean m\u00e1s f\u00e1ciles. El dise\u00f1o y el chasis plegable por cruceta de la\u00a0<em><strong>Compact Attract<\/strong><\/em>\u00a0son el sistema perfecto para el usuario de silla de ruedas. La\u00a0<em><strong>Kuschall Compact Attract<\/strong><\/em>\u00a0ofrece numerosos ajustes para garantizar una posici\u00f3n sentada \u00f3ptima, una gran maniobrabilidad y una conducci\u00f3n f\u00e1cil y agradable para el usuario.<\/p>\n","protected":false},"excerpt":{"rendered":"<p>La silla de ruedas manual activa\u00a0K\u00fcschall Compact Attract\u00a0hace que las tareas del d\u00eda a d\u00eda sean m\u00e1s f\u00e1ciles. El dise\u00f1o y el chasis plegable por cruceta de la\u00a0Compact Attract\u00a0son el sistema perfecto para el usuario de silla de ruedas. La\u00a0Kuschall Compact Attract\u00a0ofrece numerosos ajustes para garantizar una posici\u00f3n sentada \u00f3ptima, una gran maniobrabilidad y una [&hellip;]<\/p>\n","protected":false},"featured_media":1596,"comment_status":"open","ping_status":"closed","template":"","meta":{"saved_in_kubio":false},"product_brand":[],"product_cat":[41],"product_tag":[111],"class_list":{"0":"post-1595","1":"product","2":"type-product","3":"status-publish","4":"has-post-thumbnail","6":"product_cat-sillas-de-ruedas-2","7":"product_tag-kuschall","9":"first","10":"instock","11":"shipping-taxable","12":"product-type-simple"},"_links":{"self":[{"href":"https:\/\/ortopediagot.net\/Inicio\/wp-json\/wp\/v2\/product\/1595"}],"collection":[{"href":"https:\/\/ortopediagot.net\/Inicio\/wp-json\/wp\/v2\/product"}],"about":[{"href":"https:\/\/ortopediagot.net\/Inicio\/wp-json\/wp\/v2\/types\/product"}],"replies":[{"embeddable":true,"href":"https:\/\/ortopediagot.net\/Inicio\/wp-json\/wp\/v2\/comments?post=1595"}],"wp:featuredmedia":[{"embeddable":true,"href":"https:\/\/ortopediagot.net\/Inicio\/wp-json\/wp\/v2\/media\/1596"}],"wp:attachment":[{"href":"https:\/\/ortopediagot.net\/Inicio\/wp-json\/wp\/v2\/media?parent=1595"}],"wp:term":[{"taxonomy":"product_brand","embeddable":true,"href":"https:\/\/ortopediagot.net\/Inicio\/wp-json\/wp\/v2\/product_brand?post=1595"},{"taxonomy":"product_cat","embeddable":true,"href":"https:\/\/ortopediagot.net\/Inicio\/wp-json\/wp\/v2\/product_cat?post=1595"},{"taxonomy":"product_tag","embeddable":true,"href":"https:\/\/ortopediagot.net\/Inicio\/wp-json\/wp\/v2\/product_tag?post=1595"}],"curies":[{"name":"wp","href":"https:\/\/api.w.org\/{rel}","templated":true}]}}