{"id":1672,"date":"2024-05-24T17:32:51","date_gmt":"2024-05-24T16:32:51","guid":{"rendered":"https:\/\/ortopediagot.net\/?post_type=product&#038;p=1672"},"modified":"2024-05-27T11:21:03","modified_gmt":"2024-05-27T10:21:03","slug":"ca242-cojin-antiescara-en-herradura-de-aire-graduable-42x42","status":"publish","type":"product","link":"https:\/\/ortopediagot.net\/Inicio\/producto\/ca242-cojin-antiescara-en-herradura-de-aire-graduable-42x42\/","title":{"rendered":"CA242 COJ\u00cdN ANTIESCARA EN HERRADURA DE AIRE GRADUABLE 42X42"},"content":{"rendered":"<p>Prevenci\u00f3n de escaras.<br \/>\nProporciona estabilidad.<br \/>\nConsigue un reparto homog\u00e9neo de las presiones.<br \/>\nAyuda a mantener la postura absorbiendo impactos.<\/p>\n<div class=\"tsf-campo-acf-titulo tsf-campo-acf-titulo-caracteristicas tsf_campo-acf tsf_caracteristicas\"><strong>Caracter\u00edsticas<\/strong><\/div>\n<div><\/div>\n<div class=\"tsf-campo-acf-valores tsf-campo-acf-valores-caracteristicas tsf_campo-acf tsf_caracteristicas\">Coj\u00edn antiescara con funda exterior lavable, antideslizante y con cierta resistencia al fuego.<br \/>\nFunda con asa para facilitar su manejo.<br \/>\nEstetico, confortable, resistente y fiable.<br \/>\nNo desliza sobre el asiento.<br \/>\nSe adapta con facilidad a las sillas de ruedas del mercado.<br \/>\nEnvasado en caja con asa para facilitar su transporte y almacenamiento.<br \/>\nPerfil herradura.<br \/>\nEst\u00e1 compuesto de un sistema de aire graduable mediante una v\u00e1lvula de cierre y con una base de espuma o foam.<br \/>\nBasado en el \u00abprincipio de flotaci\u00f3n\u00bb.<br \/>\nCon funda exterior lavable, antideslizante e ign\u00edfuga M1.<br \/>\nFunda exterior con apertura sencilla tipo velcro.<br \/>\nExtremadamente ligero.<br \/>\nSistema de v\u00e1lvula para regulaci\u00f3n del aire interior: adapta el coj\u00edn seg\u00fan el peso y caracter\u00edsticas del paciente.<br \/>\nConfortabilidad personalizada para cada usuario.<br \/>\nUso recomendable hasta 100Kg<\/div>\n<div>Dimensiones 42 x 42 x 6 cm<\/div>\n<p>&nbsp;<\/p>\n","protected":false},"excerpt":{"rendered":"<p>Prevenci\u00f3n de escaras. Proporciona estabilidad. Consigue un reparto homog\u00e9neo de las presiones. Ayuda a mantener la postura absorbiendo impactos. Caracter\u00edsticas Coj\u00edn antiescara con funda exterior lavable, antideslizante y con cierta resistencia al fuego. Funda con asa para facilitar su manejo. Estetico, confortable, resistente y fiable. No desliza sobre el asiento. Se adapta con facilidad a [&hellip;]<\/p>\n","protected":false},"featured_media":1673,"comment_status":"open","ping_status":"closed","template":"","meta":{"saved_in_kubio":false},"product_brand":[],"product_cat":[66],"product_tag":[118],"class_list":{"0":"post-1672","1":"product","2":"type-product","3":"status-publish","4":"has-post-thumbnail","6":"product_cat-prevencion-de-ulceras","7":"product_tag-emo","9":"first","10":"instock","11":"shipping-taxable","12":"product-type-simple"},"_links":{"self":[{"href":"https:\/\/ortopediagot.net\/Inicio\/wp-json\/wp\/v2\/product\/1672"}],"collection":[{"href":"https:\/\/ortopediagot.net\/Inicio\/wp-json\/wp\/v2\/product"}],"about":[{"href":"https:\/\/ortopediagot.net\/Inicio\/wp-json\/wp\/v2\/types\/product"}],"replies":[{"embeddable":true,"href":"https:\/\/ortopediagot.net\/Inicio\/wp-json\/wp\/v2\/comments?post=1672"}],"wp:featuredmedia":[{"embeddable":true,"href":"https:\/\/ortopediagot.net\/Inicio\/wp-json\/wp\/v2\/media\/1673"}],"wp:attachment":[{"href":"https:\/\/ortopediagot.net\/Inicio\/wp-json\/wp\/v2\/media?parent=1672"}],"wp:term":[{"taxonomy":"product_brand","embeddable":true,"href":"https:\/\/ortopediagot.net\/Inicio\/wp-json\/wp\/v2\/product_brand?post=1672"},{"taxonomy":"product_cat","embeddable":true,"href":"https:\/\/ortopediagot.net\/Inicio\/wp-json\/wp\/v2\/product_cat?post=1672"},{"taxonomy":"product_tag","embeddable":true,"href":"https:\/\/ortopediagot.net\/Inicio\/wp-json\/wp\/v2\/product_tag?post=1672"}],"curies":[{"name":"wp","href":"https:\/\/api.w.org\/{rel}","templated":true}]}}