{"id":1783,"date":"2024-05-27T10:45:13","date_gmt":"2024-05-27T09:45:13","guid":{"rendered":"https:\/\/ortopediagot.net\/?post_type=product&#038;p=1783"},"modified":"2024-05-27T10:45:14","modified_gmt":"2024-05-27T09:45:14","slug":"m899v-bota-ortesis-alta","status":"publish","type":"product","link":"https:\/\/ortopediagot.net\/Inicio\/producto\/m899v-bota-ortesis-alta\/","title":{"rendered":"M899V BOTA ORTESIS ALTA"},"content":{"rendered":"<p>Pie equino o ca\u00eddo fl\u00e1cido.<br \/>\nInestabilidad del tobillo<br \/>\nMarcha de puntillas<br \/>\nFlexi\u00f3n plantar excesiva<br \/>\nSecuelas de par\u00e1lisis fl\u00e1cidas.<\/p>\n<div class=\"tsf-campo-acf-titulo tsf-campo-acf-titulo-caracteristicas tsf_campo-acf tsf_caracteristicas\"><strong>Caracter\u00edsticas<\/strong><\/div>\n<div><\/div>\n<div class=\"tsf-campo-acf-valores tsf-campo-acf-valores-caracteristicas tsf_campo-acf tsf_caracteristicas\">Dise\u00f1o tipo bota alta para mejor sujeci\u00f3n.<br \/>\nCalzado de gran apertura para facilitar la colocaci\u00f3n.<br \/>\nFabricado con un contrafuerte estabilizador de retropi\u00e9.<br \/>\nPiso con salida anterior y posterior para facilitar la deambulaci\u00f3n.<br \/>\nPiso de material microporoso con base de goma antideslizamiento.<\/div>\n<div><\/div>\n<div class=\"tsf-campo-acf-titulo tsf-campo-acf-titulo-pa_tallas tsf_campo-acf tsf_pa_tallas\"><b><i>Tallas<\/i><\/b><\/div>\n<div><\/div>\n<div class=\"tsf-campo-acf-valores tsf-campo-acf-valores-pa_tallas tsf_campo-acf tsf_pa_tallas\">N\u00ba20<\/div>\n<div><\/div>\n<div>\n<div class=\"tsf-campo-acf-titulo tsf-campo-acf-titulo-pa_colores tsf_campo-acf tsf_pa_colores\"><b><i>Color<\/i><\/b><\/div>\n<div><\/div>\n<div class=\"tsf-campo-acf-valores tsf-campo-acf-valores-pa_colores tsf_campo-acf tsf_pa_colores\">ARLEQUIN, AZUL, MARINO, ROSA<\/div>\n<\/div>\n","protected":false},"excerpt":{"rendered":"<p>Pie equino o ca\u00eddo fl\u00e1cido. Inestabilidad del tobillo Marcha de puntillas Flexi\u00f3n plantar excesiva Secuelas de par\u00e1lisis fl\u00e1cidas. Caracter\u00edsticas Dise\u00f1o tipo bota alta para mejor sujeci\u00f3n. Calzado de gran apertura para facilitar la colocaci\u00f3n. Fabricado con un contrafuerte estabilizador de retropi\u00e9. Piso con salida anterior y posterior para facilitar la deambulaci\u00f3n. Piso de material microporoso [&hellip;]<\/p>\n","protected":false},"featured_media":1784,"comment_status":"open","ping_status":"closed","template":"","meta":{"saved_in_kubio":false},"product_brand":[],"product_cat":[105],"product_tag":[118],"class_list":{"0":"post-1783","1":"product","2":"type-product","3":"status-publish","4":"has-post-thumbnail","6":"product_cat-calzado-infantil-ortopedico","7":"product_tag-emo","9":"first","10":"instock","11":"shipping-taxable","12":"product-type-simple"},"_links":{"self":[{"href":"https:\/\/ortopediagot.net\/Inicio\/wp-json\/wp\/v2\/product\/1783"}],"collection":[{"href":"https:\/\/ortopediagot.net\/Inicio\/wp-json\/wp\/v2\/product"}],"about":[{"href":"https:\/\/ortopediagot.net\/Inicio\/wp-json\/wp\/v2\/types\/product"}],"replies":[{"embeddable":true,"href":"https:\/\/ortopediagot.net\/Inicio\/wp-json\/wp\/v2\/comments?post=1783"}],"wp:featuredmedia":[{"embeddable":true,"href":"https:\/\/ortopediagot.net\/Inicio\/wp-json\/wp\/v2\/media\/1784"}],"wp:attachment":[{"href":"https:\/\/ortopediagot.net\/Inicio\/wp-json\/wp\/v2\/media?parent=1783"}],"wp:term":[{"taxonomy":"product_brand","embeddable":true,"href":"https:\/\/ortopediagot.net\/Inicio\/wp-json\/wp\/v2\/product_brand?post=1783"},{"taxonomy":"product_cat","embeddable":true,"href":"https:\/\/ortopediagot.net\/Inicio\/wp-json\/wp\/v2\/product_cat?post=1783"},{"taxonomy":"product_tag","embeddable":true,"href":"https:\/\/ortopediagot.net\/Inicio\/wp-json\/wp\/v2\/product_tag?post=1783"}],"curies":[{"name":"wp","href":"https:\/\/api.w.org\/{rel}","templated":true}]}}