{"id":1847,"date":"2024-05-27T12:07:18","date_gmt":"2024-05-27T11:07:18","guid":{"rendered":"https:\/\/ortopediagot.net\/?post_type=product&#038;p=1847"},"modified":"2024-05-27T12:07:18","modified_gmt":"2024-05-27T11:07:18","slug":"phi120-collarin-philadelphia-traq","status":"publish","type":"product","link":"https:\/\/ortopediagot.net\/Inicio\/producto\/phi120-collarin-philadelphia-traq\/","title":{"rendered":"PHI120 COLLAR\u00cdN PHILADELPHIA TRAQ"},"content":{"rendered":"<p>Contracturas. Cervicalgia de origen muscular o traum\u00e1tico que requiera estabilizaci\u00f3n en la fase aguda y en periodo de readaptaci\u00f3n.<br \/>\nDolores por flexi\u00f3n postural excesiva.<br \/>\nTraumatismo. Protecci\u00f3n post-operatorio.<\/p>\n<div class=\"tsf-campo-acf-titulo tsf-campo-acf-titulo-caracteristicas tsf_campo-acf tsf_caracteristicas\"><strong>Caracter\u00edsticas<\/strong><\/div>\n<div><\/div>\n<div class=\"tsf-campo-acf-valores tsf-campo-acf-valores-caracteristicas tsf_campo-acf tsf_caracteristicas\">Compuesto por dos valvas fabricadas en plastazote.<br \/>\nIncorpora dos refuerzos termopl\u00e1sticos r\u00edgidos: mentoniano y occipital para proporcionar sujeci\u00f3n.<br \/>\nOrificio glotico para revisi\u00f3n o limpieza de la c\u00e1nula traqueal en pacientes con traqueotom\u00eda.<br \/>\nApoyos superiores occipital y mentoniano. Apoyos inferiores esternal, dorsal y lateralmente sobre los hombros.<br \/>\nCierres laterales con cinchas de velcro.<br \/>\nNo es necesario retirar el collar\u00edn para la realizaci\u00f3n de radiograf\u00edas.<\/div>\n<div><\/div>\n<div class=\"tsf-campo-acf-titulo tsf-campo-acf-titulo-pa_tallas tsf_campo-acf tsf_pa_tallas\"><b><i>Tallas<\/i><\/b><\/div>\n<div><\/div>\n<div class=\"tsf-campo-acf-valores tsf-campo-acf-valores-pa_tallas tsf_campo-acf tsf_pa_tallas\">S, M, L<\/div>\n<div class=\"tsf-campo-acf-valores tsf-campo-acf-valores-tallas_medidas tsf_campo-acf tsf_pa_tallas_medidas\">PER\u00cdMETRO DEL CUELLO EN CM.<br \/>\nS (38), M (43), L (48).<\/div>\n","protected":false},"excerpt":{"rendered":"<p>Contracturas. Cervicalgia de origen muscular o traum\u00e1tico que requiera estabilizaci\u00f3n en la fase aguda y en periodo de readaptaci\u00f3n. Dolores por flexi\u00f3n postural excesiva. Traumatismo. Protecci\u00f3n post-operatorio. Caracter\u00edsticas Compuesto por dos valvas fabricadas en plastazote. Incorpora dos refuerzos termopl\u00e1sticos r\u00edgidos: mentoniano y occipital para proporcionar sujeci\u00f3n. Orificio glotico para revisi\u00f3n o limpieza de la c\u00e1nula [&hellip;]<\/p>\n","protected":false},"featured_media":1848,"comment_status":"open","ping_status":"closed","template":"","meta":{"saved_in_kubio":false},"product_brand":[],"product_cat":[92],"product_tag":[118],"class_list":{"0":"post-1847","1":"product","2":"type-product","3":"status-publish","4":"has-post-thumbnail","6":"product_cat-tronco-y-cabeza","7":"product_tag-emo","9":"first","10":"instock","11":"shipping-taxable","12":"product-type-simple"},"_links":{"self":[{"href":"https:\/\/ortopediagot.net\/Inicio\/wp-json\/wp\/v2\/product\/1847"}],"collection":[{"href":"https:\/\/ortopediagot.net\/Inicio\/wp-json\/wp\/v2\/product"}],"about":[{"href":"https:\/\/ortopediagot.net\/Inicio\/wp-json\/wp\/v2\/types\/product"}],"replies":[{"embeddable":true,"href":"https:\/\/ortopediagot.net\/Inicio\/wp-json\/wp\/v2\/comments?post=1847"}],"wp:featuredmedia":[{"embeddable":true,"href":"https:\/\/ortopediagot.net\/Inicio\/wp-json\/wp\/v2\/media\/1848"}],"wp:attachment":[{"href":"https:\/\/ortopediagot.net\/Inicio\/wp-json\/wp\/v2\/media?parent=1847"}],"wp:term":[{"taxonomy":"product_brand","embeddable":true,"href":"https:\/\/ortopediagot.net\/Inicio\/wp-json\/wp\/v2\/product_brand?post=1847"},{"taxonomy":"product_cat","embeddable":true,"href":"https:\/\/ortopediagot.net\/Inicio\/wp-json\/wp\/v2\/product_cat?post=1847"},{"taxonomy":"product_tag","embeddable":true,"href":"https:\/\/ortopediagot.net\/Inicio\/wp-json\/wp\/v2\/product_tag?post=1847"}],"curies":[{"name":"wp","href":"https:\/\/api.w.org\/{rel}","templated":true}]}}