{"id":1888,"date":"2024-05-27T13:15:42","date_gmt":"2024-05-27T12:15:42","guid":{"rendered":"https:\/\/ortopediagot.net\/?post_type=product&#038;p=1888"},"modified":"2024-05-27T13:15:43","modified_gmt":"2024-05-27T12:15:43","slug":"cls551-corse-knight-de-polietileno","status":"publish","type":"product","link":"https:\/\/ortopediagot.net\/Inicio\/producto\/cls551-corse-knight-de-polietileno\/","title":{"rendered":"CLS551 CORSE KNIGHT DE POLIETILENO"},"content":{"rendered":"<p>Lumbalgias<br \/>\nEspondilolistesis<br \/>\nDegeneraciones discales<br \/>\nFracturas de cuerpos vertebrales<br \/>\nEspondiloartrosis<br \/>\nOsteoporosis<br \/>\nPostquirurgico, tras cirug\u00eda artrodesante.<\/p>\n<div class=\"tsf-campo-acf-titulo tsf-campo-acf-titulo-caracteristicas tsf_campo-acf tsf_caracteristicas\"><strong>Caracter\u00edsticas<\/strong><\/div>\n<div class=\"tsf-campo-acf-valores tsf-campo-acf-valores-caracteristicas tsf_campo-acf tsf_caracteristicas\">\nEstructura r\u00edgida en termopl\u00e1stico para una perfecta adaptaci\u00f3n al paciente.<br \/>\nSoporte abdominal textil con ajuste a nivel de cadera y de cintura<br \/>\nCierre y ajuste mediante velcro<\/div>\n<div class=\"tsf-campo-acf-titulo tsf-campo-acf-titulo-pa_colores tsf_campo-acf tsf_pa_colores\"><i class=\"material-icons\">color_lens<\/i>Colores<\/div>\n<div class=\"tsf-campo-acf-valores tsf-campo-acf-valores-pa_colores tsf_campo-acf tsf_pa_colores\">BEIGE, NEGRO<\/div>\n<div class=\"tsf-campo-acf-titulo tsf-campo-acf-titulo-pa_tallas tsf_campo-acf tsf_pa_tallas\"><\/div>\n<div><strong>Tallas<\/strong><\/div>\n<div><\/div>\n<div class=\"tsf-campo-acf-valores tsf-campo-acf-valores-pa_tallas tsf_campo-acf tsf_pa_tallas\">XS, S, M, L, XL<\/div>\n<div class=\"tsf-campo-acf-valores tsf-campo-acf-valores-tallas_medidas tsf_campo-acf tsf_pa_tallas_medidas\">PER\u00cdMETRO DE TROC\u00c1NTERES EN CM.<br \/>\nS (85-95), M (95-105), L (105-115), XL (115-125).<\/div>\n<div class=\"tsf-campo-acf-titulo tsf-campo-acf-titulo-altura tsf_campo-acf tsf_altura\"><\/div>\n<div><strong>Alturas<\/strong><\/div>\n<div><\/div>\n<div class=\"tsf-campo-acf-valores tsf-campo-acf-valores-altura tsf_campo-acf tsf_altura\">TRASERA: TALLA S: 34 CM., M: 37 CM., L: 40 CM. DELANTERA: 19 CM.<\/div>\n","protected":false},"excerpt":{"rendered":"<p>Lumbalgias Espondilolistesis Degeneraciones discales Fracturas de cuerpos vertebrales Espondiloartrosis Osteoporosis Postquirurgico, tras cirug\u00eda artrodesante. Caracter\u00edsticas Estructura r\u00edgida en termopl\u00e1stico para una perfecta adaptaci\u00f3n al paciente. Soporte abdominal textil con ajuste a nivel de cadera y de cintura Cierre y ajuste mediante velcro color_lensColores BEIGE, NEGRO Tallas XS, S, M, L, XL PER\u00cdMETRO DE TROC\u00c1NTERES EN [&hellip;]<\/p>\n","protected":false},"featured_media":1889,"comment_status":"open","ping_status":"closed","template":"","meta":{"saved_in_kubio":false},"product_brand":[],"product_cat":[92],"product_tag":[118],"class_list":{"0":"post-1888","1":"product","2":"type-product","3":"status-publish","4":"has-post-thumbnail","6":"product_cat-tronco-y-cabeza","7":"product_tag-emo","9":"first","10":"instock","11":"shipping-taxable","12":"product-type-simple"},"_links":{"self":[{"href":"https:\/\/ortopediagot.net\/Inicio\/wp-json\/wp\/v2\/product\/1888"}],"collection":[{"href":"https:\/\/ortopediagot.net\/Inicio\/wp-json\/wp\/v2\/product"}],"about":[{"href":"https:\/\/ortopediagot.net\/Inicio\/wp-json\/wp\/v2\/types\/product"}],"replies":[{"embeddable":true,"href":"https:\/\/ortopediagot.net\/Inicio\/wp-json\/wp\/v2\/comments?post=1888"}],"wp:featuredmedia":[{"embeddable":true,"href":"https:\/\/ortopediagot.net\/Inicio\/wp-json\/wp\/v2\/media\/1889"}],"wp:attachment":[{"href":"https:\/\/ortopediagot.net\/Inicio\/wp-json\/wp\/v2\/media?parent=1888"}],"wp:term":[{"taxonomy":"product_brand","embeddable":true,"href":"https:\/\/ortopediagot.net\/Inicio\/wp-json\/wp\/v2\/product_brand?post=1888"},{"taxonomy":"product_cat","embeddable":true,"href":"https:\/\/ortopediagot.net\/Inicio\/wp-json\/wp\/v2\/product_cat?post=1888"},{"taxonomy":"product_tag","embeddable":true,"href":"https:\/\/ortopediagot.net\/Inicio\/wp-json\/wp\/v2\/product_tag?post=1888"}],"curies":[{"name":"wp","href":"https:\/\/api.w.org\/{rel}","templated":true}]}}