{"id":1895,"date":"2024-05-27T13:28:49","date_gmt":"2024-05-27T12:28:49","guid":{"rendered":"https:\/\/ortopediagot.net\/?post_type=product&#038;p=1895"},"modified":"2024-05-27T13:28:50","modified_gmt":"2024-05-27T12:28:50","slug":"cls901-osteobrace-corse-lumbosacro","status":"publish","type":"product","link":"https:\/\/ortopediagot.net\/Inicio\/producto\/cls901-osteobrace-corse-lumbosacro\/","title":{"rendered":"CLS901 OSTEOBRACE CORS\u00c9 LUMBOSACRO"},"content":{"rendered":"<p>Lumbalgia y dorsalgia. Estenosis de canal. Espondilolisis. Espondiloartritis. Osteoporosis. Discopat\u00edas degenerativas. Procesos degenerativos<br \/>\nHipoton\u00eda muscular. Fractra osteopor\u00f3tica<br \/>\nRehabilitaci\u00f3n postural. Post-operatoria<\/p>\n<div class=\"tsf-campo-acf-titulo tsf-campo-acf-titulo-caracteristicas tsf_campo-acf tsf_caracteristicas\"><strong>Caracter\u00edsticas<\/strong><\/div>\n<div><\/div>\n<div class=\"tsf-campo-acf-valores tsf-campo-acf-valores-caracteristicas tsf_campo-acf tsf_caracteristicas\">Cors\u00e9 r\u00edgido bivalvo sacro-lumbar. Placas de termopl\u00e1stico conformadas lumbosacra y abdominal. Aceros conformables laterales.<br \/>\nDos pares de tiradores inel\u00e1sticos de regulaci\u00f3n: a nivel de cadera y de cintura. Multiplicaci\u00f3n de la fuerza de tracci\u00f3n: sistema de tracci\u00f3n el\u00e1stica desde la placa abdominal.<br \/>\nCorrugados laterales.<br \/>\nForro interior de tejido almohadillado y transpirable.<br \/>\nDelantera: talla S, M y L: 24 cm., XL y XXL: 27 cm. 3Xl: 29 cm.<\/div>\n<div class=\"tsf-campo-acf-titulo tsf-campo-acf-titulo-pa_tallas tsf_campo-acf tsf_pa_tallas\"><\/div>\n<div><strong>Tallas<\/strong><\/div>\n<div><\/div>\n<div class=\"tsf-campo-acf-valores tsf-campo-acf-valores-pa_tallas tsf_campo-acf tsf_pa_tallas\">S, M, L, XL, 2XL, 3XL<\/div>\n<div class=\"tsf-campo-acf-valores tsf-campo-acf-valores-tallas_medidas tsf_campo-acf tsf_pa_tallas_medidas\">CONTORNO DE TROC\u00c1NTERES.<br \/>\nS (65-70 CM), M (70-80 CM), L (80-90 CM), XL (90-100 CM), XXL (100-110 CM), 3XL (110-120 CM).<\/div>\n<div class=\"tsf-campo-acf-titulo tsf-campo-acf-titulo-altura tsf_campo-acf tsf_altura\"><\/div>\n<div><strong>Altura<\/strong><\/div>\n<div><\/div>\n<div class=\"tsf-campo-acf-valores tsf-campo-acf-valores-altura tsf_campo-acf tsf_altura\">TRASERA: 40 CM.<\/div>\n","protected":false},"excerpt":{"rendered":"<p>Lumbalgia y dorsalgia. Estenosis de canal. Espondilolisis. Espondiloartritis. Osteoporosis. Discopat\u00edas degenerativas. Procesos degenerativos Hipoton\u00eda muscular. Fractra osteopor\u00f3tica Rehabilitaci\u00f3n postural. Post-operatoria Caracter\u00edsticas Cors\u00e9 r\u00edgido bivalvo sacro-lumbar. Placas de termopl\u00e1stico conformadas lumbosacra y abdominal. Aceros conformables laterales. Dos pares de tiradores inel\u00e1sticos de regulaci\u00f3n: a nivel de cadera y de cintura. Multiplicaci\u00f3n de la fuerza de tracci\u00f3n: [&hellip;]<\/p>\n","protected":false},"featured_media":1896,"comment_status":"open","ping_status":"closed","template":"","meta":{"saved_in_kubio":false},"product_brand":[],"product_cat":[92],"product_tag":[118],"class_list":{"0":"post-1895","1":"product","2":"type-product","3":"status-publish","4":"has-post-thumbnail","6":"product_cat-tronco-y-cabeza","7":"product_tag-emo","9":"first","10":"instock","11":"shipping-taxable","12":"product-type-simple"},"_links":{"self":[{"href":"https:\/\/ortopediagot.net\/Inicio\/wp-json\/wp\/v2\/product\/1895"}],"collection":[{"href":"https:\/\/ortopediagot.net\/Inicio\/wp-json\/wp\/v2\/product"}],"about":[{"href":"https:\/\/ortopediagot.net\/Inicio\/wp-json\/wp\/v2\/types\/product"}],"replies":[{"embeddable":true,"href":"https:\/\/ortopediagot.net\/Inicio\/wp-json\/wp\/v2\/comments?post=1895"}],"wp:featuredmedia":[{"embeddable":true,"href":"https:\/\/ortopediagot.net\/Inicio\/wp-json\/wp\/v2\/media\/1896"}],"wp:attachment":[{"href":"https:\/\/ortopediagot.net\/Inicio\/wp-json\/wp\/v2\/media?parent=1895"}],"wp:term":[{"taxonomy":"product_brand","embeddable":true,"href":"https:\/\/ortopediagot.net\/Inicio\/wp-json\/wp\/v2\/product_brand?post=1895"},{"taxonomy":"product_cat","embeddable":true,"href":"https:\/\/ortopediagot.net\/Inicio\/wp-json\/wp\/v2\/product_cat?post=1895"},{"taxonomy":"product_tag","embeddable":true,"href":"https:\/\/ortopediagot.net\/Inicio\/wp-json\/wp\/v2\/product_tag?post=1895"}],"curies":[{"name":"wp","href":"https:\/\/api.w.org\/{rel}","templated":true}]}}