{"id":1898,"date":"2024-05-27T13:32:00","date_gmt":"2024-05-27T12:32:00","guid":{"rendered":"https:\/\/ortopediagot.net\/?post_type=product&#038;p=1898"},"modified":"2024-05-27T13:32:01","modified_gmt":"2024-05-27T12:32:01","slug":"dls230-soporte-dorsal","status":"publish","type":"product","link":"https:\/\/ortopediagot.net\/Inicio\/producto\/dls230-soporte-dorsal\/","title":{"rendered":"DLS230 SOPORTE DORSAL"},"content":{"rendered":"<p>Junto con una ortesis sacrolumbar Lumback:<br \/>\nDorsalgia<br \/>\nS\u00edndrome facetario<br \/>\nEspondiloartritis<br \/>\nOsteoporosis<br \/>\nDiscopat\u00edas degenerativas<br \/>\nProcesos degenerativos<br \/>\nHipoton\u00eda muscular<br \/>\nRehabilitaci\u00f3n postural<\/p>\n<div class=\"tsf-campo-acf-titulo tsf-campo-acf-titulo-caracteristicas tsf_campo-acf tsf_caracteristicas\"><strong>Caracter\u00edsticas<\/strong><\/div>\n<div><\/div>\n<div class=\"tsf-campo-acf-valores tsf-campo-acf-valores-caracteristicas tsf_campo-acf tsf_caracteristicas\">Soporte dorsal dise\u00f1ado para poder incorporarlo en una ortesis lumbosacra Lumback (FJ201, FJ203, FJ204, LS301, LS302, CLS310 y CLS320) transform\u00e1ndola en una ortesis dorsolumbar.<br \/>\nAdaptable a cualquier talla de la ortesis lumbosacra Lumback.<br \/>\nIncorpora dos palas de acero conformables y removibles.<br \/>\nLos tirantes escapulo-axilares almohadillados se ajustan mediante microvelcro o mediante hebillas de cierre f\u00e1cil y rotacional.<\/div>\n<div class=\"tsf-campo-acf-valores tsf-campo-acf-valores-pa_colores tsf_campo-acf tsf_pa_colores\"><\/div>\n<div class=\"tsf-campo-acf-titulo tsf-campo-acf-titulo-pa_tallas tsf_campo-acf tsf_pa_tallas\"><b><i>Tallas<\/i><\/b><\/div>\n<div><\/div>\n<div class=\"tsf-campo-acf-valores tsf-campo-acf-valores-pa_tallas tsf_campo-acf tsf_pa_tallas\">UNICA<\/div>\n<div><\/div>\n<div class=\"tsf-campo-acf-titulo tsf-campo-acf-titulo-altura tsf_campo-acf tsf_altura\"><b><i>Altura<\/i><\/b><\/div>\n<div><\/div>\n<div class=\"tsf-campo-acf-valores tsf-campo-acf-valores-altura tsf_campo-acf tsf_altura\">50 CM.<\/div>\n<div><\/div>\n<div>\n<div class=\"tsf-campo-acf-titulo tsf-campo-acf-titulo-pa_colores tsf_campo-acf tsf_pa_colores\"><b><i>Color<\/i><\/b><\/div>\n<div><\/div>\n<div class=\"tsf-campo-acf-valores tsf-campo-acf-valores-pa_colores tsf_campo-acf tsf_pa_colores\">BEIGE, GRIS<\/div>\n<\/div>\n","protected":false},"excerpt":{"rendered":"<p>Junto con una ortesis sacrolumbar Lumback: Dorsalgia S\u00edndrome facetario Espondiloartritis Osteoporosis Discopat\u00edas degenerativas Procesos degenerativos Hipoton\u00eda muscular Rehabilitaci\u00f3n postural Caracter\u00edsticas Soporte dorsal dise\u00f1ado para poder incorporarlo en una ortesis lumbosacra Lumback (FJ201, FJ203, FJ204, LS301, LS302, CLS310 y CLS320) transform\u00e1ndola en una ortesis dorsolumbar. Adaptable a cualquier talla de la ortesis lumbosacra Lumback. Incorpora dos [&hellip;]<\/p>\n","protected":false},"featured_media":1899,"comment_status":"open","ping_status":"closed","template":"","meta":{"saved_in_kubio":false},"product_brand":[],"product_cat":[92],"product_tag":[118],"class_list":{"0":"post-1898","1":"product","2":"type-product","3":"status-publish","4":"has-post-thumbnail","6":"product_cat-tronco-y-cabeza","7":"product_tag-emo","9":"first","10":"instock","11":"shipping-taxable","12":"product-type-simple"},"_links":{"self":[{"href":"https:\/\/ortopediagot.net\/Inicio\/wp-json\/wp\/v2\/product\/1898"}],"collection":[{"href":"https:\/\/ortopediagot.net\/Inicio\/wp-json\/wp\/v2\/product"}],"about":[{"href":"https:\/\/ortopediagot.net\/Inicio\/wp-json\/wp\/v2\/types\/product"}],"replies":[{"embeddable":true,"href":"https:\/\/ortopediagot.net\/Inicio\/wp-json\/wp\/v2\/comments?post=1898"}],"wp:featuredmedia":[{"embeddable":true,"href":"https:\/\/ortopediagot.net\/Inicio\/wp-json\/wp\/v2\/media\/1899"}],"wp:attachment":[{"href":"https:\/\/ortopediagot.net\/Inicio\/wp-json\/wp\/v2\/media?parent=1898"}],"wp:term":[{"taxonomy":"product_brand","embeddable":true,"href":"https:\/\/ortopediagot.net\/Inicio\/wp-json\/wp\/v2\/product_brand?post=1898"},{"taxonomy":"product_cat","embeddable":true,"href":"https:\/\/ortopediagot.net\/Inicio\/wp-json\/wp\/v2\/product_cat?post=1898"},{"taxonomy":"product_tag","embeddable":true,"href":"https:\/\/ortopediagot.net\/Inicio\/wp-json\/wp\/v2\/product_tag?post=1898"}],"curies":[{"name":"wp","href":"https:\/\/api.w.org\/{rel}","templated":true}]}}