{"id":1919,"date":"2024-05-27T13:48:42","date_gmt":"2024-05-27T12:48:42","guid":{"rendered":"https:\/\/ortopediagot.net\/?post_type=product&#038;p=1919"},"modified":"2024-05-27T13:48:43","modified_gmt":"2024-05-27T12:48:43","slug":"fj151-ortesis-lumbosacra-ajustable-laboral","status":"publish","type":"product","link":"https:\/\/ortopediagot.net\/Inicio\/producto\/fj151-ortesis-lumbosacra-ajustable-laboral\/","title":{"rendered":"FJ151 ORTESIS LUMBOSACRA AJUSTABLE LABORAL"},"content":{"rendered":"<p>Lumbalgia. Traumatismos leves. Hipoton\u00eda muscular.<br \/>\nProtege actividades que obligan a una sobrecarga continua de la zona lumbosacra y de posibles lesiones.<\/p>\n<div class=\"tsf-campo-acf-titulo tsf-campo-acf-titulo-caracteristicas tsf_campo-acf tsf_caracteristicas\"><strong>Caracter\u00edsticas<\/strong><\/div>\n<div><\/div>\n<div class=\"tsf-campo-acf-valores tsf-campo-acf-valores-caracteristicas tsf_campo-acf tsf_caracteristicas\">Extremadamente transpirable: c\u00f3moda utilizaci\u00f3n durante largos per\u00edodos. Bandas el\u00e1sticas laterales para mayor descarga sacrolumbar<br \/>\nContiene cuatro varillas flexibles en su parte posterior.<br \/>\nAmplio cierre de velcro que facilita su adaptaci\u00f3n.<br \/>\nIncorpora unos tirantes que ayudan a sujetar la faja sobre los hombros cuando el paciente no necesita llevarla ajustada.<br \/>\nF\u00e1cil limpieza.<\/div>\n<div class=\"tsf-campo-acf-titulo tsf-campo-acf-titulo-pa_tallas tsf_campo-acf tsf_pa_tallas\"><\/div>\n<div><strong>Tallas<\/strong><\/div>\n<div><\/div>\n<div class=\"tsf-campo-acf-valores tsf-campo-acf-valores-pa_tallas tsf_campo-acf tsf_pa_tallas\">S, M, L, XL<\/div>\n<div class=\"tsf-campo-acf-valores tsf-campo-acf-valores-tallas_medidas tsf_campo-acf tsf_pa_tallas_medidas\">CONTORNO DE TROC\u00c1NTERES EN CM.<br \/>\nS (75-85 CM) , M (85-95 CM) , L (95-107 CM) , XL (107-120 CM).<\/div>\n<div class=\"tsf-campo-acf-titulo tsf-campo-acf-titulo-altura tsf_campo-acf tsf_altura\"><\/div>\n<div><strong>Altura<\/strong><\/div>\n<div><\/div>\n<div class=\"tsf-campo-acf-valores tsf-campo-acf-valores-altura tsf_campo-acf tsf_altura\">ALTURA DELANTERA: 14 CM. ALTURA TRASERA: 24 CM.<\/div>\n","protected":false},"excerpt":{"rendered":"<p>Lumbalgia. Traumatismos leves. Hipoton\u00eda muscular. Protege actividades que obligan a una sobrecarga continua de la zona lumbosacra y de posibles lesiones. Caracter\u00edsticas Extremadamente transpirable: c\u00f3moda utilizaci\u00f3n durante largos per\u00edodos. Bandas el\u00e1sticas laterales para mayor descarga sacrolumbar Contiene cuatro varillas flexibles en su parte posterior. Amplio cierre de velcro que facilita su adaptaci\u00f3n. Incorpora unos tirantes [&hellip;]<\/p>\n","protected":false},"featured_media":1920,"comment_status":"open","ping_status":"closed","template":"","meta":{"saved_in_kubio":false},"product_brand":[],"product_cat":[92],"product_tag":[118],"class_list":{"0":"post-1919","1":"product","2":"type-product","3":"status-publish","4":"has-post-thumbnail","6":"product_cat-tronco-y-cabeza","7":"product_tag-emo","9":"first","10":"instock","11":"shipping-taxable","12":"product-type-simple"},"_links":{"self":[{"href":"https:\/\/ortopediagot.net\/Inicio\/wp-json\/wp\/v2\/product\/1919"}],"collection":[{"href":"https:\/\/ortopediagot.net\/Inicio\/wp-json\/wp\/v2\/product"}],"about":[{"href":"https:\/\/ortopediagot.net\/Inicio\/wp-json\/wp\/v2\/types\/product"}],"replies":[{"embeddable":true,"href":"https:\/\/ortopediagot.net\/Inicio\/wp-json\/wp\/v2\/comments?post=1919"}],"wp:featuredmedia":[{"embeddable":true,"href":"https:\/\/ortopediagot.net\/Inicio\/wp-json\/wp\/v2\/media\/1920"}],"wp:attachment":[{"href":"https:\/\/ortopediagot.net\/Inicio\/wp-json\/wp\/v2\/media?parent=1919"}],"wp:term":[{"taxonomy":"product_brand","embeddable":true,"href":"https:\/\/ortopediagot.net\/Inicio\/wp-json\/wp\/v2\/product_brand?post=1919"},{"taxonomy":"product_cat","embeddable":true,"href":"https:\/\/ortopediagot.net\/Inicio\/wp-json\/wp\/v2\/product_cat?post=1919"},{"taxonomy":"product_tag","embeddable":true,"href":"https:\/\/ortopediagot.net\/Inicio\/wp-json\/wp\/v2\/product_tag?post=1919"}],"curies":[{"name":"wp","href":"https:\/\/api.w.org\/{rel}","templated":true}]}}