{"id":1943,"date":"2024-05-27T16:12:04","date_gmt":"2024-05-27T15:12:04","guid":{"rendered":"https:\/\/ortopediagot.net\/?post_type=product&#038;p=1943"},"modified":"2024-05-27T16:12:04","modified_gmt":"2024-05-27T15:12:04","slug":"fj207-banda-abdominal-transpirable","status":"publish","type":"product","link":"https:\/\/ortopediagot.net\/Inicio\/producto\/fj207-banda-abdominal-transpirable\/","title":{"rendered":"FJ207 BANDA ABDOMINAL TRANSPIRABLE"},"content":{"rendered":"<p>Peque\u00f1as y medianas eventraciones<br \/>\nHernias<br \/>\nHipoton\u00eda muscular<br \/>\nPost-quir\u00fargica<br \/>\nPost-parto<br \/>\nRehabilitaci\u00f3n postural<\/p>\n<div class=\"tsf-campo-acf-titulo tsf-campo-acf-titulo-caracteristicas tsf_campo-acf tsf_caracteristicas\"><strong>Caracter\u00edsticas<\/strong><\/div>\n<div><\/div>\n<div class=\"tsf-campo-acf-valores tsf-campo-acf-valores-caracteristicas tsf_campo-acf tsf_caracteristicas\">Banda el\u00e1stica fabricada con tejido transpirable.<br \/>\nL\u00e1tex free: hipoalerg\u00e9nica.<br \/>\nLigera: m\u00ednima masa laminar.<br \/>\nPerfecta adaptaci\u00f3n: su dise\u00f1o se ajusta al contorno de cintura y abdominal.<br \/>\nAmplia zona de cierre y ajuste mediante velcro.<\/div>\n<div class=\"tsf-campo-acf-titulo tsf-campo-acf-titulo-pa_tallas tsf_campo-acf tsf_pa_tallas\"><\/div>\n<div><strong>Tallas<\/strong><\/div>\n<div><\/div>\n<div class=\"tsf-campo-acf-valores tsf-campo-acf-valores-pa_tallas tsf_campo-acf tsf_pa_tallas\">S, M, L, XL, 2XL<\/div>\n<div class=\"tsf-campo-acf-valores tsf-campo-acf-valores-tallas_medidas tsf_campo-acf tsf_pa_tallas_medidas\">CONTORNO DE CINTURA<br \/>\nS (75-85 CM) , M (85-95 CM) , L (95-105 CM) , XL (105-115 CM) , XXL (115-130 CM).<\/div>\n<div class=\"tsf-campo-acf-titulo tsf-campo-acf-titulo-altura tsf_campo-acf tsf_altura\"><\/div>\n<div><strong>Altura<\/strong><\/div>\n<div><\/div>\n<div class=\"tsf-campo-acf-valores tsf-campo-acf-valores-altura tsf_campo-acf tsf_altura\">25 CM.<\/div>\n<div><\/div>\n<div><\/div>\n","protected":false},"excerpt":{"rendered":"<p>Peque\u00f1as y medianas eventraciones Hernias Hipoton\u00eda muscular Post-quir\u00fargica Post-parto Rehabilitaci\u00f3n postural Caracter\u00edsticas Banda el\u00e1stica fabricada con tejido transpirable. L\u00e1tex free: hipoalerg\u00e9nica. Ligera: m\u00ednima masa laminar. Perfecta adaptaci\u00f3n: su dise\u00f1o se ajusta al contorno de cintura y abdominal. Amplia zona de cierre y ajuste mediante velcro. Tallas S, M, L, XL, 2XL CONTORNO DE CINTURA S [&hellip;]<\/p>\n","protected":false},"featured_media":1944,"comment_status":"open","ping_status":"closed","template":"","meta":{"saved_in_kubio":false},"product_brand":[],"product_cat":[92],"product_tag":[118],"class_list":{"0":"post-1943","1":"product","2":"type-product","3":"status-publish","4":"has-post-thumbnail","6":"product_cat-tronco-y-cabeza","7":"product_tag-emo","9":"first","10":"instock","11":"shipping-taxable","12":"product-type-simple"},"_links":{"self":[{"href":"https:\/\/ortopediagot.net\/Inicio\/wp-json\/wp\/v2\/product\/1943"}],"collection":[{"href":"https:\/\/ortopediagot.net\/Inicio\/wp-json\/wp\/v2\/product"}],"about":[{"href":"https:\/\/ortopediagot.net\/Inicio\/wp-json\/wp\/v2\/types\/product"}],"replies":[{"embeddable":true,"href":"https:\/\/ortopediagot.net\/Inicio\/wp-json\/wp\/v2\/comments?post=1943"}],"wp:featuredmedia":[{"embeddable":true,"href":"https:\/\/ortopediagot.net\/Inicio\/wp-json\/wp\/v2\/media\/1944"}],"wp:attachment":[{"href":"https:\/\/ortopediagot.net\/Inicio\/wp-json\/wp\/v2\/media?parent=1943"}],"wp:term":[{"taxonomy":"product_brand","embeddable":true,"href":"https:\/\/ortopediagot.net\/Inicio\/wp-json\/wp\/v2\/product_brand?post=1943"},{"taxonomy":"product_cat","embeddable":true,"href":"https:\/\/ortopediagot.net\/Inicio\/wp-json\/wp\/v2\/product_cat?post=1943"},{"taxonomy":"product_tag","embeddable":true,"href":"https:\/\/ortopediagot.net\/Inicio\/wp-json\/wp\/v2\/product_tag?post=1943"}],"curies":[{"name":"wp","href":"https:\/\/api.w.org\/{rel}","templated":true}]}}