{"id":1996,"date":"2024-05-27T17:01:10","date_gmt":"2024-05-27T16:01:10","guid":{"rendered":"https:\/\/ortopediagot.net\/?post_type=product&#038;p=1996"},"modified":"2024-06-04T09:59:00","modified_gmt":"2024-06-04T08:59:00","slug":"ppk717-kit-apoyo-pectoral-para-corses-tlso","status":"publish","type":"product","link":"https:\/\/ortopediagot.net\/Inicio\/producto\/ppk717-kit-apoyo-pectoral-para-corses-tlso\/","title":{"rendered":"PPK717 KIT APOYO PECTORAL PARA CORSES TLSO"},"content":{"rendered":"<div class=\"tsf-campo-acf-titulo tsf-campo-acf-titulo-caracteristicas tsf_campo-acf tsf_caracteristicas\"><strong>Caracter\u00edsticas<\/strong><\/div>\n<div><\/div>\n<div class=\"tsf-campo-acf-valores tsf-campo-acf-valores-caracteristicas tsf_campo-acf tsf_caracteristicas\">Juego de apoyo pectoral tor\u00e1cico para la adaptaci\u00f3n en ortesis confeccionadas a medida.<br \/>\nHerraje en aluminio con perforaciones para posibilitar la regulaci\u00f3n.<br \/>\nDoble apoyo subclavicular almohadillado, circular y adaptable.<br \/>\nTirantes con hebillas giratorias orientables.<br \/>\nFijaci\u00f3n por torniller\u00eda de nylon de apriete r\u00e1pido.<\/div>\n","protected":false},"excerpt":{"rendered":"<p>Caracter\u00edsticas Juego de apoyo pectoral tor\u00e1cico para la adaptaci\u00f3n en ortesis confeccionadas a medida. Herraje en aluminio con perforaciones para posibilitar la regulaci\u00f3n. Doble apoyo subclavicular almohadillado, circular y adaptable. Tirantes con hebillas giratorias orientables. Fijaci\u00f3n por torniller\u00eda de nylon de apriete r\u00e1pido.<\/p>\n","protected":false},"featured_media":1997,"comment_status":"open","ping_status":"closed","template":"","meta":{"saved_in_kubio":false},"product_brand":[],"product_cat":[120],"product_tag":[118],"class_list":{"0":"post-1996","1":"product","2":"type-product","3":"status-publish","4":"has-post-thumbnail","6":"product_cat-repuestos","7":"product_tag-emo","9":"first","10":"instock","11":"shipping-taxable","12":"product-type-simple"},"_links":{"self":[{"href":"https:\/\/ortopediagot.net\/Inicio\/wp-json\/wp\/v2\/product\/1996"}],"collection":[{"href":"https:\/\/ortopediagot.net\/Inicio\/wp-json\/wp\/v2\/product"}],"about":[{"href":"https:\/\/ortopediagot.net\/Inicio\/wp-json\/wp\/v2\/types\/product"}],"replies":[{"embeddable":true,"href":"https:\/\/ortopediagot.net\/Inicio\/wp-json\/wp\/v2\/comments?post=1996"}],"wp:featuredmedia":[{"embeddable":true,"href":"https:\/\/ortopediagot.net\/Inicio\/wp-json\/wp\/v2\/media\/1997"}],"wp:attachment":[{"href":"https:\/\/ortopediagot.net\/Inicio\/wp-json\/wp\/v2\/media?parent=1996"}],"wp:term":[{"taxonomy":"product_brand","embeddable":true,"href":"https:\/\/ortopediagot.net\/Inicio\/wp-json\/wp\/v2\/product_brand?post=1996"},{"taxonomy":"product_cat","embeddable":true,"href":"https:\/\/ortopediagot.net\/Inicio\/wp-json\/wp\/v2\/product_cat?post=1996"},{"taxonomy":"product_tag","embeddable":true,"href":"https:\/\/ortopediagot.net\/Inicio\/wp-json\/wp\/v2\/product_tag?post=1996"}],"curies":[{"name":"wp","href":"https:\/\/api.w.org\/{rel}","templated":true}]}}