{"id":2052,"date":"2024-05-27T18:13:17","date_gmt":"2024-05-27T17:13:17","guid":{"rendered":"https:\/\/ortopediagot.net\/?post_type=product&#038;p=2052"},"modified":"2024-05-27T18:13:18","modified_gmt":"2024-05-27T17:13:18","slug":"if040-ferula-inmovilizadora-ifd-rana-federica","status":"publish","type":"product","link":"https:\/\/ortopediagot.net\/Inicio\/producto\/if040-ferula-inmovilizadora-ifd-rana-federica\/","title":{"rendered":"IF040 F\u00c9RULA INMOVILIZADORA IFD RANA FEDERICA"},"content":{"rendered":"<p>Peque\u00f1os traumatismos que requieran inmovilizaci\u00f3n anti\u00e1lgica<br \/>\nLesi\u00f3n o arrancamiento del extensor de los dedos, \u0093dedo en martillo\u0094.<br \/>\nCasos en los que se indica inmovilizar la articulaci\u00f3n interfal\u00e1ngica distal<br \/>\nProtecci\u00f3n tras reparaci\u00f3n quir\u00fargica.<\/p>\n<div class=\"tsf-campo-acf-titulo tsf-campo-acf-titulo-caracteristicas tsf_campo-acf tsf_caracteristicas\"><strong>Caracter\u00edsticas<\/strong><\/div>\n<div><\/div>\n<div class=\"tsf-campo-acf-valores tsf-campo-acf-valores-caracteristicas tsf_campo-acf tsf_caracteristicas\">Fabricada con aluminio maleable<br \/>\nInterior forrado con almohadillado<br \/>\nF\u00e1cil conformaci\u00f3n y adaptaci\u00f3n a la posici\u00f3n indicada<br \/>\nSencillo ajuste mediante sus aletas laterales<br \/>\nBilateral<\/div>\n<div><\/div>\n<div class=\"tsf-campo-acf-titulo tsf-campo-acf-titulo-pa_tallas tsf_campo-acf tsf_pa_tallas\"><b><i>Tallas<\/i><\/b><\/div>\n<div><\/div>\n<div class=\"tsf-campo-acf-valores tsf-campo-acf-valores-pa_tallas tsf_campo-acf tsf_pa_tallas\">S, M, L<\/div>\n<div class=\"tsf-campo-acf-valores tsf-campo-acf-valores-tallas_medidas tsf_campo-acf tsf_pa_tallas_medidas\">LONGITUD MAXIMA DEL DEDO EN CM.<br \/>\nS(6.3), M(7.1), L(7.7)<\/div>\n","protected":false},"excerpt":{"rendered":"<p>Peque\u00f1os traumatismos que requieran inmovilizaci\u00f3n anti\u00e1lgica Lesi\u00f3n o arrancamiento del extensor de los dedos, \u0093dedo en martillo\u0094. Casos en los que se indica inmovilizar la articulaci\u00f3n interfal\u00e1ngica distal Protecci\u00f3n tras reparaci\u00f3n quir\u00fargica. Caracter\u00edsticas Fabricada con aluminio maleable Interior forrado con almohadillado F\u00e1cil conformaci\u00f3n y adaptaci\u00f3n a la posici\u00f3n indicada Sencillo ajuste mediante sus aletas laterales [&hellip;]<\/p>\n","protected":false},"featured_media":2053,"comment_status":"open","ping_status":"closed","template":"","meta":{"saved_in_kubio":false},"product_brand":[],"product_cat":[94],"product_tag":[118],"class_list":{"0":"post-2052","1":"product","2":"type-product","3":"status-publish","4":"has-post-thumbnail","6":"product_cat-miembro-superior","7":"product_tag-emo","9":"first","10":"instock","11":"shipping-taxable","12":"product-type-simple"},"_links":{"self":[{"href":"https:\/\/ortopediagot.net\/Inicio\/wp-json\/wp\/v2\/product\/2052"}],"collection":[{"href":"https:\/\/ortopediagot.net\/Inicio\/wp-json\/wp\/v2\/product"}],"about":[{"href":"https:\/\/ortopediagot.net\/Inicio\/wp-json\/wp\/v2\/types\/product"}],"replies":[{"embeddable":true,"href":"https:\/\/ortopediagot.net\/Inicio\/wp-json\/wp\/v2\/comments?post=2052"}],"wp:featuredmedia":[{"embeddable":true,"href":"https:\/\/ortopediagot.net\/Inicio\/wp-json\/wp\/v2\/media\/2053"}],"wp:attachment":[{"href":"https:\/\/ortopediagot.net\/Inicio\/wp-json\/wp\/v2\/media?parent=2052"}],"wp:term":[{"taxonomy":"product_brand","embeddable":true,"href":"https:\/\/ortopediagot.net\/Inicio\/wp-json\/wp\/v2\/product_brand?post=2052"},{"taxonomy":"product_cat","embeddable":true,"href":"https:\/\/ortopediagot.net\/Inicio\/wp-json\/wp\/v2\/product_cat?post=2052"},{"taxonomy":"product_tag","embeddable":true,"href":"https:\/\/ortopediagot.net\/Inicio\/wp-json\/wp\/v2\/product_tag?post=2052"}],"curies":[{"name":"wp","href":"https:\/\/api.w.org\/{rel}","templated":true}]}}