{"id":2068,"date":"2024-05-28T12:40:33","date_gmt":"2024-05-28T11:40:33","guid":{"rendered":"https:\/\/ortopediagot.net\/?post_type=product&#038;p=2068"},"modified":"2024-05-28T12:40:34","modified_gmt":"2024-05-28T11:40:34","slug":"ksh401-kids-inmovilizador-de-hombro","status":"publish","type":"product","link":"https:\/\/ortopediagot.net\/Inicio\/producto\/ksh401-kids-inmovilizador-de-hombro\/","title":{"rendered":"KSH401 KIDS INMOVILIZADOR DE HOMBRO"},"content":{"rendered":"<p>Fracturas subcapitales de h\u00famero<br \/>\nFractura de clav\u00edcula<br \/>\nSubluxaci\u00f3n de la articulaci\u00f3n glenohumeral<br \/>\nLuxaci\u00f3n acromio-clavicular<br \/>\nTratamiento de traumatismos de hombro y brazo<br \/>\nPost-cirug\u00eda<\/p>\n<div class=\"tsf-campo-acf-titulo tsf-campo-acf-titulo-caracteristicas tsf_campo-acf tsf_caracteristicas\"><strong>Caracter\u00edsticas<\/strong><\/div>\n<div><\/div>\n<div class=\"tsf-campo-acf-valores tsf-campo-acf-valores-caracteristicas tsf_campo-acf tsf_caracteristicas\">Soporte inmovilizador de la articulaci\u00f3n gleno-humeral.<br \/>\nDistribuye el peso del brazo tratado evitando la sobrecarga de la zona cervical.<br \/>\nTirantes cruzados sobre la espalda para mejorar la sujeci\u00f3n.<\/div>\n<div class=\"tsf-campo-acf-titulo tsf-campo-acf-titulo-pa_tallas tsf_campo-acf tsf_pa_tallas\"><\/div>\n<div><strong>Tallas<\/strong><\/div>\n<div><\/div>\n<div class=\"tsf-campo-acf-valores tsf-campo-acf-valores-pa_tallas tsf_campo-acf tsf_pa_tallas\">XS, S<\/div>\n<div class=\"tsf-campo-acf-valores tsf-campo-acf-valores-tallas_medidas tsf_campo-acf tsf_pa_tallas_medidas\">LONGITUD DESDE CODO HASTA FLEXI\u00d3N DE LOS DEDOS<br \/>\nXS: 18-22; S: 23-27<\/div>\n","protected":false},"excerpt":{"rendered":"<p>Fracturas subcapitales de h\u00famero Fractura de clav\u00edcula Subluxaci\u00f3n de la articulaci\u00f3n glenohumeral Luxaci\u00f3n acromio-clavicular Tratamiento de traumatismos de hombro y brazo Post-cirug\u00eda Caracter\u00edsticas Soporte inmovilizador de la articulaci\u00f3n gleno-humeral. Distribuye el peso del brazo tratado evitando la sobrecarga de la zona cervical. Tirantes cruzados sobre la espalda para mejorar la sujeci\u00f3n. Tallas XS, S LONGITUD [&hellip;]<\/p>\n","protected":false},"featured_media":2069,"comment_status":"open","ping_status":"closed","template":"","meta":{"saved_in_kubio":false},"product_brand":[],"product_cat":[94],"product_tag":[118],"class_list":{"0":"post-2068","1":"product","2":"type-product","3":"status-publish","4":"has-post-thumbnail","6":"product_cat-miembro-superior","7":"product_tag-emo","9":"first","10":"instock","11":"shipping-taxable","12":"product-type-simple"},"_links":{"self":[{"href":"https:\/\/ortopediagot.net\/Inicio\/wp-json\/wp\/v2\/product\/2068"}],"collection":[{"href":"https:\/\/ortopediagot.net\/Inicio\/wp-json\/wp\/v2\/product"}],"about":[{"href":"https:\/\/ortopediagot.net\/Inicio\/wp-json\/wp\/v2\/types\/product"}],"replies":[{"embeddable":true,"href":"https:\/\/ortopediagot.net\/Inicio\/wp-json\/wp\/v2\/comments?post=2068"}],"wp:featuredmedia":[{"embeddable":true,"href":"https:\/\/ortopediagot.net\/Inicio\/wp-json\/wp\/v2\/media\/2069"}],"wp:attachment":[{"href":"https:\/\/ortopediagot.net\/Inicio\/wp-json\/wp\/v2\/media?parent=2068"}],"wp:term":[{"taxonomy":"product_brand","embeddable":true,"href":"https:\/\/ortopediagot.net\/Inicio\/wp-json\/wp\/v2\/product_brand?post=2068"},{"taxonomy":"product_cat","embeddable":true,"href":"https:\/\/ortopediagot.net\/Inicio\/wp-json\/wp\/v2\/product_cat?post=2068"},{"taxonomy":"product_tag","embeddable":true,"href":"https:\/\/ortopediagot.net\/Inicio\/wp-json\/wp\/v2\/product_tag?post=2068"}],"curies":[{"name":"wp","href":"https:\/\/api.w.org\/{rel}","templated":true}]}}