{"id":2111,"date":"2024-05-28T13:09:22","date_gmt":"2024-05-28T12:09:22","guid":{"rendered":"https:\/\/ortopediagot.net\/?post_type=product&#038;p=2111"},"modified":"2024-05-28T13:09:23","modified_gmt":"2024-05-28T12:09:23","slug":"mq410-inmovilizadora-de-muneca-bilateral","status":"publish","type":"product","link":"https:\/\/ortopediagot.net\/Inicio\/producto\/mq410-inmovilizadora-de-muneca-bilateral\/","title":{"rendered":"MQ410 INMOVILIZADORA DE MU\u00d1ECA BILATERAL"},"content":{"rendered":"<p>Traumatismos para-articulares de mu\u00f1eca sin fractura<br \/>\nEsguince recidivante de mu\u00f1eca<br \/>\nSecuela dolorosa o inflamatoria<br \/>\nTendinitis<br \/>\nPost-operatorio<br \/>\nOsteoartritis degenerativa<\/p>\n<div class=\"tsf-campo-acf-titulo tsf-campo-acf-titulo-caracteristicas tsf_campo-acf tsf_caracteristicas\">Caracteristicas<\/div>\n<div class=\"tsf-campo-acf-valores tsf-campo-acf-valores-caracteristicas tsf_campo-acf tsf_caracteristicas\">Mu\u00f1equera el\u00e1stica bilateral.<br \/>\nIncorpora una f\u00e9rula de aluminio maleble conformada y extra\u00edble.<br \/>\nDispone de una ancha cincha el\u00e1stica de ajuste que refuerza el control de la movilidad articular<\/div>\n<div class=\"tsf-campo-acf-valores tsf-campo-acf-valores-pa_colores tsf_campo-acf tsf_pa_colores\"><\/div>\n<div class=\"tsf-campo-acf-titulo tsf-campo-acf-titulo-pa_tallas tsf_campo-acf tsf_pa_tallas\"><b><i>Tallas<\/i><\/b><\/div>\n<div><\/div>\n<div class=\"tsf-campo-acf-valores tsf-campo-acf-valores-pa_tallas tsf_campo-acf tsf_pa_tallas\">S, M, L, XL<\/div>\n<div class=\"tsf-campo-acf-valores tsf-campo-acf-valores-tallas_medidas tsf_campo-acf tsf_pa_tallas_medidas\">CONTORNO DE MU\u00d1ECA EN CM.<br \/>\nS (12-15 CM) , M (15-17 CM) , L (17-19 CM) , XL (19-21 CM).<\/div>\n<div class=\"tsf-campo-acf-titulo tsf-campo-acf-titulo-altura tsf_campo-acf tsf_altura\"><\/div>\n<div><strong>Altura<\/strong><\/div>\n<div><\/div>\n<div class=\"tsf-campo-acf-valores tsf-campo-acf-valores-altura tsf_campo-acf tsf_altura\">LONGITUD: 18 CM.<\/div>\n<div><\/div>\n<div>\n<div class=\"tsf-campo-acf-titulo tsf-campo-acf-titulo-pa_colores tsf_campo-acf tsf_pa_colores\"><b><i>Color<\/i><\/b><\/div>\n<div><\/div>\n<div class=\"tsf-campo-acf-valores tsf-campo-acf-valores-pa_colores tsf_campo-acf tsf_pa_colores\">BEIGE, GRIS<\/div>\n<\/div>\n","protected":false},"excerpt":{"rendered":"<p>Traumatismos para-articulares de mu\u00f1eca sin fractura Esguince recidivante de mu\u00f1eca Secuela dolorosa o inflamatoria Tendinitis Post-operatorio Osteoartritis degenerativa Caracteristicas Mu\u00f1equera el\u00e1stica bilateral. Incorpora una f\u00e9rula de aluminio maleble conformada y extra\u00edble. Dispone de una ancha cincha el\u00e1stica de ajuste que refuerza el control de la movilidad articular Tallas S, M, L, XL CONTORNO DE MU\u00d1ECA [&hellip;]<\/p>\n","protected":false},"featured_media":2112,"comment_status":"open","ping_status":"closed","template":"","meta":{"saved_in_kubio":false},"product_brand":[],"product_cat":[94],"product_tag":[118],"class_list":{"0":"post-2111","1":"product","2":"type-product","3":"status-publish","4":"has-post-thumbnail","6":"product_cat-miembro-superior","7":"product_tag-emo","9":"first","10":"instock","11":"shipping-taxable","12":"product-type-simple"},"_links":{"self":[{"href":"https:\/\/ortopediagot.net\/Inicio\/wp-json\/wp\/v2\/product\/2111"}],"collection":[{"href":"https:\/\/ortopediagot.net\/Inicio\/wp-json\/wp\/v2\/product"}],"about":[{"href":"https:\/\/ortopediagot.net\/Inicio\/wp-json\/wp\/v2\/types\/product"}],"replies":[{"embeddable":true,"href":"https:\/\/ortopediagot.net\/Inicio\/wp-json\/wp\/v2\/comments?post=2111"}],"wp:featuredmedia":[{"embeddable":true,"href":"https:\/\/ortopediagot.net\/Inicio\/wp-json\/wp\/v2\/media\/2112"}],"wp:attachment":[{"href":"https:\/\/ortopediagot.net\/Inicio\/wp-json\/wp\/v2\/media?parent=2111"}],"wp:term":[{"taxonomy":"product_brand","embeddable":true,"href":"https:\/\/ortopediagot.net\/Inicio\/wp-json\/wp\/v2\/product_brand?post=2111"},{"taxonomy":"product_cat","embeddable":true,"href":"https:\/\/ortopediagot.net\/Inicio\/wp-json\/wp\/v2\/product_cat?post=2111"},{"taxonomy":"product_tag","embeddable":true,"href":"https:\/\/ortopediagot.net\/Inicio\/wp-json\/wp\/v2\/product_tag?post=2111"}],"curies":[{"name":"wp","href":"https:\/\/api.w.org\/{rel}","templated":true}]}}