{"id":2122,"date":"2024-05-28T13:19:46","date_gmt":"2024-05-28T12:19:46","guid":{"rendered":"https:\/\/ortopediagot.net\/?post_type=product&#038;p=2122"},"modified":"2024-05-28T13:19:59","modified_gmt":"2024-05-28T12:19:59","slug":"mq705-rizogrip-estabilizadora-de-pulgar","status":"publish","type":"product","link":"https:\/\/ortopediagot.net\/Inicio\/producto\/mq705-rizogrip-estabilizadora-de-pulgar\/","title":{"rendered":"MQ705 RIZOGRIP ESTABILIZADORA DE PULGAR"},"content":{"rendered":"<p>Rizartrosis o artrosis trapecio-metacarpiana del 1\u00ba dedo.<br \/>\nInflamaciones agudas y cr\u00f3nicas de la articulaci\u00f3n TMC<br \/>\nTendinitis<br \/>\nLesi\u00f3n del ligamento colateral cubital o lesi\u00f3n del esquiador<br \/>\nTratamiento post-operatorio y post-traum\u00e1tico<br \/>\nAnti\u00e1lgica<\/p>\n<div class=\"tsf-campo-acf-titulo tsf-campo-acf-titulo-caracteristicas tsf_campo-acf tsf_caracteristicas\"><strong>Caracter\u00edsticas<\/strong><\/div>\n<div><\/div>\n<div class=\"tsf-campo-acf-valores tsf-campo-acf-valores-caracteristicas tsf_campo-acf tsf_caracteristicas\">Ortesis estabilizadora de pulgar.<br \/>\nIncorpora una f\u00e9rula abductora de aluminio maleable para adaptarla a la morfolog\u00eda del paciente e inmovilizar el pulgar.<br \/>\nFabricaci\u00f3n mediante micro-fusi\u00f3n sin costuras para evitar sobrepresiones y rozaduras.<br \/>\nTejido t\u00e9cnico de m\u00e1xima resistencia, transpirabilidad y m\u00ednimo espesor.<br \/>\nColocaci\u00f3n con una sola mano mediante cincha de ajuste que cierra sobre s\u00ed misma para facilitar su colocaci\u00f3n.<br \/>\nCierre y ajuste mediante microvelcro.<\/div>\n<div class=\"tsf-campo-acf-titulo tsf-campo-acf-titulo-pa_tallas tsf_campo-acf tsf_pa_tallas\"><b><i>Tallas<\/i><\/b><\/div>\n<div><\/div>\n<div class=\"tsf-campo-acf-valores tsf-campo-acf-valores-pa_tallas tsf_campo-acf tsf_pa_tallas\">S, L<\/div>\n<div class=\"tsf-campo-acf-valores tsf-campo-acf-valores-tallas_medidas tsf_campo-acf tsf_pa_tallas_medidas\">CONTORNO DE MU\u00d1ECA<br \/>\nS (14-18 CM) , L (18-22 CM)<\/div>\n","protected":false},"excerpt":{"rendered":"<p>Rizartrosis o artrosis trapecio-metacarpiana del 1\u00ba dedo. Inflamaciones agudas y cr\u00f3nicas de la articulaci\u00f3n TMC Tendinitis Lesi\u00f3n del ligamento colateral cubital o lesi\u00f3n del esquiador Tratamiento post-operatorio y post-traum\u00e1tico Anti\u00e1lgica Caracter\u00edsticas Ortesis estabilizadora de pulgar. Incorpora una f\u00e9rula abductora de aluminio maleable para adaptarla a la morfolog\u00eda del paciente e inmovilizar el pulgar. Fabricaci\u00f3n mediante [&hellip;]<\/p>\n","protected":false},"featured_media":2123,"comment_status":"open","ping_status":"closed","template":"","meta":{"saved_in_kubio":false},"product_brand":[],"product_cat":[94],"product_tag":[118],"class_list":{"0":"post-2122","1":"product","2":"type-product","3":"status-publish","4":"has-post-thumbnail","6":"product_cat-miembro-superior","7":"product_tag-emo","9":"first","10":"instock","11":"shipping-taxable","12":"product-type-simple"},"_links":{"self":[{"href":"https:\/\/ortopediagot.net\/Inicio\/wp-json\/wp\/v2\/product\/2122"}],"collection":[{"href":"https:\/\/ortopediagot.net\/Inicio\/wp-json\/wp\/v2\/product"}],"about":[{"href":"https:\/\/ortopediagot.net\/Inicio\/wp-json\/wp\/v2\/types\/product"}],"replies":[{"embeddable":true,"href":"https:\/\/ortopediagot.net\/Inicio\/wp-json\/wp\/v2\/comments?post=2122"}],"wp:featuredmedia":[{"embeddable":true,"href":"https:\/\/ortopediagot.net\/Inicio\/wp-json\/wp\/v2\/media\/2123"}],"wp:attachment":[{"href":"https:\/\/ortopediagot.net\/Inicio\/wp-json\/wp\/v2\/media?parent=2122"}],"wp:term":[{"taxonomy":"product_brand","embeddable":true,"href":"https:\/\/ortopediagot.net\/Inicio\/wp-json\/wp\/v2\/product_brand?post=2122"},{"taxonomy":"product_cat","embeddable":true,"href":"https:\/\/ortopediagot.net\/Inicio\/wp-json\/wp\/v2\/product_cat?post=2122"},{"taxonomy":"product_tag","embeddable":true,"href":"https:\/\/ortopediagot.net\/Inicio\/wp-json\/wp\/v2\/product_tag?post=2122"}],"curies":[{"name":"wp","href":"https:\/\/api.w.org\/{rel}","templated":true}]}}