{"id":2188,"date":"2024-05-28T16:13:08","date_gmt":"2024-05-28T15:13:08","guid":{"rendered":"https:\/\/ortopediagot.net\/?post_type=product&#038;p=2188"},"modified":"2024-05-28T16:13:09","modified_gmt":"2024-05-28T15:13:09","slug":"tmc150-inmovilizadora-trapecio-metacarpiana-forrada","status":"publish","type":"product","link":"https:\/\/ortopediagot.net\/Inicio\/producto\/tmc150-inmovilizadora-trapecio-metacarpiana-forrada\/","title":{"rendered":"TMC150 INMOVILIZADORA TRAPECIO-METACARPIANA FORRADA"},"content":{"rendered":"<p>Rizartrosis<br \/>\nEstadios dolorosos de la articulaci\u00f3n trapeciametacarpiana por causa inflamatoria<br \/>\nTraumatismo<br \/>\nPostoperatorio.<br \/>\nRetrasa el avance de las desviaciones por deformidades reum\u00e1ticas.<br \/>\nPulgar del esquiador<\/p>\n<div class=\"tsf-campo-acf-titulo tsf-campo-acf-titulo-caracteristicas tsf_campo-acf tsf_caracteristicas\"><strong>Caracter\u00edsticas<\/strong><\/div>\n<div><\/div>\n<div class=\"tsf-campo-acf-valores tsf-campo-acf-valores-caracteristicas tsf_campo-acf tsf_caracteristicas\">F\u00e9rula postural y anat\u00f3mica confeccionada en polietileno de baja densidad moldeado<br \/>\nForro interno para mayor comodidad durante el tratamiento<br \/>\nSuave cinta de sujeci\u00f3n removible<\/div>\n<div class=\"tsf-campo-acf-titulo tsf-campo-acf-titulo-pa_tallas tsf_campo-acf tsf_pa_tallas\"><\/div>\n<div><strong>Tallas<\/strong><\/div>\n<div><\/div>\n<div class=\"tsf-campo-acf-valores tsf-campo-acf-valores-pa_tallas tsf_campo-acf tsf_pa_tallas\">S, M, L<\/div>\n<div class=\"tsf-campo-acf-valores tsf-campo-acf-valores-tallas_medidas tsf_campo-acf tsf_pa_tallas_medidas\">CONTORNO DE MU\u00d1ECA EN CM.<br \/>\nS(&lt;17), M(17-19), L(&gt;19).<\/div>\n<div><\/div>\n<div>\n<div class=\"tsf-campo-acf-titulo tsf-campo-acf-titulo-pa_colores tsf_campo-acf tsf_pa_colores\"><b><i>Color<\/i><\/b><\/div>\n<div><\/div>\n<div class=\"tsf-campo-acf-valores tsf-campo-acf-valores-pa_colores tsf_campo-acf tsf_pa_colores\">CARNE, GRIS<\/div>\n<\/div>\n","protected":false},"excerpt":{"rendered":"<p>Rizartrosis Estadios dolorosos de la articulaci\u00f3n trapeciametacarpiana por causa inflamatoria Traumatismo Postoperatorio. Retrasa el avance de las desviaciones por deformidades reum\u00e1ticas. Pulgar del esquiador Caracter\u00edsticas F\u00e9rula postural y anat\u00f3mica confeccionada en polietileno de baja densidad moldeado Forro interno para mayor comodidad durante el tratamiento Suave cinta de sujeci\u00f3n removible Tallas S, M, L CONTORNO DE [&hellip;]<\/p>\n","protected":false},"featured_media":2189,"comment_status":"open","ping_status":"closed","template":"","meta":{"saved_in_kubio":false},"product_brand":[],"product_cat":[94],"product_tag":[118],"class_list":{"0":"post-2188","1":"product","2":"type-product","3":"status-publish","4":"has-post-thumbnail","6":"product_cat-miembro-superior","7":"product_tag-emo","9":"first","10":"instock","11":"shipping-taxable","12":"product-type-simple"},"_links":{"self":[{"href":"https:\/\/ortopediagot.net\/Inicio\/wp-json\/wp\/v2\/product\/2188"}],"collection":[{"href":"https:\/\/ortopediagot.net\/Inicio\/wp-json\/wp\/v2\/product"}],"about":[{"href":"https:\/\/ortopediagot.net\/Inicio\/wp-json\/wp\/v2\/types\/product"}],"replies":[{"embeddable":true,"href":"https:\/\/ortopediagot.net\/Inicio\/wp-json\/wp\/v2\/comments?post=2188"}],"wp:featuredmedia":[{"embeddable":true,"href":"https:\/\/ortopediagot.net\/Inicio\/wp-json\/wp\/v2\/media\/2189"}],"wp:attachment":[{"href":"https:\/\/ortopediagot.net\/Inicio\/wp-json\/wp\/v2\/media?parent=2188"}],"wp:term":[{"taxonomy":"product_brand","embeddable":true,"href":"https:\/\/ortopediagot.net\/Inicio\/wp-json\/wp\/v2\/product_brand?post=2188"},{"taxonomy":"product_cat","embeddable":true,"href":"https:\/\/ortopediagot.net\/Inicio\/wp-json\/wp\/v2\/product_cat?post=2188"},{"taxonomy":"product_tag","embeddable":true,"href":"https:\/\/ortopediagot.net\/Inicio\/wp-json\/wp\/v2\/product_tag?post=2188"}],"curies":[{"name":"wp","href":"https:\/\/api.w.org\/{rel}","templated":true}]}}