{"id":2257,"date":"2024-05-31T11:58:29","date_gmt":"2024-05-31T10:58:29","guid":{"rendered":"https:\/\/ortopediagot.net\/?post_type=product&#038;p=2257"},"modified":"2024-05-31T11:58:30","modified_gmt":"2024-05-31T10:58:30","slug":"fc700-kids-cola-de-sirena","status":"publish","type":"product","link":"https:\/\/ortopediagot.net\/Inicio\/producto\/fc700-kids-cola-de-sirena\/","title":{"rendered":"FC700 KIDS COLA DE SIRENA"},"content":{"rendered":"<p>Genu-varo<br \/>\nGenu-valgo<br \/>\nTibia vara<\/p>\n<div class=\"tsf-campo-acf-titulo tsf-campo-acf-titulo-caracteristicas tsf_campo-acf tsf_caracteristicas\"><strong>Caracter\u00edsticas\u00a0<\/strong><\/div>\n<div><\/div>\n<div class=\"tsf-campo-acf-valores tsf-campo-acf-valores-caracteristicas tsf_campo-acf tsf_caracteristicas\">Ortesis pasiva correctora<br \/>\nCompuesta por dos valvas mediales unidas entre s\u00ed y que se ajustan sobre las dos piernas del paciente.<br \/>\nTres puntos de fijaci\u00f3n ajustable mediante velcro a nivel de muslo, rodilla y pantorrilla.<br \/>\nFabricada en termopl\u00e1stico.<br \/>\nForrada con material foamizado transpirable<\/p>\n<\/div>\n<div class=\"tsf-campo-acf-titulo tsf-campo-acf-titulo-pa_tallas tsf_campo-acf tsf_pa_tallas\"><b><i>Tallas<\/i><\/b><\/div>\n<div><\/div>\n<div class=\"tsf-campo-acf-valores tsf-campo-acf-valores-pa_tallas tsf_campo-acf tsf_pa_tallas\">S, M, L<\/div>\n<div class=\"tsf-campo-acf-valores tsf-campo-acf-valores-tallas_medidas tsf_campo-acf tsf_pa_tallas_medidas\">CONTORNO MUSLO: S 30-40 CM, M 40-50 CM, L 50-60 CM<br \/>\nCONTORNO PANTORRILLA: S 20-25 CM, M 25-30 CM, L 30-35 CM<\/div>\n<div class=\"tsf-campo-acf-titulo tsf-campo-acf-titulo-altura tsf_campo-acf tsf_altura\"><\/div>\n<div><strong>Altura<\/strong><\/div>\n<div><\/div>\n<div class=\"tsf-campo-acf-valores tsf-campo-acf-valores-altura tsf_campo-acf tsf_altura\">S 40 CM, M 50 CM, L 60 CM<\/div>\n","protected":false},"excerpt":{"rendered":"<p>Genu-varo Genu-valgo Tibia vara Caracter\u00edsticas\u00a0 Ortesis pasiva correctora Compuesta por dos valvas mediales unidas entre s\u00ed y que se ajustan sobre las dos piernas del paciente. Tres puntos de fijaci\u00f3n ajustable mediante velcro a nivel de muslo, rodilla y pantorrilla. Fabricada en termopl\u00e1stico. Forrada con material foamizado transpirable Tallas S, M, L CONTORNO MUSLO: S [&hellip;]<\/p>\n","protected":false},"featured_media":2258,"comment_status":"open","ping_status":"closed","template":"","meta":{"saved_in_kubio":false},"product_brand":[],"product_cat":[95],"product_tag":[118],"class_list":{"0":"post-2257","1":"product","2":"type-product","3":"status-publish","4":"has-post-thumbnail","6":"product_cat-miembro-inferior","7":"product_tag-emo","9":"first","10":"instock","11":"shipping-taxable","12":"product-type-simple"},"_links":{"self":[{"href":"https:\/\/ortopediagot.net\/Inicio\/wp-json\/wp\/v2\/product\/2257"}],"collection":[{"href":"https:\/\/ortopediagot.net\/Inicio\/wp-json\/wp\/v2\/product"}],"about":[{"href":"https:\/\/ortopediagot.net\/Inicio\/wp-json\/wp\/v2\/types\/product"}],"replies":[{"embeddable":true,"href":"https:\/\/ortopediagot.net\/Inicio\/wp-json\/wp\/v2\/comments?post=2257"}],"wp:featuredmedia":[{"embeddable":true,"href":"https:\/\/ortopediagot.net\/Inicio\/wp-json\/wp\/v2\/media\/2258"}],"wp:attachment":[{"href":"https:\/\/ortopediagot.net\/Inicio\/wp-json\/wp\/v2\/media?parent=2257"}],"wp:term":[{"taxonomy":"product_brand","embeddable":true,"href":"https:\/\/ortopediagot.net\/Inicio\/wp-json\/wp\/v2\/product_brand?post=2257"},{"taxonomy":"product_cat","embeddable":true,"href":"https:\/\/ortopediagot.net\/Inicio\/wp-json\/wp\/v2\/product_cat?post=2257"},{"taxonomy":"product_tag","embeddable":true,"href":"https:\/\/ortopediagot.net\/Inicio\/wp-json\/wp\/v2\/product_tag?post=2257"}],"curies":[{"name":"wp","href":"https:\/\/api.w.org\/{rel}","templated":true}]}}