{"id":2263,"date":"2024-05-31T12:04:59","date_gmt":"2024-05-31T11:04:59","guid":{"rendered":"https:\/\/ortopediagot.net\/?post_type=product&#038;p=2263"},"modified":"2024-05-31T12:04:59","modified_gmt":"2024-05-31T11:04:59","slug":"hip400-kids-panal-de-frejka","status":"publish","type":"product","link":"https:\/\/ortopediagot.net\/Inicio\/producto\/hip400-kids-panal-de-frejka\/","title":{"rendered":"HIP400 KIDS PA\u00d1AL DE FREJKA"},"content":{"rendered":"<p>Displasia de cadera<br \/>\nSubluxaciones,<br \/>\nCaderas luxables o inestables en los primeros meses de vida del beb\u00e9,<br \/>\nLuxaci\u00f3n cong\u00e9nita de cadera cuando no hay un grado de inestabilidad muy importante<\/p>\n<div class=\"tsf-campo-acf-titulo tsf-campo-acf-titulo-caracteristicas tsf_campo-acf tsf_caracteristicas\"><strong>Caracter\u00edsticas<\/strong><\/div>\n<div><\/div>\n<div class=\"tsf-campo-acf-valores tsf-campo-acf-valores-caracteristicas tsf_campo-acf tsf_caracteristicas\">Pa\u00f1al de abducci\u00f3n de cadera<br \/>\nCompuesta por una estructura met\u00e1lica f\u00e1cilmente regulable y acolchada.<br \/>\nIncorpora una almohadilla rectangular y acolchada que se coloca entre los muslos.<br \/>\nSuave tejido de algod\u00f3n.<br \/>\nCierre mediante hebillas.<\/div>\n<div class=\"tsf-campo-acf-titulo tsf-campo-acf-titulo-pa_tallas tsf_campo-acf tsf_pa_tallas\"><\/div>\n<div><strong>Tallas<\/strong><\/div>\n<div><\/div>\n<div class=\"tsf-campo-acf-valores tsf-campo-acf-valores-pa_tallas tsf_campo-acf tsf_pa_tallas\">S, M, L<\/div>\n<div class=\"tsf-campo-acf-valores tsf-campo-acf-valores-tallas_medidas tsf_campo-acf tsf_pa_tallas_medidas\">DISTANCIA EN CM ENTRE LAS RODILLAS EN POSICI\u00d3N DE ABDUCCI\u00d3N.<br \/>\nS (18 CM) , M (25 CM) , L (28 CM).<\/div>\n","protected":false},"excerpt":{"rendered":"<p>Displasia de cadera Subluxaciones, Caderas luxables o inestables en los primeros meses de vida del beb\u00e9, Luxaci\u00f3n cong\u00e9nita de cadera cuando no hay un grado de inestabilidad muy importante Caracter\u00edsticas Pa\u00f1al de abducci\u00f3n de cadera Compuesta por una estructura met\u00e1lica f\u00e1cilmente regulable y acolchada. Incorpora una almohadilla rectangular y acolchada que se coloca entre los [&hellip;]<\/p>\n","protected":false},"featured_media":2264,"comment_status":"open","ping_status":"closed","template":"","meta":{"saved_in_kubio":false},"product_brand":[],"product_cat":[95],"product_tag":[118],"class_list":{"0":"post-2263","1":"product","2":"type-product","3":"status-publish","4":"has-post-thumbnail","6":"product_cat-miembro-inferior","7":"product_tag-emo","9":"first","10":"instock","11":"shipping-taxable","12":"product-type-simple"},"_links":{"self":[{"href":"https:\/\/ortopediagot.net\/Inicio\/wp-json\/wp\/v2\/product\/2263"}],"collection":[{"href":"https:\/\/ortopediagot.net\/Inicio\/wp-json\/wp\/v2\/product"}],"about":[{"href":"https:\/\/ortopediagot.net\/Inicio\/wp-json\/wp\/v2\/types\/product"}],"replies":[{"embeddable":true,"href":"https:\/\/ortopediagot.net\/Inicio\/wp-json\/wp\/v2\/comments?post=2263"}],"wp:featuredmedia":[{"embeddable":true,"href":"https:\/\/ortopediagot.net\/Inicio\/wp-json\/wp\/v2\/media\/2264"}],"wp:attachment":[{"href":"https:\/\/ortopediagot.net\/Inicio\/wp-json\/wp\/v2\/media?parent=2263"}],"wp:term":[{"taxonomy":"product_brand","embeddable":true,"href":"https:\/\/ortopediagot.net\/Inicio\/wp-json\/wp\/v2\/product_brand?post=2263"},{"taxonomy":"product_cat","embeddable":true,"href":"https:\/\/ortopediagot.net\/Inicio\/wp-json\/wp\/v2\/product_cat?post=2263"},{"taxonomy":"product_tag","embeddable":true,"href":"https:\/\/ortopediagot.net\/Inicio\/wp-json\/wp\/v2\/product_tag?post=2263"}],"curies":[{"name":"wp","href":"https:\/\/api.w.org\/{rel}","templated":true}]}}