{"id":2267,"date":"2024-05-31T12:06:54","date_gmt":"2024-05-31T11:06:54","guid":{"rendered":"https:\/\/ortopediagot.net\/?post_type=product&#038;p=2267"},"modified":"2024-05-31T12:06:55","modified_gmt":"2024-05-31T11:06:55","slug":"hip500-kids-cuna-splint-ferula-abduccion-cadera","status":"publish","type":"product","link":"https:\/\/ortopediagot.net\/Inicio\/producto\/hip500-kids-cuna-splint-ferula-abduccion-cadera\/","title":{"rendered":"HIP500 KIDS CUNA SPLINT F\u00c9RULA ABDUCCI\u00d3N CADERA"},"content":{"rendered":"<p>Luxaci\u00f3n cong\u00e9nita de cadera<br \/>\nReducci\u00f3n no forzada en las displasias de cadera<br \/>\nCaderas luxables o inestables durante los primeros meses de vida del beb\u00e9<br \/>\nSubluxaciones de otros tratamientos ortop\u00e9dicos o quir\u00fargicos. Reducci\u00f3n no forzada en las displasias de cadera.<\/p>\n<div class=\"tsf-campo-acf-titulo tsf-campo-acf-titulo-caracteristicas tsf_campo-acf tsf_caracteristicas\"><strong>Caracter\u00edsticas<\/strong><\/div>\n<div><\/div>\n<div class=\"tsf-campo-acf-valores tsf-campo-acf-valores-caracteristicas tsf_campo-acf tsf_caracteristicas\">Fabricado con termopl\u00e1stico almohadillado.<br \/>\nAlmohadillada con suave tejido de rizo.<br \/>\nSe ajusta y adapta mediante velcro.<\/div>\n<div class=\"tsf-campo-acf-titulo tsf-campo-acf-titulo-pa_tallas tsf_campo-acf tsf_pa_tallas\"><\/div>\n<div><strong>Tallas<\/strong><\/div>\n<div><\/div>\n<div class=\"tsf-campo-acf-valores tsf-campo-acf-valores-pa_tallas tsf_campo-acf tsf_pa_tallas\">XS, S, M, L, XL<\/div>\n<div class=\"tsf-campo-acf-valores tsf-campo-acf-valores-tallas_medidas tsf_campo-acf tsf_pa_tallas_medidas\">DISTANCIA EN CM ENTRE LAS RODILLAS EN POSICI\u00d3N DE ABDUCCI\u00d3N.<br \/>\nS 18-22 CM , M 22-26 CM, L 26-32 CM , XL 32-37 CM, XXL 37-45 CM<\/div>\n","protected":false},"excerpt":{"rendered":"<p>Luxaci\u00f3n cong\u00e9nita de cadera Reducci\u00f3n no forzada en las displasias de cadera Caderas luxables o inestables durante los primeros meses de vida del beb\u00e9 Subluxaciones de otros tratamientos ortop\u00e9dicos o quir\u00fargicos. Reducci\u00f3n no forzada en las displasias de cadera. Caracter\u00edsticas Fabricado con termopl\u00e1stico almohadillado. Almohadillada con suave tejido de rizo. Se ajusta y adapta mediante [&hellip;]<\/p>\n","protected":false},"featured_media":2268,"comment_status":"open","ping_status":"closed","template":"","meta":{"saved_in_kubio":false},"product_brand":[],"product_cat":[95],"product_tag":[118],"class_list":{"0":"post-2267","1":"product","2":"type-product","3":"status-publish","4":"has-post-thumbnail","6":"product_cat-miembro-inferior","7":"product_tag-emo","9":"first","10":"instock","11":"shipping-taxable","12":"product-type-simple"},"_links":{"self":[{"href":"https:\/\/ortopediagot.net\/Inicio\/wp-json\/wp\/v2\/product\/2267"}],"collection":[{"href":"https:\/\/ortopediagot.net\/Inicio\/wp-json\/wp\/v2\/product"}],"about":[{"href":"https:\/\/ortopediagot.net\/Inicio\/wp-json\/wp\/v2\/types\/product"}],"replies":[{"embeddable":true,"href":"https:\/\/ortopediagot.net\/Inicio\/wp-json\/wp\/v2\/comments?post=2267"}],"wp:featuredmedia":[{"embeddable":true,"href":"https:\/\/ortopediagot.net\/Inicio\/wp-json\/wp\/v2\/media\/2268"}],"wp:attachment":[{"href":"https:\/\/ortopediagot.net\/Inicio\/wp-json\/wp\/v2\/media?parent=2267"}],"wp:term":[{"taxonomy":"product_brand","embeddable":true,"href":"https:\/\/ortopediagot.net\/Inicio\/wp-json\/wp\/v2\/product_brand?post=2267"},{"taxonomy":"product_cat","embeddable":true,"href":"https:\/\/ortopediagot.net\/Inicio\/wp-json\/wp\/v2\/product_cat?post=2267"},{"taxonomy":"product_tag","embeddable":true,"href":"https:\/\/ortopediagot.net\/Inicio\/wp-json\/wp\/v2\/product_tag?post=2267"}],"curies":[{"name":"wp","href":"https:\/\/api.w.org\/{rel}","templated":true}]}}