{"id":2294,"date":"2024-05-31T12:27:58","date_gmt":"2024-05-31T11:27:58","guid":{"rendered":"https:\/\/ortopediagot.net\/?post_type=product&#038;p=2294"},"modified":"2024-05-31T12:27:59","modified_gmt":"2024-05-31T11:27:59","slug":"lif101-lifter-soporte-para-el-pie","status":"publish","type":"product","link":"https:\/\/ortopediagot.net\/Inicio\/producto\/lif101-lifter-soporte-para-el-pie\/","title":{"rendered":"LIF101 LIFTER SOPORTE PARA EL PIE"},"content":{"rendered":"<p>Pie equino en par\u00e1lisis fl\u00e1cidas con y sin desviaci\u00f3n en varo.<\/p>\n<div class=\"tsf-campo-acf-titulo tsf-campo-acf-titulo-caracteristicas tsf_campo-acf tsf_caracteristicas\"><strong>Caracter\u00edsticas<\/strong><\/div>\n<div><\/div>\n<div class=\"tsf-campo-acf-valores tsf-campo-acf-valores-caracteristicas tsf_campo-acf tsf_caracteristicas\">Soporte de antepi\u00e9 que posibilita la utilizaci\u00f3n de Lifter sin calzado.<br \/>\nAjuste y adapataci\u00f3n mediante micro-velcro.<br \/>\nContiene almohadilla visco-el\u00e1stica.<\/div>\n<div class=\"tsf-campo-acf-titulo tsf-campo-acf-titulo-pa_tallas tsf_campo-acf tsf_pa_tallas\"><\/div>\n<div><strong>Tallas<\/strong><\/div>\n<div><\/div>\n<div class=\"tsf-campo-acf-valores tsf-campo-acf-valores-pa_tallas tsf_campo-acf tsf_pa_tallas\">S, M, L, XL<\/div>\n<div class=\"tsf-campo-acf-valores tsf-campo-acf-valores-tallas_medidas tsf_campo-acf tsf_pa_tallas_medidas\">CONTORNO DE ANTEPIE<br \/>\nS: 17-19 M: 19-22 L: 22-26 XL: 26-30<\/div>\n<div class=\"tsf-campo-acf-valores tsf-campo-acf-valores-pa_lados tsf_campo-acf tsf_pa_lados\"><\/div>\n","protected":false},"excerpt":{"rendered":"<p>Pie equino en par\u00e1lisis fl\u00e1cidas con y sin desviaci\u00f3n en varo. Caracter\u00edsticas Soporte de antepi\u00e9 que posibilita la utilizaci\u00f3n de Lifter sin calzado. Ajuste y adapataci\u00f3n mediante micro-velcro. Contiene almohadilla visco-el\u00e1stica. Tallas S, M, L, XL CONTORNO DE ANTEPIE S: 17-19 M: 19-22 L: 22-26 XL: 26-30<\/p>\n","protected":false},"featured_media":2295,"comment_status":"open","ping_status":"closed","template":"","meta":{"saved_in_kubio":false},"product_brand":[],"product_cat":[95],"product_tag":[118],"class_list":{"0":"post-2294","1":"product","2":"type-product","3":"status-publish","4":"has-post-thumbnail","6":"product_cat-miembro-inferior","7":"product_tag-emo","9":"first","10":"instock","11":"shipping-taxable","12":"product-type-simple"},"_links":{"self":[{"href":"https:\/\/ortopediagot.net\/Inicio\/wp-json\/wp\/v2\/product\/2294"}],"collection":[{"href":"https:\/\/ortopediagot.net\/Inicio\/wp-json\/wp\/v2\/product"}],"about":[{"href":"https:\/\/ortopediagot.net\/Inicio\/wp-json\/wp\/v2\/types\/product"}],"replies":[{"embeddable":true,"href":"https:\/\/ortopediagot.net\/Inicio\/wp-json\/wp\/v2\/comments?post=2294"}],"wp:featuredmedia":[{"embeddable":true,"href":"https:\/\/ortopediagot.net\/Inicio\/wp-json\/wp\/v2\/media\/2295"}],"wp:attachment":[{"href":"https:\/\/ortopediagot.net\/Inicio\/wp-json\/wp\/v2\/media?parent=2294"}],"wp:term":[{"taxonomy":"product_brand","embeddable":true,"href":"https:\/\/ortopediagot.net\/Inicio\/wp-json\/wp\/v2\/product_brand?post=2294"},{"taxonomy":"product_cat","embeddable":true,"href":"https:\/\/ortopediagot.net\/Inicio\/wp-json\/wp\/v2\/product_cat?post=2294"},{"taxonomy":"product_tag","embeddable":true,"href":"https:\/\/ortopediagot.net\/Inicio\/wp-json\/wp\/v2\/product_tag?post=2294"}],"curies":[{"name":"wp","href":"https:\/\/api.w.org\/{rel}","templated":true}]}}