{"id":2326,"date":"2024-05-31T13:04:42","date_gmt":"2024-05-31T12:04:42","guid":{"rendered":"https:\/\/ortopediagot.net\/?post_type=product&#038;p=2326"},"modified":"2024-05-31T13:04:43","modified_gmt":"2024-05-31T12:04:43","slug":"rd2500-estabilizadora-de-rodilla-con-articulacion-graduable","status":"publish","type":"product","link":"https:\/\/ortopediagot.net\/Inicio\/producto\/rd2500-estabilizadora-de-rodilla-con-articulacion-graduable\/","title":{"rendered":"RD2500 ESTABILIZADORA DE RODILLA CON ARTICULACI\u00d3N GRADUABLE"},"content":{"rendered":"<p>Lesi\u00f3n de rodilla. Inestabilidad de rodilla. Lesi\u00f3n de ligamentos de rodilla.<br \/>\nRehabilitaci\u00f3n post-traum\u00e1tica. Rehabilitaci\u00f3n post-operatoria.<\/p>\n<div class=\"tsf-campo-acf-titulo tsf-campo-acf-titulo-caracteristicas tsf_campo-acf tsf_caracteristicas\"><strong>Caracter\u00edsticas<\/strong><\/div>\n<div class=\"tsf-campo-acf-valores tsf-campo-acf-valores-caracteristicas tsf_campo-acf tsf_caracteristicas\">\nOrtesis estabilizadora de rodilla. Articulaci\u00f3n monoc\u00e9ntrica graduable y extensible: flexo-extensi\u00f3n controlada de la rodilla en distintos \u00e1ngulos.<br \/>\nSistema de bloqueo sencillo y r\u00e1pido de 0\u00ba, 15\u00ba y 30\u00ba. Control de la flexi\u00f3n de 0\u00ba a 120\u00ba en intervalos de 10\u00ba. Control de la extensi\u00f3n de 0\u00ba a 90\u00ba en intervalos de 10\u00ba<br \/>\nSistema telesc\u00f3pico de extensi\u00f3n de la articulaci\u00f3n: altura m\u00ednima 46 cm. Altura m\u00e1xima 69 cm.<br \/>\nPlacas medio-laterales antirrotatorias<br \/>\nCinchas de sujeci\u00f3n (4) con sistema de fijaci\u00f3n r\u00e1pida y ajuste independiente. Almohadillas transpirables y antideslizantes. Almohadillas condilares.<br \/>\nApertura delantera completa. Talla \u00fanica.<\/div>\n<div class=\"tsf-campo-acf-titulo tsf-campo-acf-titulo-altura tsf_campo-acf tsf_altura\"><\/div>\n<div><strong>Tallas<\/strong><\/div>\n<div><\/div>\n<div class=\"tsf-campo-acf-valores tsf-campo-acf-valores-altura tsf_campo-acf tsf_altura\">M\u00cdNIMA: 46 CM. M\u00c1XIMA: 69 CM.<\/div>\n","protected":false},"excerpt":{"rendered":"<p>Lesi\u00f3n de rodilla. Inestabilidad de rodilla. Lesi\u00f3n de ligamentos de rodilla. Rehabilitaci\u00f3n post-traum\u00e1tica. Rehabilitaci\u00f3n post-operatoria. Caracter\u00edsticas Ortesis estabilizadora de rodilla. Articulaci\u00f3n monoc\u00e9ntrica graduable y extensible: flexo-extensi\u00f3n controlada de la rodilla en distintos \u00e1ngulos. Sistema de bloqueo sencillo y r\u00e1pido de 0\u00ba, 15\u00ba y 30\u00ba. Control de la flexi\u00f3n de 0\u00ba a 120\u00ba en intervalos de [&hellip;]<\/p>\n","protected":false},"featured_media":2327,"comment_status":"open","ping_status":"closed","template":"","meta":{"saved_in_kubio":false},"product_brand":[],"product_cat":[95],"product_tag":[118],"class_list":{"0":"post-2326","1":"product","2":"type-product","3":"status-publish","4":"has-post-thumbnail","6":"product_cat-miembro-inferior","7":"product_tag-emo","9":"first","10":"instock","11":"shipping-taxable","12":"product-type-simple"},"_links":{"self":[{"href":"https:\/\/ortopediagot.net\/Inicio\/wp-json\/wp\/v2\/product\/2326"}],"collection":[{"href":"https:\/\/ortopediagot.net\/Inicio\/wp-json\/wp\/v2\/product"}],"about":[{"href":"https:\/\/ortopediagot.net\/Inicio\/wp-json\/wp\/v2\/types\/product"}],"replies":[{"embeddable":true,"href":"https:\/\/ortopediagot.net\/Inicio\/wp-json\/wp\/v2\/comments?post=2326"}],"wp:featuredmedia":[{"embeddable":true,"href":"https:\/\/ortopediagot.net\/Inicio\/wp-json\/wp\/v2\/media\/2327"}],"wp:attachment":[{"href":"https:\/\/ortopediagot.net\/Inicio\/wp-json\/wp\/v2\/media?parent=2326"}],"wp:term":[{"taxonomy":"product_brand","embeddable":true,"href":"https:\/\/ortopediagot.net\/Inicio\/wp-json\/wp\/v2\/product_brand?post=2326"},{"taxonomy":"product_cat","embeddable":true,"href":"https:\/\/ortopediagot.net\/Inicio\/wp-json\/wp\/v2\/product_cat?post=2326"},{"taxonomy":"product_tag","embeddable":true,"href":"https:\/\/ortopediagot.net\/Inicio\/wp-json\/wp\/v2\/product_tag?post=2326"}],"curies":[{"name":"wp","href":"https:\/\/api.w.org\/{rel}","templated":true}]}}