{"id":2354,"date":"2024-05-31T16:12:27","date_gmt":"2024-05-31T15:12:27","guid":{"rendered":"https:\/\/ortopediagot.net\/?post_type=product&#038;p=2354"},"modified":"2024-05-31T16:12:27","modified_gmt":"2024-05-31T15:12:27","slug":"tb300-estabilizadora-de-tobillo-almohadilla-con-memoria","status":"publish","type":"product","link":"https:\/\/ortopediagot.net\/Inicio\/producto\/tb300-estabilizadora-de-tobillo-almohadilla-con-memoria\/","title":{"rendered":"TB300 ESTABILIZADORA DE TOBILLO ALMOHADILLA CON MEMORIA"},"content":{"rendered":"<div class=\"tsf-campo-acf-titulo tsf-campo-acf-titulo-indicaciones tsf_campo-acf tsf_indicaciones\">Indicaciones<\/div>\n<div class=\"tsf-campo-acf-valores tsf-campo-acf-valores-indicaciones tsf_campo-acf tsf_indicaciones\">Esguinces.<br \/>\nPreventivo durante la pr\u00e1ctica deportiva.<br \/>\nEstabilizador tras inmovilizaci\u00f3n prolongada.<br \/>\nTendinitis<\/div>\n<div><\/div>\n<div>\n<div class=\"tsf-campo-acf-titulo tsf-campo-acf-titulo-caracteristicas tsf_campo-acf tsf_caracteristicas\"><strong>Caracter\u00edsticas<\/strong><\/div>\n<div><\/div>\n<div class=\"tsf-campo-acf-valores tsf-campo-acf-valores-caracteristicas tsf_campo-acf tsf_caracteristicas\">Las valvas suben desde la parte inferior de los maleolos hasta el tercio medio de la tibia.<\/p>\n<p>Estabilizadora de tobillo bivalva de pl\u00e1stico con almohadilla de foam con memoria.<br \/>\nLas valvas cubren desde la parte inferior de los maleolos hasta el tercio medio de la tibia<br \/>\nCierre y ajuste mediante velcros.<br \/>\nTalla \u00fanica.<br \/>\nBilateral<\/p><\/div>\n<div><\/div>\n<\/div>\n<div class=\"tsf-campo-acf-titulo tsf-campo-acf-titulo-pa_tallas tsf_campo-acf tsf_pa_tallas\"><strong>Tallas<\/strong><\/div>\n<div><\/div>\n<div>\n<div class=\"tsf-campo-acf-valores tsf-campo-acf-valores-pa_tallas tsf_campo-acf tsf_pa_tallas\">S, L<\/div>\n<div class=\"tsf-campo-acf-valores tsf-campo-acf-valores-tallas_medidas tsf_campo-acf tsf_pa_tallas_medidas\">ALTURA DE LAS PLACAS EN CM.<br \/>\nS (22) L (25)<\/div>\n<div><\/div>\n<\/div>\n<div class=\"tsf-campo-acf-titulo tsf-campo-acf-titulo-altura tsf_campo-acf tsf_altura\"><strong>Altura<\/strong><\/div>\n<div><\/div>\n<div>\n<div class=\"tsf-campo-acf-valores tsf-campo-acf-valores-altura tsf_campo-acf tsf_altura\">S (22 CM.), L(25 CM.)<\/div>\n<\/div>\n","protected":false},"excerpt":{"rendered":"<p>Indicaciones Esguinces. Preventivo durante la pr\u00e1ctica deportiva. Estabilizador tras inmovilizaci\u00f3n prolongada. Tendinitis Caracter\u00edsticas Las valvas suben desde la parte inferior de los maleolos hasta el tercio medio de la tibia. Estabilizadora de tobillo bivalva de pl\u00e1stico con almohadilla de foam con memoria. Las valvas cubren desde la parte inferior de los maleolos hasta el tercio [&hellip;]<\/p>\n","protected":false},"featured_media":2355,"comment_status":"open","ping_status":"closed","template":"","meta":{"saved_in_kubio":false},"product_brand":[],"product_cat":[95],"product_tag":[118],"class_list":{"0":"post-2354","1":"product","2":"type-product","3":"status-publish","4":"has-post-thumbnail","6":"product_cat-miembro-inferior","7":"product_tag-emo","9":"first","10":"instock","11":"shipping-taxable","12":"product-type-simple"},"_links":{"self":[{"href":"https:\/\/ortopediagot.net\/Inicio\/wp-json\/wp\/v2\/product\/2354"}],"collection":[{"href":"https:\/\/ortopediagot.net\/Inicio\/wp-json\/wp\/v2\/product"}],"about":[{"href":"https:\/\/ortopediagot.net\/Inicio\/wp-json\/wp\/v2\/types\/product"}],"replies":[{"embeddable":true,"href":"https:\/\/ortopediagot.net\/Inicio\/wp-json\/wp\/v2\/comments?post=2354"}],"wp:featuredmedia":[{"embeddable":true,"href":"https:\/\/ortopediagot.net\/Inicio\/wp-json\/wp\/v2\/media\/2355"}],"wp:attachment":[{"href":"https:\/\/ortopediagot.net\/Inicio\/wp-json\/wp\/v2\/media?parent=2354"}],"wp:term":[{"taxonomy":"product_brand","embeddable":true,"href":"https:\/\/ortopediagot.net\/Inicio\/wp-json\/wp\/v2\/product_brand?post=2354"},{"taxonomy":"product_cat","embeddable":true,"href":"https:\/\/ortopediagot.net\/Inicio\/wp-json\/wp\/v2\/product_cat?post=2354"},{"taxonomy":"product_tag","embeddable":true,"href":"https:\/\/ortopediagot.net\/Inicio\/wp-json\/wp\/v2\/product_tag?post=2354"}],"curies":[{"name":"wp","href":"https:\/\/api.w.org\/{rel}","templated":true}]}}