{"id":2360,"date":"2024-05-31T16:21:11","date_gmt":"2024-05-31T15:21:11","guid":{"rendered":"https:\/\/ortopediagot.net\/?post_type=product&#038;p=2360"},"modified":"2024-05-31T16:21:11","modified_gmt":"2024-05-31T15:21:11","slug":"tb702-maleogrip-estabilizadora","status":"publish","type":"product","link":"https:\/\/ortopediagot.net\/Inicio\/producto\/tb702-maleogrip-estabilizadora\/","title":{"rendered":"TB702 MALEOGRIP ESTABILIZADORA"},"content":{"rendered":"<p>Esguince de ligamentos. Laxitud ligamentosa cr\u00f3nica<br \/>\nLesi\u00f3n en c\u00e1psula articular. Inestabilidad articular cr\u00f3nica<br \/>\nPrevenci\u00f3n de recidiva. Traumatismo.<br \/>\nTratamiento estabilizador despu\u00e9s de inmovilizaci\u00f3n prolongada<br \/>\nPost-quir\u00fargica<\/p>\n<div class=\"tsf-campo-acf-titulo tsf-campo-acf-titulo-caracteristicas tsf_campo-acf tsf_caracteristicas\"><strong>Caracter\u00edsticas<\/strong><\/div>\n<div><\/div>\n<div class=\"tsf-campo-acf-valores tsf-campo-acf-valores-caracteristicas tsf_campo-acf tsf_caracteristicas\">Tobillera estabilizadora que incorpora f\u00e9rulas laterales.<br \/>\nConfeccionada en tejido t\u00e9cnico inel\u00e1stico de tecnolog\u00eda 3D.<br \/>\nCincha el\u00e1stica lateral de sujeci\u00f3n para vendaje en \u00ab8\u00bb que permite el control del varo \/valgo.<br \/>\nAjuste mediante cordonera.<\/div>\n<div class=\"tsf-campo-acf-titulo tsf-campo-acf-titulo-pa_tallas tsf_campo-acf tsf_pa_tallas\"><\/div>\n<div><strong>Tallas<\/strong><\/div>\n<div><\/div>\n<div class=\"tsf-campo-acf-valores tsf-campo-acf-valores-pa_tallas tsf_campo-acf tsf_pa_tallas\">XS, S, M, L, XL<\/div>\n<div class=\"tsf-campo-acf-valores tsf-campo-acf-valores-tallas_medidas tsf_campo-acf tsf_pa_tallas_medidas\">CONTORNO DE TOBILLO<br \/>\nS (22-24 CM) , M (24-26 CM) , L (26-28 CM) , XL (28-30 CM).<\/div>\n","protected":false},"excerpt":{"rendered":"<p>Esguince de ligamentos. Laxitud ligamentosa cr\u00f3nica Lesi\u00f3n en c\u00e1psula articular. Inestabilidad articular cr\u00f3nica Prevenci\u00f3n de recidiva. Traumatismo. Tratamiento estabilizador despu\u00e9s de inmovilizaci\u00f3n prolongada Post-quir\u00fargica Caracter\u00edsticas Tobillera estabilizadora que incorpora f\u00e9rulas laterales. Confeccionada en tejido t\u00e9cnico inel\u00e1stico de tecnolog\u00eda 3D. Cincha el\u00e1stica lateral de sujeci\u00f3n para vendaje en \u00ab8\u00bb que permite el control del varo \/valgo. [&hellip;]<\/p>\n","protected":false},"featured_media":2361,"comment_status":"open","ping_status":"closed","template":"","meta":{"saved_in_kubio":false},"product_brand":[],"product_cat":[95],"product_tag":[118],"class_list":{"0":"post-2360","1":"product","2":"type-product","3":"status-publish","4":"has-post-thumbnail","6":"product_cat-miembro-inferior","7":"product_tag-emo","9":"first","10":"instock","11":"shipping-taxable","12":"product-type-simple"},"_links":{"self":[{"href":"https:\/\/ortopediagot.net\/Inicio\/wp-json\/wp\/v2\/product\/2360"}],"collection":[{"href":"https:\/\/ortopediagot.net\/Inicio\/wp-json\/wp\/v2\/product"}],"about":[{"href":"https:\/\/ortopediagot.net\/Inicio\/wp-json\/wp\/v2\/types\/product"}],"replies":[{"embeddable":true,"href":"https:\/\/ortopediagot.net\/Inicio\/wp-json\/wp\/v2\/comments?post=2360"}],"wp:featuredmedia":[{"embeddable":true,"href":"https:\/\/ortopediagot.net\/Inicio\/wp-json\/wp\/v2\/media\/2361"}],"wp:attachment":[{"href":"https:\/\/ortopediagot.net\/Inicio\/wp-json\/wp\/v2\/media?parent=2360"}],"wp:term":[{"taxonomy":"product_brand","embeddable":true,"href":"https:\/\/ortopediagot.net\/Inicio\/wp-json\/wp\/v2\/product_brand?post=2360"},{"taxonomy":"product_cat","embeddable":true,"href":"https:\/\/ortopediagot.net\/Inicio\/wp-json\/wp\/v2\/product_cat?post=2360"},{"taxonomy":"product_tag","embeddable":true,"href":"https:\/\/ortopediagot.net\/Inicio\/wp-json\/wp\/v2\/product_tag?post=2360"}],"curies":[{"name":"wp","href":"https:\/\/api.w.org\/{rel}","templated":true}]}}