{"id":2405,"date":"2024-05-31T17:40:50","date_gmt":"2024-05-31T16:40:50","guid":{"rendered":"https:\/\/ortopediagot.net\/?post_type=product&#038;p=2405"},"modified":"2024-06-04T09:55:11","modified_gmt":"2024-06-04T08:55:11","slug":"baston-opti-comfort-premium-816047-violet-816047-bleu-816047-noir","status":"publish","type":"product","link":"https:\/\/ortopediagot.net\/Inicio\/producto\/baston-opti-comfort-premium-816047-violet-816047-bleu-816047-noir\/","title":{"rendered":"BAST\u00d3N OPTI COMFORT PREMIUM"},"content":{"rendered":"<div>BAST\u00d3N OPTI COMFORT PREMIUM (816047.VIOLET, 816047.BLEU, 816047.NOIR)<\/div>\n<div><\/div>\n<div class=\"tsf-campo-acf-titulo tsf-campo-acf-titulo-caracteristicas tsf_campo-acf tsf_caracteristicas\"><strong>Caracter\u00edsticas<\/strong><\/div>\n<div><\/div>\n<div class=\"tsf-campo-acf-valores tsf-campo-acf-valores-caracteristicas tsf_campo-acf tsf_caracteristicas\">Soporte ultrac\u00f3modo para la mano y el antebrazo.<br \/>\nMaterial flexible, suave, antideslizante y doble densidad.<br \/>\nPeso de un bast\u00f3n: 465 gr.<br \/>\nPar.<br \/>\nTres colores.<\/div>\n<div class=\"tsf-campo-acf-titulo tsf-campo-acf-titulo-pa_colores tsf_campo-acf tsf_pa_colores\"><\/div>\n<div><strong>Color\u00a0<\/strong><\/div>\n<div><\/div>\n<div class=\"tsf-campo-acf-valores tsf-campo-acf-valores-pa_colores tsf_campo-acf tsf_pa_colores\">AZUL, NEGRO, VIOLETA<\/div>\n","protected":false},"excerpt":{"rendered":"<p>BAST\u00d3N OPTI COMFORT PREMIUM (816047.VIOLET, 816047.BLEU, 816047.NOIR) Caracter\u00edsticas Soporte ultrac\u00f3modo para la mano y el antebrazo. Material flexible, suave, antideslizante y doble densidad. Peso de un bast\u00f3n: 465 gr. Par. Tres colores. Color\u00a0 AZUL, NEGRO, VIOLETA<\/p>\n","protected":false},"featured_media":2406,"comment_status":"open","ping_status":"closed","template":"","meta":{"saved_in_kubio":false},"product_brand":[],"product_cat":[62],"product_tag":[118],"class_list":{"0":"post-2405","1":"product","2":"type-product","3":"status-publish","4":"has-post-thumbnail","6":"product_cat-bastones","7":"product_tag-emo","9":"first","10":"instock","11":"shipping-taxable","12":"product-type-simple"},"_links":{"self":[{"href":"https:\/\/ortopediagot.net\/Inicio\/wp-json\/wp\/v2\/product\/2405"}],"collection":[{"href":"https:\/\/ortopediagot.net\/Inicio\/wp-json\/wp\/v2\/product"}],"about":[{"href":"https:\/\/ortopediagot.net\/Inicio\/wp-json\/wp\/v2\/types\/product"}],"replies":[{"embeddable":true,"href":"https:\/\/ortopediagot.net\/Inicio\/wp-json\/wp\/v2\/comments?post=2405"}],"wp:featuredmedia":[{"embeddable":true,"href":"https:\/\/ortopediagot.net\/Inicio\/wp-json\/wp\/v2\/media\/2406"}],"wp:attachment":[{"href":"https:\/\/ortopediagot.net\/Inicio\/wp-json\/wp\/v2\/media?parent=2405"}],"wp:term":[{"taxonomy":"product_brand","embeddable":true,"href":"https:\/\/ortopediagot.net\/Inicio\/wp-json\/wp\/v2\/product_brand?post=2405"},{"taxonomy":"product_cat","embeddable":true,"href":"https:\/\/ortopediagot.net\/Inicio\/wp-json\/wp\/v2\/product_cat?post=2405"},{"taxonomy":"product_tag","embeddable":true,"href":"https:\/\/ortopediagot.net\/Inicio\/wp-json\/wp\/v2\/product_tag?post=2405"}],"curies":[{"name":"wp","href":"https:\/\/api.w.org\/{rel}","templated":true}]}}