{"id":2421,"date":"2024-05-31T17:48:41","date_gmt":"2024-05-31T16:48:41","guid":{"rendered":"https:\/\/ortopediagot.net\/?post_type=product&#038;p=2421"},"modified":"2024-06-04T09:54:06","modified_gmt":"2024-06-04T08:54:06","slug":"baston-plegable-y-ajustable-816068-816069-o-816014-816069-r-816069-f-816069-e","status":"publish","type":"product","link":"https:\/\/ortopediagot.net\/Inicio\/producto\/baston-plegable-y-ajustable-816068-816069-o-816014-816069-r-816069-f-816069-e\/","title":{"rendered":"BAST\u00d3N PLEGABLE Y AJUSTABLE"},"content":{"rendered":"<div>BAST\u00d3N PLEGABLE Y AJUSTABLE (816068, 816069.O, 816014, 816069.R, 816069.F, 816069.E)<\/div>\n<div><\/div>\n<div class=\"tsf-campo-acf-titulo tsf-campo-acf-titulo-caracteristicas tsf_campo-acf tsf_caracteristicas\"><strong>Caracter\u00edsticas<\/strong><\/div>\n<div><\/div>\n<div class=\"tsf-campo-acf-valores tsf-campo-acf-valores-caracteristicas tsf_campo-acf tsf_caracteristicas\">Robusta estructura de aluminio:<br \/>\nAsa de confort en madera maciza.<br \/>\nPlegable en 4 partes.<br \/>\nIncorpora correa textil, cubierta de pl\u00e1stico y anillo de retenci\u00f3n en popsici\u00f3n plegado.<br \/>\nAltura regulable: 83 a 93 cm.<br \/>\n6 colores.<br \/>\nMuy ligero: 300 gr.<\/div>\n<div class=\"tsf-campo-acf-titulo tsf-campo-acf-titulo-pa_colores tsf_campo-acf tsf_pa_colores\"><\/div>\n<div><strong>Color<\/strong><\/div>\n<div><\/div>\n<div class=\"tsf-campo-acf-valores tsf-campo-acf-valores-pa_colores tsf_campo-acf tsf_pa_colores\">CAFE, ESCOCES, FLORA, NEGRO, NOGAL, ORQUIDEA<\/div>\n","protected":false},"excerpt":{"rendered":"<p>BAST\u00d3N PLEGABLE Y AJUSTABLE (816068, 816069.O, 816014, 816069.R, 816069.F, 816069.E) Caracter\u00edsticas Robusta estructura de aluminio: Asa de confort en madera maciza. Plegable en 4 partes. Incorpora correa textil, cubierta de pl\u00e1stico y anillo de retenci\u00f3n en popsici\u00f3n plegado. Altura regulable: 83 a 93 cm. 6 colores. Muy ligero: 300 gr. Color CAFE, ESCOCES, FLORA, NEGRO, [&hellip;]<\/p>\n","protected":false},"featured_media":2422,"comment_status":"open","ping_status":"closed","template":"","meta":{"saved_in_kubio":false},"product_brand":[],"product_cat":[62],"product_tag":[118],"class_list":{"0":"post-2421","1":"product","2":"type-product","3":"status-publish","4":"has-post-thumbnail","6":"product_cat-bastones","7":"product_tag-emo","9":"first","10":"instock","11":"shipping-taxable","12":"product-type-simple"},"_links":{"self":[{"href":"https:\/\/ortopediagot.net\/Inicio\/wp-json\/wp\/v2\/product\/2421"}],"collection":[{"href":"https:\/\/ortopediagot.net\/Inicio\/wp-json\/wp\/v2\/product"}],"about":[{"href":"https:\/\/ortopediagot.net\/Inicio\/wp-json\/wp\/v2\/types\/product"}],"replies":[{"embeddable":true,"href":"https:\/\/ortopediagot.net\/Inicio\/wp-json\/wp\/v2\/comments?post=2421"}],"wp:featuredmedia":[{"embeddable":true,"href":"https:\/\/ortopediagot.net\/Inicio\/wp-json\/wp\/v2\/media\/2422"}],"wp:attachment":[{"href":"https:\/\/ortopediagot.net\/Inicio\/wp-json\/wp\/v2\/media?parent=2421"}],"wp:term":[{"taxonomy":"product_brand","embeddable":true,"href":"https:\/\/ortopediagot.net\/Inicio\/wp-json\/wp\/v2\/product_brand?post=2421"},{"taxonomy":"product_cat","embeddable":true,"href":"https:\/\/ortopediagot.net\/Inicio\/wp-json\/wp\/v2\/product_cat?post=2421"},{"taxonomy":"product_tag","embeddable":true,"href":"https:\/\/ortopediagot.net\/Inicio\/wp-json\/wp\/v2\/product_tag?post=2421"}],"curies":[{"name":"wp","href":"https:\/\/api.w.org\/{rel}","templated":true}]}}