{"id":2427,"date":"2024-05-31T17:57:06","date_gmt":"2024-05-31T16:57:06","guid":{"rendered":"https:\/\/ortopediagot.net\/?post_type=product&#038;p=2427"},"modified":"2024-06-04T09:52:10","modified_gmt":"2024-06-04T08:52:10","slug":"andador-de-pasos-plegable-826094","status":"publish","type":"product","link":"https:\/\/ortopediagot.net\/Inicio\/producto\/andador-de-pasos-plegable-826094\/","title":{"rendered":"ANDADOR DE PASOS PLEGABLE"},"content":{"rendered":"<div>ANDADOR DE PASOS PLEGABLE (826094)<\/div>\n<div><\/div>\n<div class=\"tsf-campo-acf-titulo tsf-campo-acf-titulo-caracteristicas tsf_campo-acf tsf_caracteristicas\"><strong>Caracter\u00edsticas<\/strong><\/div>\n<div><\/div>\n<div class=\"tsf-campo-acf-valores tsf-campo-acf-valores-caracteristicas tsf_campo-acf tsf_caracteristicas\">Nuestro andador plegable le permite caminar con seguridad en interiores.<br \/>\nPlegado r\u00e1pido gracias al mando giratorio situado en el centro del marco.<br \/>\nEstructura de aluminio anodizado, di\u00e1metro 25mm.<br \/>\nMangos de PVC.<br \/>\nDimensiones del piso: ancho 59 x profundidad 47 cm.<br \/>\nAltura de las asas regulable en 8 posiciones de 77,5 a 95 cm.<br \/>\nAncho entre asas 43 cm.<br \/>\nPeso 2,55 kg.<\/div>\n","protected":false},"excerpt":{"rendered":"<p>ANDADOR DE PASOS PLEGABLE (826094) Caracter\u00edsticas Nuestro andador plegable le permite caminar con seguridad en interiores. Plegado r\u00e1pido gracias al mando giratorio situado en el centro del marco. Estructura de aluminio anodizado, di\u00e1metro 25mm. Mangos de PVC. Dimensiones del piso: ancho 59 x profundidad 47 cm. Altura de las asas regulable en 8 posiciones de [&hellip;]<\/p>\n","protected":false},"featured_media":2428,"comment_status":"open","ping_status":"closed","template":"","meta":{"saved_in_kubio":false},"product_brand":[],"product_cat":[60],"product_tag":[118],"class_list":{"0":"post-2427","1":"product","2":"type-product","3":"status-publish","4":"has-post-thumbnail","6":"product_cat-andadores","7":"product_tag-emo","9":"first","10":"instock","11":"shipping-taxable","12":"product-type-simple"},"_links":{"self":[{"href":"https:\/\/ortopediagot.net\/Inicio\/wp-json\/wp\/v2\/product\/2427"}],"collection":[{"href":"https:\/\/ortopediagot.net\/Inicio\/wp-json\/wp\/v2\/product"}],"about":[{"href":"https:\/\/ortopediagot.net\/Inicio\/wp-json\/wp\/v2\/types\/product"}],"replies":[{"embeddable":true,"href":"https:\/\/ortopediagot.net\/Inicio\/wp-json\/wp\/v2\/comments?post=2427"}],"wp:featuredmedia":[{"embeddable":true,"href":"https:\/\/ortopediagot.net\/Inicio\/wp-json\/wp\/v2\/media\/2428"}],"wp:attachment":[{"href":"https:\/\/ortopediagot.net\/Inicio\/wp-json\/wp\/v2\/media?parent=2427"}],"wp:term":[{"taxonomy":"product_brand","embeddable":true,"href":"https:\/\/ortopediagot.net\/Inicio\/wp-json\/wp\/v2\/product_brand?post=2427"},{"taxonomy":"product_cat","embeddable":true,"href":"https:\/\/ortopediagot.net\/Inicio\/wp-json\/wp\/v2\/product_cat?post=2427"},{"taxonomy":"product_tag","embeddable":true,"href":"https:\/\/ortopediagot.net\/Inicio\/wp-json\/wp\/v2\/product_tag?post=2427"}],"curies":[{"name":"wp","href":"https:\/\/api.w.org\/{rel}","templated":true}]}}