{"id":2468,"date":"2024-06-03T11:26:08","date_gmt":"2024-06-03T10:26:08","guid":{"rendered":"https:\/\/ortopediagot.net\/?post_type=product&#038;p=2468"},"modified":"2024-06-03T11:26:29","modified_gmt":"2024-06-03T10:26:29","slug":"quickie-q400-r-sedeo-lite","status":"publish","type":"product","link":"https:\/\/ortopediagot.net\/Inicio\/producto\/quickie-q400-r-sedeo-lite\/","title":{"rendered":"QUICKIE Q400 R Sedeo Lite"},"content":{"rendered":"<p><strong>SILLA DE RUEDAS EL\u00c9CTRICA CON TRACCI\u00d3N TRASERA<\/strong><\/p>\n<p>Rendimiento superior en interiores y exteriores<\/p>\n<p>La silla de ruedas el\u00e9ctrica con tracci\u00f3n trasera QUICKIE Q400\u00ae R ofrece una excelente maniobrabilidad en exteriores y un incre\u00edble rendimiento en interiores. Todo ello, combinado con los beneficios del asiento multi ajustable SEDEO\u00ae LITE y los controles m\u00e1s avanzados, ofrece la silla de ruedas el\u00e9ctrica perfecta para una experiencia de conducci\u00f3n, manejable, intuitiva y segura. Ofrece una altura reducida de asiento al suelo (desde 41,5 cm) para que puedas acceder f\u00e1cilmente a veh\u00edculos adaptados, realizar transferencias desde o a la silla, y acercarte a mesas.<\/p>\n<p><strong>SEDEO LITE &#8211; Asiento ajustable<\/strong><\/p>\n<p>Refuerza tu independencia y confort con el sistema de asiento SEDEO LITE. Su armaz\u00f3n ajustable est\u00e1 adem\u00e1s provisto de un sistema lateral de ra\u00edles que permite adaptar f\u00e1cilmente accesorios posturales o cualquier otro tipo de soluci\u00f3n que se precise para acomodar necesidades cl\u00ednicas leves o moderadas.<\/p>\n<ul>\n<li>F\u00e1cil y r\u00e1pido de ajustar<\/li>\n<li>Reposabrazos abatibles hacia atr\u00e1s<\/li>\n<li>Respaldo de tapicer\u00eda o respaldos Sedeo Lite<\/li>\n<li>Dise\u00f1o integrado del reposacabezas<\/li>\n<li>Distintas opciones de reposapi\u00e9s<\/li>\n<li>Elementos posicionadores<\/li>\n<\/ul>\n<p><strong>FUNCI\u00d3N C-ME<\/strong><\/p>\n<p>El\u00e9vate hasta 30 cm y conduce hasta 4,5 km\/h \u00a1todo al mismo tiempo!<\/p>\n<p>\u00bfTe preocupa que la mayor\u00eda de veces los que te rodean no puedan verte? \u00bfSientes que no puedes alcanzar algunos objetos de forma independiente? \u00bfTe gustar\u00eda dar un paseo con tus amigos y familiares y hablar con ellos mientras les miras a los ojos? Con C-Me puedes lograr la independencia que buscas. Una nueva y poderosa funci\u00f3n para las sillas de ruedas el\u00e9ctricas de la serie Q que te permite elevarte de forma segura hasta 30 cm y conducir hasta 4,5 km\/h, \u00a1todo al mismo tiempo!<\/p>\n","protected":false},"excerpt":{"rendered":"<p>SILLA DE RUEDAS EL\u00c9CTRICA CON TRACCI\u00d3N TRASERA Rendimiento superior en interiores y exteriores La silla de ruedas el\u00e9ctrica con tracci\u00f3n trasera QUICKIE Q400\u00ae R ofrece una excelente maniobrabilidad en exteriores y un incre\u00edble rendimiento en interiores. Todo ello, combinado con los beneficios del asiento multi ajustable SEDEO\u00ae LITE y los controles m\u00e1s avanzados, ofrece la [&hellip;]<\/p>\n","protected":false},"featured_media":2469,"comment_status":"open","ping_status":"closed","template":"","meta":{"saved_in_kubio":false},"product_brand":[],"product_cat":[108],"product_tag":[121],"class_list":{"0":"post-2468","1":"product","2":"type-product","3":"status-publish","4":"has-post-thumbnail","6":"product_cat-sillas-de-ruedas-electricas","7":"product_tag-quickie","9":"first","10":"instock","11":"shipping-taxable","12":"product-type-simple"},"_links":{"self":[{"href":"https:\/\/ortopediagot.net\/Inicio\/wp-json\/wp\/v2\/product\/2468"}],"collection":[{"href":"https:\/\/ortopediagot.net\/Inicio\/wp-json\/wp\/v2\/product"}],"about":[{"href":"https:\/\/ortopediagot.net\/Inicio\/wp-json\/wp\/v2\/types\/product"}],"replies":[{"embeddable":true,"href":"https:\/\/ortopediagot.net\/Inicio\/wp-json\/wp\/v2\/comments?post=2468"}],"wp:featuredmedia":[{"embeddable":true,"href":"https:\/\/ortopediagot.net\/Inicio\/wp-json\/wp\/v2\/media\/2469"}],"wp:attachment":[{"href":"https:\/\/ortopediagot.net\/Inicio\/wp-json\/wp\/v2\/media?parent=2468"}],"wp:term":[{"taxonomy":"product_brand","embeddable":true,"href":"https:\/\/ortopediagot.net\/Inicio\/wp-json\/wp\/v2\/product_brand?post=2468"},{"taxonomy":"product_cat","embeddable":true,"href":"https:\/\/ortopediagot.net\/Inicio\/wp-json\/wp\/v2\/product_cat?post=2468"},{"taxonomy":"product_tag","embeddable":true,"href":"https:\/\/ortopediagot.net\/Inicio\/wp-json\/wp\/v2\/product_tag?post=2468"}],"curies":[{"name":"wp","href":"https:\/\/api.w.org\/{rel}","templated":true}]}}