{"id":2492,"date":"2024-06-03T13:50:28","date_gmt":"2024-06-03T12:50:28","guid":{"rendered":"https:\/\/ortopediagot.net\/?post_type=product&#038;p=2492"},"modified":"2024-06-03T13:50:28","modified_gmt":"2024-06-03T12:50:28","slug":"quickie-nitrum-nitrum-pro","status":"publish","type":"product","link":"https:\/\/ortopediagot.net\/Inicio\/producto\/quickie-nitrum-nitrum-pro\/","title":{"rendered":"QUICKIE Nitrum \/ Nitrum Pro"},"content":{"rendered":"<p><strong>SILLA DE RUEDAS R\u00cdGIDA<\/strong><\/p>\n<p>Nitrum, con una respuesta inmediata capaz de convertir eficientemente tu energ\u00eda en movimiento para que puedas llegar m\u00e1s lejos, m\u00e1s r\u00e1pido y sin cansarte. Y su versi\u00f3n Pro, con respaldo y pletina del eje totalmente soldados, lo que disminuye a\u00fan m\u00e1s el peso, aumenta la rigidez del armaz\u00f3n y reduce las partes m\u00f3viles.<\/p>\n<p>Nitrum\u00ae \u2013 la m\u00e1s ligera en su categor\u00eda, ajustable y con caracter\u00edsticas nuevas e innovadoras. Descubrir\u00e1s un nuevo nivel, sin l\u00edmites. Energy into Motion!<\/p>\n<p>Nitrum Pro \u2013 la m\u00e1s ligera de la serie. Pletina del eje y respaldo soldados para optimizar a\u00fan m\u00e1s la relaci\u00f3n peso-rigidez y ofrecer una conducci\u00f3n din\u00e1mica y eficiente.<\/p>\n<p>Desde hace muchos a\u00f1os nos mueve nuestra pasi\u00f3n por crear sillas de alto rendimiento, capaces de proporcionarte el m\u00e1s alto nivel de independencia. Para desarrollar la Serie Nitrum hemos empleado todos nuestros conocimientos y experiencia y, sobre todo, nuestro valor m\u00e1s importante: la opini\u00f3n de las personas que utilizan nuestros productos. Ideales para aquellos que buscan un rendimiento de conducci\u00f3n inigualable, detalles inteligentes y una amplia gama de opciones para conseguir el ajuste perfecto.<\/p>\n<p>&nbsp;<\/p>\n","protected":false},"excerpt":{"rendered":"<p>SILLA DE RUEDAS R\u00cdGIDA Nitrum, con una respuesta inmediata capaz de convertir eficientemente tu energ\u00eda en movimiento para que puedas llegar m\u00e1s lejos, m\u00e1s r\u00e1pido y sin cansarte. Y su versi\u00f3n Pro, con respaldo y pletina del eje totalmente soldados, lo que disminuye a\u00fan m\u00e1s el peso, aumenta la rigidez del armaz\u00f3n y reduce las [&hellip;]<\/p>\n","protected":false},"featured_media":2493,"comment_status":"open","ping_status":"closed","template":"","meta":{"saved_in_kubio":false},"product_brand":[],"product_cat":[41],"product_tag":[121],"class_list":{"0":"post-2492","1":"product","2":"type-product","3":"status-publish","4":"has-post-thumbnail","6":"product_cat-sillas-de-ruedas-2","7":"product_tag-quickie","9":"first","10":"instock","11":"shipping-taxable","12":"product-type-simple"},"_links":{"self":[{"href":"https:\/\/ortopediagot.net\/Inicio\/wp-json\/wp\/v2\/product\/2492"}],"collection":[{"href":"https:\/\/ortopediagot.net\/Inicio\/wp-json\/wp\/v2\/product"}],"about":[{"href":"https:\/\/ortopediagot.net\/Inicio\/wp-json\/wp\/v2\/types\/product"}],"replies":[{"embeddable":true,"href":"https:\/\/ortopediagot.net\/Inicio\/wp-json\/wp\/v2\/comments?post=2492"}],"wp:featuredmedia":[{"embeddable":true,"href":"https:\/\/ortopediagot.net\/Inicio\/wp-json\/wp\/v2\/media\/2493"}],"wp:attachment":[{"href":"https:\/\/ortopediagot.net\/Inicio\/wp-json\/wp\/v2\/media?parent=2492"}],"wp:term":[{"taxonomy":"product_brand","embeddable":true,"href":"https:\/\/ortopediagot.net\/Inicio\/wp-json\/wp\/v2\/product_brand?post=2492"},{"taxonomy":"product_cat","embeddable":true,"href":"https:\/\/ortopediagot.net\/Inicio\/wp-json\/wp\/v2\/product_cat?post=2492"},{"taxonomy":"product_tag","embeddable":true,"href":"https:\/\/ortopediagot.net\/Inicio\/wp-json\/wp\/v2\/product_tag?post=2492"}],"curies":[{"name":"wp","href":"https:\/\/api.w.org\/{rel}","templated":true}]}}