{"id":2496,"date":"2024-06-03T16:47:56","date_gmt":"2024-06-03T15:47:56","guid":{"rendered":"https:\/\/ortopediagot.net\/?post_type=product&#038;p=2496"},"modified":"2024-06-03T16:47:56","modified_gmt":"2024-06-03T15:47:56","slug":"quickie-krypton-f","status":"publish","type":"product","link":"https:\/\/ortopediagot.net\/Inicio\/producto\/quickie-krypton-f\/","title":{"rendered":"QUICKIE Krypton F"},"content":{"rendered":"<p><strong>SILLA DE RUEDAS PLEGABLE<\/strong><\/p>\n<p>Silla de ruedas de carbono con armaz\u00f3n plegable. Ligera y resistente. Desde 5,8 kg!<\/p>\n<p>Con la ingenier\u00eda m\u00e1s avanzada, el dise\u00f1o m\u00e1s audaz y los materiales m\u00e1s innovadores, hemos creado Krypton F, la silla de ruedas de carbono plegable con el armaz\u00f3n perfecto: ligero, resistente, ajustable y con una incre\u00edble suavidad de rodaje.<\/p>\n<p>Con un peso desde s\u00f3lo 5,8 kg*, Krypton F es la silla de ruedas plegable m\u00e1s ligera. La mires por donde la mires, esta silla de carbono desprende belleza gracias al dise\u00f1o especial de su cruceta&#8230;\u00a1apenas notar\u00e1s que se trata de una silla de ruedas plegable!<\/p>\n<p><strong>Rigidez, resistencia y suavidad en el rodaje<\/strong><\/p>\n<p>Con un peso desde 5,8 kg*, QUICKIE Krypton F es la silla de ruedas plegable m\u00e1s ligera del mundo. Fabricada con la tecnolog\u00eda de carbono m\u00e1s avanzada y con los filamentos de la m\u00e1s alta calidad para garantizar el mejor ratio de resistencia-elasticidad-peso.<\/p>\n<p>El resultado es una silla de ruedas ligera, pero con una rigidez y resistencia insuperables&#8230; y adem\u00e1s, con una suavidad incre\u00edble de rodaje. Esto se debe a la gran capacidad de flexi\u00f3n que aporta el carbono, lo que permite absorber mejor las vibraciones del asfalto para que que puedas disfrutar de largos paseos sin sentirte destrozado al final del d\u00eda.<\/p>\n<p><strong>Redescubre el carbono con Krypton<\/strong><\/p>\n<p>En la industria existen distintas t\u00e9cnicas para confeccionar tubos de carbono. Para confeccionar QUICKIE Krypton F hemos aplicado una nueva tecnolog\u00eda patentada de trenzado sin costuras, conocida como BRAID Technology.<\/p>\n<p>Gracias a esta nueva t\u00e9cnica, hemos sido capaces de construir el armaz\u00f3n perfecto. Fuerte en los puntos donde es necesario, pero ligero al mismo tiempo. Siguiendo los est\u00e1ndares m\u00e1s altos de fabricaci\u00f3n y con un proceso automatizado, preciso y confiable.<\/p>\n<p><strong>Concebida para perdurar en el tiempo<\/strong><\/p>\n<p>No hemos escatimado esfuerzos para garantizar la fiabilidad de Krypton. Cada componente ha sido minuciosamente evaluado por nuestro equipo de ingenieros y aprobado s\u00f3lo cuando estaban 100% satisfechos con el resultado.<\/p>\n<p>El armaz\u00f3n ha sido testado bajo las condiciones meteorol\u00f3gicas m\u00e1s extremas (De -20\u00b0 a 70\u00b0 C) y las pruebas de envejecimiento han verificado su gran resistencia a la corrosi\u00f3n. Krypton F ha sido dise\u00f1ada para permanecer impasible al paso del tiempo.<\/p>\n<p><strong>Una aut\u00e9ntica obra de arte<\/strong><\/p>\n<p>Decantarse por una Krypton F es s\u00f3lo el principio. Selecciona entre las diferentes opciones de acabados disponibles para crear una silla de ruedas que acaricie tu estilo personal:<\/p>\n<ul>\n<li>Brillante: revestimiento de lujo en alto brillo.<\/li>\n<li>Mate: Elegante y sobrio.<\/li>\n<li>Pintado en negro: acabado mate o brillante.<\/li>\n<li>Carbono natural: sin revestimiento; la versi\u00f3n m\u00e1s purista. Permite un ahorro de peso de 100 gramos y el acabado final es muy similar al revestimiento mate. b<\/li>\n<\/ul>\n","protected":false},"excerpt":{"rendered":"<p>SILLA DE RUEDAS PLEGABLE Silla de ruedas de carbono con armaz\u00f3n plegable. Ligera y resistente. Desde 5,8 kg! Con la ingenier\u00eda m\u00e1s avanzada, el dise\u00f1o m\u00e1s audaz y los materiales m\u00e1s innovadores, hemos creado Krypton F, la silla de ruedas de carbono plegable con el armaz\u00f3n perfecto: ligero, resistente, ajustable y con una incre\u00edble suavidad [&hellip;]<\/p>\n","protected":false},"featured_media":2497,"comment_status":"open","ping_status":"closed","template":"","meta":{"saved_in_kubio":false},"product_brand":[],"product_cat":[41],"product_tag":[121],"class_list":{"0":"post-2496","1":"product","2":"type-product","3":"status-publish","4":"has-post-thumbnail","6":"product_cat-sillas-de-ruedas-2","7":"product_tag-quickie","9":"first","10":"instock","11":"shipping-taxable","12":"product-type-simple"},"_links":{"self":[{"href":"https:\/\/ortopediagot.net\/Inicio\/wp-json\/wp\/v2\/product\/2496"}],"collection":[{"href":"https:\/\/ortopediagot.net\/Inicio\/wp-json\/wp\/v2\/product"}],"about":[{"href":"https:\/\/ortopediagot.net\/Inicio\/wp-json\/wp\/v2\/types\/product"}],"replies":[{"embeddable":true,"href":"https:\/\/ortopediagot.net\/Inicio\/wp-json\/wp\/v2\/comments?post=2496"}],"wp:featuredmedia":[{"embeddable":true,"href":"https:\/\/ortopediagot.net\/Inicio\/wp-json\/wp\/v2\/media\/2497"}],"wp:attachment":[{"href":"https:\/\/ortopediagot.net\/Inicio\/wp-json\/wp\/v2\/media?parent=2496"}],"wp:term":[{"taxonomy":"product_brand","embeddable":true,"href":"https:\/\/ortopediagot.net\/Inicio\/wp-json\/wp\/v2\/product_brand?post=2496"},{"taxonomy":"product_cat","embeddable":true,"href":"https:\/\/ortopediagot.net\/Inicio\/wp-json\/wp\/v2\/product_cat?post=2496"},{"taxonomy":"product_tag","embeddable":true,"href":"https:\/\/ortopediagot.net\/Inicio\/wp-json\/wp\/v2\/product_tag?post=2496"}],"curies":[{"name":"wp","href":"https:\/\/api.w.org\/{rel}","templated":true}]}}