{"id":2657,"date":"2024-06-06T10:18:04","date_gmt":"2024-06-06T09:18:04","guid":{"rendered":"https:\/\/ortopediagot.net\/?post_type=product&#038;p=2657"},"modified":"2024-06-06T10:18:05","modified_gmt":"2024-06-06T09:18:05","slug":"rampa-ergo-easy-reforzada-825017-825018","status":"publish","type":"product","link":"https:\/\/ortopediagot.net\/Inicio\/producto\/rampa-ergo-easy-reforzada-825017-825018\/","title":{"rendered":"RAMPA ERGO EASY REFORZADA (825017, 825018)"},"content":{"rendered":"<div>RAMPA ERGO EASY REFORZADA (825017, 825018)<\/div>\n<div><\/div>\n<div class=\"tsf-campo-acf-titulo tsf-campo-acf-titulo-caracteristicas tsf_campo-acf tsf_caracteristicas\"><strong>Caracter\u00edsticas<\/strong><\/div>\n<div><\/div>\n<div class=\"tsf-campo-acf-valores tsf-campo-acf-valores-caracteristicas tsf_campo-acf tsf_caracteristicas\">Nuestra rampa Ergo Easy es f\u00e1cilmente transportable en 2 partes y se puede acoplar a una rampa para maletas en uso.<br \/>\nEsta solidaridad se logra a trav\u00e9s de un pestillo reforzado. Su estructura plegable tambi\u00e9n est\u00e1 reforzada para evitar el fen\u00f3meno de las flechas de resorte cuando se utiliza.<br \/>\nEstructura de aluminio con revestimiento antideslizante.<br \/>\nAncho \u00fatil de paso 76 cm.<br \/>\nAncho total 78 cm.<br \/>\nModelo 244 cm plegable sobre 122 cm.<br \/>\nPeso de las 2 piezas 24,1 kg.<br \/>\nModelo 301 cm plegable sobre 152 cm.<br \/>\nPeso de las 2 piezas 29,6 kg.<\/div>\n<div class=\"tsf-campo-acf-titulo tsf-campo-acf-titulo-pa_medidas tsf_campo-acf tsf_pa_medidas\"><\/div>\n<div><strong>Medidas<\/strong><\/div>\n<div><\/div>\n<div class=\"tsf-campo-acf-valores tsf-campo-acf-valores-pa_medidas tsf_campo-acf tsf_pa_medidas\">244 CM, 300 CM<\/div>\n","protected":false},"excerpt":{"rendered":"<p>RAMPA ERGO EASY REFORZADA (825017, 825018) Caracter\u00edsticas Nuestra rampa Ergo Easy es f\u00e1cilmente transportable en 2 partes y se puede acoplar a una rampa para maletas en uso. Esta solidaridad se logra a trav\u00e9s de un pestillo reforzado. Su estructura plegable tambi\u00e9n est\u00e1 reforzada para evitar el fen\u00f3meno de las flechas de resorte cuando se [&hellip;]<\/p>\n","protected":false},"featured_media":2658,"comment_status":"open","ping_status":"closed","template":"","meta":{"saved_in_kubio":false},"product_brand":[],"product_cat":[58],"product_tag":[118],"class_list":{"0":"post-2657","1":"product","2":"type-product","3":"status-publish","4":"has-post-thumbnail","6":"product_cat-rampas","7":"product_tag-emo","9":"first","10":"instock","11":"shipping-taxable","12":"product-type-simple"},"_links":{"self":[{"href":"https:\/\/ortopediagot.net\/Inicio\/wp-json\/wp\/v2\/product\/2657"}],"collection":[{"href":"https:\/\/ortopediagot.net\/Inicio\/wp-json\/wp\/v2\/product"}],"about":[{"href":"https:\/\/ortopediagot.net\/Inicio\/wp-json\/wp\/v2\/types\/product"}],"replies":[{"embeddable":true,"href":"https:\/\/ortopediagot.net\/Inicio\/wp-json\/wp\/v2\/comments?post=2657"}],"wp:featuredmedia":[{"embeddable":true,"href":"https:\/\/ortopediagot.net\/Inicio\/wp-json\/wp\/v2\/media\/2658"}],"wp:attachment":[{"href":"https:\/\/ortopediagot.net\/Inicio\/wp-json\/wp\/v2\/media?parent=2657"}],"wp:term":[{"taxonomy":"product_brand","embeddable":true,"href":"https:\/\/ortopediagot.net\/Inicio\/wp-json\/wp\/v2\/product_brand?post=2657"},{"taxonomy":"product_cat","embeddable":true,"href":"https:\/\/ortopediagot.net\/Inicio\/wp-json\/wp\/v2\/product_cat?post=2657"},{"taxonomy":"product_tag","embeddable":true,"href":"https:\/\/ortopediagot.net\/Inicio\/wp-json\/wp\/v2\/product_tag?post=2657"}],"curies":[{"name":"wp","href":"https:\/\/api.w.org\/{rel}","templated":true}]}}