{"id":2680,"date":"2024-06-06T10:43:03","date_gmt":"2024-06-06T09:43:03","guid":{"rendered":"https:\/\/ortopediagot.net\/?post_type=product&#038;p=2680"},"modified":"2024-06-06T10:43:04","modified_gmt":"2024-06-06T09:43:04","slug":"pequeno-umbral-de-paso-826174","status":"publish","type":"product","link":"https:\/\/ortopediagot.net\/Inicio\/producto\/pequeno-umbral-de-paso-826174\/","title":{"rendered":"PEQUE\u00d1O UMBRAL DE PASO (826174)"},"content":{"rendered":"<div>PEQUE\u00d1O UMBRAL DE PASO (826174)<\/div>\n<div><\/div>\n<div class=\"tsf-campo-acf-titulo tsf-campo-acf-titulo-caracteristicas tsf_campo-acf tsf_caracteristicas\"><strong>Caracter\u00edsticas<\/strong><\/div>\n<div><\/div>\n<div class=\"tsf-campo-acf-valores tsf-campo-acf-valores-caracteristicas tsf_campo-acf tsf_caracteristicas\">Una peque\u00f1a y pr\u00e1ctica rampa para pasar por los umbrales de las ventanas o puertas de PVC.<br \/>\nDimensiones: ancho 75 x 40 cm.<br \/>\nAluminio acanalado antideslizante.<\/div>\n","protected":false},"excerpt":{"rendered":"<p>PEQUE\u00d1O UMBRAL DE PASO (826174) Caracter\u00edsticas Una peque\u00f1a y pr\u00e1ctica rampa para pasar por los umbrales de las ventanas o puertas de PVC. Dimensiones: ancho 75 x 40 cm. Aluminio acanalado antideslizante.<\/p>\n","protected":false},"featured_media":2681,"comment_status":"open","ping_status":"closed","template":"","meta":{"saved_in_kubio":false},"product_brand":[],"product_cat":[58],"product_tag":[118],"class_list":{"0":"post-2680","1":"product","2":"type-product","3":"status-publish","4":"has-post-thumbnail","6":"product_cat-rampas","7":"product_tag-emo","9":"first","10":"instock","11":"shipping-taxable","12":"product-type-simple"},"_links":{"self":[{"href":"https:\/\/ortopediagot.net\/Inicio\/wp-json\/wp\/v2\/product\/2680"}],"collection":[{"href":"https:\/\/ortopediagot.net\/Inicio\/wp-json\/wp\/v2\/product"}],"about":[{"href":"https:\/\/ortopediagot.net\/Inicio\/wp-json\/wp\/v2\/types\/product"}],"replies":[{"embeddable":true,"href":"https:\/\/ortopediagot.net\/Inicio\/wp-json\/wp\/v2\/comments?post=2680"}],"wp:featuredmedia":[{"embeddable":true,"href":"https:\/\/ortopediagot.net\/Inicio\/wp-json\/wp\/v2\/media\/2681"}],"wp:attachment":[{"href":"https:\/\/ortopediagot.net\/Inicio\/wp-json\/wp\/v2\/media?parent=2680"}],"wp:term":[{"taxonomy":"product_brand","embeddable":true,"href":"https:\/\/ortopediagot.net\/Inicio\/wp-json\/wp\/v2\/product_brand?post=2680"},{"taxonomy":"product_cat","embeddable":true,"href":"https:\/\/ortopediagot.net\/Inicio\/wp-json\/wp\/v2\/product_cat?post=2680"},{"taxonomy":"product_tag","embeddable":true,"href":"https:\/\/ortopediagot.net\/Inicio\/wp-json\/wp\/v2\/product_tag?post=2680"}],"curies":[{"name":"wp","href":"https:\/\/api.w.org\/{rel}","templated":true}]}}