{"id":2796,"date":"2024-06-06T13:46:04","date_gmt":"2024-06-06T12:46:04","guid":{"rendered":"https:\/\/ortopediagot.net\/?post_type=product&#038;p=2796"},"modified":"2024-06-06T13:46:05","modified_gmt":"2024-06-06T12:46:05","slug":"fj280-mumfit-faja-lumbosacra-embarazo-2","status":"publish","type":"product","link":"https:\/\/ortopediagot.net\/Inicio\/producto\/fj280-mumfit-faja-lumbosacra-embarazo-2\/","title":{"rendered":"FJ280 MUMFIT FAJA LUMBOSACRA EMBARAZO"},"content":{"rendered":"<p>Dolor y molestias lumbares, sacroil\u00edacas o p\u00e9lvicas durante el embarazo.<\/p>\n<div class=\"tsf-campo-acf-titulo tsf-campo-acf-titulo-caracteristicas tsf_campo-acf tsf_caracteristicas\"><strong>Caracter\u00edsticas<\/strong><\/div>\n<div><\/div>\n<div class=\"tsf-campo-acf-valores tsf-campo-acf-valores-caracteristicas tsf_campo-acf tsf_caracteristicas\">Ortesis lumbosacra el\u00e1stica para el embarazo.<br \/>\nFabricada con tejido el\u00e1stico transpirable<br \/>\nIncorpora una cinta el\u00e1stica removible para aumentar su funci\u00f3n de soporte y sujeci\u00f3n<br \/>\nIncorpora varillas flexibles lumbares<br \/>\nAlmohadillas lumbares de silicona<br \/>\nEl dise\u00f1o frontal permite una eficaz adaptaci\u00f3n a los cambios de tama\u00f1o y forma del vientre durante las etapas del embarazo.<br \/>\nCierre y ajuste de velcro<br \/>\nAnchura 13 cm<\/div>\n<div class=\"tsf-campo-acf-valores tsf-campo-acf-valores-pa_colores tsf_campo-acf tsf_pa_colores\"><\/div>\n<div class=\"tsf-campo-acf-valores tsf-campo-acf-valores-tallas_medidas tsf_campo-acf tsf_pa_tallas_medidas\"><strong>Altura<\/strong><\/div>\n<div><\/div>\n<div class=\"tsf-campo-acf-valores tsf-campo-acf-valores-altura tsf_campo-acf tsf_altura\">13 CM<\/div>\n<div><\/div>\n<div class=\"tsf-campo-acf-titulo tsf-campo-acf-titulo-pa_colores tsf_campo-acf tsf_pa_colores\"><strong>Color<\/strong><\/div>\n<div><\/div>\n<div>\n<div class=\"tsf-campo-acf-valores tsf-campo-acf-valores-pa_colores tsf_campo-acf tsf_pa_colores\">BEIGE, GRIS<\/div>\n<\/div>\n","protected":false},"excerpt":{"rendered":"<p>Dolor y molestias lumbares, sacroil\u00edacas o p\u00e9lvicas durante el embarazo. Caracter\u00edsticas Ortesis lumbosacra el\u00e1stica para el embarazo. Fabricada con tejido el\u00e1stico transpirable Incorpora una cinta el\u00e1stica removible para aumentar su funci\u00f3n de soporte y sujeci\u00f3n Incorpora varillas flexibles lumbares Almohadillas lumbares de silicona El dise\u00f1o frontal permite una eficaz adaptaci\u00f3n a los cambios de tama\u00f1o [&hellip;]<\/p>\n","protected":false},"featured_media":2797,"comment_status":"open","ping_status":"closed","template":"","meta":{"saved_in_kubio":false},"product_brand":[],"product_cat":[93],"product_tag":[118],"class_list":{"0":"post-2796","1":"product","2":"type-product","3":"status-publish","4":"has-post-thumbnail","6":"product_cat-embarazo-y-lactancia","7":"product_tag-emo","9":"first","10":"instock","11":"shipping-taxable","12":"product-type-simple"},"_links":{"self":[{"href":"https:\/\/ortopediagot.net\/Inicio\/wp-json\/wp\/v2\/product\/2796"}],"collection":[{"href":"https:\/\/ortopediagot.net\/Inicio\/wp-json\/wp\/v2\/product"}],"about":[{"href":"https:\/\/ortopediagot.net\/Inicio\/wp-json\/wp\/v2\/types\/product"}],"replies":[{"embeddable":true,"href":"https:\/\/ortopediagot.net\/Inicio\/wp-json\/wp\/v2\/comments?post=2796"}],"wp:featuredmedia":[{"embeddable":true,"href":"https:\/\/ortopediagot.net\/Inicio\/wp-json\/wp\/v2\/media\/2797"}],"wp:attachment":[{"href":"https:\/\/ortopediagot.net\/Inicio\/wp-json\/wp\/v2\/media?parent=2796"}],"wp:term":[{"taxonomy":"product_brand","embeddable":true,"href":"https:\/\/ortopediagot.net\/Inicio\/wp-json\/wp\/v2\/product_brand?post=2796"},{"taxonomy":"product_cat","embeddable":true,"href":"https:\/\/ortopediagot.net\/Inicio\/wp-json\/wp\/v2\/product_cat?post=2796"},{"taxonomy":"product_tag","embeddable":true,"href":"https:\/\/ortopediagot.net\/Inicio\/wp-json\/wp\/v2\/product_tag?post=2796"}],"curies":[{"name":"wp","href":"https:\/\/api.w.org\/{rel}","templated":true}]}}