{"id":2802,"date":"2024-06-06T13:51:44","date_gmt":"2024-06-06T12:51:44","guid":{"rendered":"https:\/\/ortopediagot.net\/?post_type=product&#038;p=2802"},"modified":"2024-06-06T13:51:45","modified_gmt":"2024-06-06T12:51:45","slug":"cue91-cubre-escayola-pierna-91-cm","status":"publish","type":"product","link":"https:\/\/ortopediagot.net\/Inicio\/producto\/cue91-cubre-escayola-pierna-91-cm\/","title":{"rendered":"CUE91 CUBRE ESCAYOLA PIERNA 91 CM"},"content":{"rendered":"<p>Protege del agua la escayola o vendaje aumentando su vida \u00fatil<br \/>\nMantiene seca la zona donde se aplica<\/p>\n<div class=\"tsf-campo-acf-titulo tsf-campo-acf-titulo-caracteristicas tsf_campo-acf tsf_caracteristicas\"><strong>Caracter\u00edsticas<\/strong><\/div>\n<div><\/div>\n<div class=\"tsf-campo-acf-valores tsf-campo-acf-valores-caracteristicas tsf_campo-acf tsf_caracteristicas\">Protector de escayola y vendajes para ducha<br \/>\nImpermeable<br \/>\nMaterial reutilizable<br \/>\nSin costuras<br \/>\nCierre mediante el\u00e1stico<br \/>\nBilateral<br \/>\nLavable<\/div>\n","protected":false},"excerpt":{"rendered":"<p>Protege del agua la escayola o vendaje aumentando su vida \u00fatil Mantiene seca la zona donde se aplica Caracter\u00edsticas Protector de escayola y vendajes para ducha Impermeable Material reutilizable Sin costuras Cierre mediante el\u00e1stico Bilateral Lavable<\/p>\n","protected":false},"featured_media":2803,"comment_status":"open","ping_status":"closed","template":"","meta":{"saved_in_kubio":false},"product_brand":[],"product_cat":[96],"product_tag":[118],"class_list":{"0":"post-2802","1":"product","2":"type-product","3":"status-publish","4":"has-post-thumbnail","6":"product_cat-cubre-escayola","7":"product_tag-emo","9":"first","10":"instock","11":"shipping-taxable","12":"product-type-simple"},"_links":{"self":[{"href":"https:\/\/ortopediagot.net\/Inicio\/wp-json\/wp\/v2\/product\/2802"}],"collection":[{"href":"https:\/\/ortopediagot.net\/Inicio\/wp-json\/wp\/v2\/product"}],"about":[{"href":"https:\/\/ortopediagot.net\/Inicio\/wp-json\/wp\/v2\/types\/product"}],"replies":[{"embeddable":true,"href":"https:\/\/ortopediagot.net\/Inicio\/wp-json\/wp\/v2\/comments?post=2802"}],"wp:featuredmedia":[{"embeddable":true,"href":"https:\/\/ortopediagot.net\/Inicio\/wp-json\/wp\/v2\/media\/2803"}],"wp:attachment":[{"href":"https:\/\/ortopediagot.net\/Inicio\/wp-json\/wp\/v2\/media?parent=2802"}],"wp:term":[{"taxonomy":"product_brand","embeddable":true,"href":"https:\/\/ortopediagot.net\/Inicio\/wp-json\/wp\/v2\/product_brand?post=2802"},{"taxonomy":"product_cat","embeddable":true,"href":"https:\/\/ortopediagot.net\/Inicio\/wp-json\/wp\/v2\/product_cat?post=2802"},{"taxonomy":"product_tag","embeddable":true,"href":"https:\/\/ortopediagot.net\/Inicio\/wp-json\/wp\/v2\/product_tag?post=2802"}],"curies":[{"name":"wp","href":"https:\/\/api.w.org\/{rel}","templated":true}]}}