{"id":2830,"date":"2024-06-06T17:31:24","date_gmt":"2024-06-06T16:31:24","guid":{"rendered":"https:\/\/ortopediagot.net\/?post_type=product&#038;p=2830"},"modified":"2024-06-06T17:31:25","modified_gmt":"2024-06-06T16:31:25","slug":"sillon-elevador-diamant-maxi","status":"publish","type":"product","link":"https:\/\/ortopediagot.net\/Inicio\/producto\/sillon-elevador-diamant-maxi\/","title":{"rendered":"SILLON ELEVADOR DIAMANT MAXI"},"content":{"rendered":"<p>SILLON ELEVADOR DIAMANT MAXI (821063.CHOC, 821063.GRIS, 821063.TAUPE)<\/p>\n<div class=\"tsf-campo-acf-titulo tsf-campo-acf-titulo-caracteristicas tsf_campo-acf tsf_caracteristicas\"><strong>Caracter\u00edsticas<\/strong><\/div>\n<div><\/div>\n<div class=\"tsf-campo-acf-valores tsf-campo-acf-valores-caracteristicas tsf_campo-acf tsf_caracteristicas\">Una versi\u00f3n m\u00e1s pr\u00e1ctica para personas con peso elevado<br \/>\nNuestro sill\u00f3n Diamant Maxi conserva todas las caracter\u00edsticas de la Diamant est\u00e1ndar: dise\u00f1o elegante, suave confort y doble motorizaci\u00f3n para el ajuste independiente del reposapiernas y del respaldo.<br \/>\nAsiento, reposapi\u00e9s y reposabrazos en espuma de poliuretano de 22 kg\/m3 de dureza 70. Respaldo relleno de fibras huecas de poli\u00e9ster. Asiento suspendido sobre una base de espuma el\u00e1stica para mayor comodidad y elasticidad.<br \/>\nLas dimensiones son m\u00e1s generosas para acomodar m\u00e1s c\u00f3modamente a las personas fuertes.<br \/>\nDimensiones totales: Anchura 97,5 x Profundidad 85 (ampliada 183) x Altura 114 cm (alargado 64,5 cm).<br \/>\nPeso 48 kg.<br \/>\nMedidas del asiento: ancho 59 x profundidad 51 x altura 51 cm. Disponible imitaci\u00f3n cuero, tejido gris y microfibra color topo.<\/div>\n<div class=\"tsf-campo-acf-titulo tsf-campo-acf-titulo-pa_colores tsf_campo-acf tsf_pa_colores\"><\/div>\n<div><strong>Color<\/strong><\/div>\n<div><\/div>\n<div class=\"tsf-campo-acf-valores tsf-campo-acf-valores-pa_colores tsf_campo-acf tsf_pa_colores\">CUERO CHOCOLATE, MICROFIBRA TOPO, TEJIDO GRIS<\/div>\n","protected":false},"excerpt":{"rendered":"<p>SILLON ELEVADOR DIAMANT MAXI (821063.CHOC, 821063.GRIS, 821063.TAUPE) Caracter\u00edsticas Una versi\u00f3n m\u00e1s pr\u00e1ctica para personas con peso elevado Nuestro sill\u00f3n Diamant Maxi conserva todas las caracter\u00edsticas de la Diamant est\u00e1ndar: dise\u00f1o elegante, suave confort y doble motorizaci\u00f3n para el ajuste independiente del reposapiernas y del respaldo. Asiento, reposapi\u00e9s y reposabrazos en espuma de poliuretano de 22 [&hellip;]<\/p>\n","protected":false},"featured_media":2831,"comment_status":"open","ping_status":"closed","template":"","meta":{"saved_in_kubio":false},"product_brand":[],"product_cat":[68],"product_tag":[118],"class_list":{"0":"post-2830","1":"product","2":"type-product","3":"status-publish","4":"has-post-thumbnail","6":"product_cat-sillones","7":"product_tag-emo","9":"first","10":"instock","11":"shipping-taxable","12":"product-type-simple"},"_links":{"self":[{"href":"https:\/\/ortopediagot.net\/Inicio\/wp-json\/wp\/v2\/product\/2830"}],"collection":[{"href":"https:\/\/ortopediagot.net\/Inicio\/wp-json\/wp\/v2\/product"}],"about":[{"href":"https:\/\/ortopediagot.net\/Inicio\/wp-json\/wp\/v2\/types\/product"}],"replies":[{"embeddable":true,"href":"https:\/\/ortopediagot.net\/Inicio\/wp-json\/wp\/v2\/comments?post=2830"}],"wp:featuredmedia":[{"embeddable":true,"href":"https:\/\/ortopediagot.net\/Inicio\/wp-json\/wp\/v2\/media\/2831"}],"wp:attachment":[{"href":"https:\/\/ortopediagot.net\/Inicio\/wp-json\/wp\/v2\/media?parent=2830"}],"wp:term":[{"taxonomy":"product_brand","embeddable":true,"href":"https:\/\/ortopediagot.net\/Inicio\/wp-json\/wp\/v2\/product_brand?post=2830"},{"taxonomy":"product_cat","embeddable":true,"href":"https:\/\/ortopediagot.net\/Inicio\/wp-json\/wp\/v2\/product_cat?post=2830"},{"taxonomy":"product_tag","embeddable":true,"href":"https:\/\/ortopediagot.net\/Inicio\/wp-json\/wp\/v2\/product_tag?post=2830"}],"curies":[{"name":"wp","href":"https:\/\/api.w.org\/{rel}","templated":true}]}}