{"id":2848,"date":"2024-06-06T18:09:57","date_gmt":"2024-06-06T17:09:57","guid":{"rendered":"https:\/\/ortopediagot.net\/?post_type=product&#038;p=2848"},"modified":"2024-06-06T18:09:58","modified_gmt":"2024-06-06T17:09:58","slug":"manta-de-supervivencia-863001","status":"publish","type":"product","link":"https:\/\/ortopediagot.net\/Inicio\/producto\/manta-de-supervivencia-863001\/","title":{"rendered":"MANTA DE SUPERVIVENCIA (863001)"},"content":{"rendered":"<div>MANTA DE SUPERVIVENCIA (863001)<\/div>\n<div><\/div>\n<div class=\"tsf-campo-acf-titulo tsf-campo-acf-titulo-caracteristicas tsf_campo-acf tsf_caracteristicas\"><strong>Caracter\u00edsticas<\/strong><\/div>\n<div><\/div>\n<div class=\"tsf-campo-acf-valores tsf-campo-acf-valores-caracteristicas tsf_campo-acf tsf_caracteristicas\">Manta isot\u00e9rmica no est\u00e9ril de oro\/plata.<br \/>\nTama\u00f1o adulto 220 x 140 cm.<br \/>\nPeso 60 g.<\/div>\n","protected":false},"excerpt":{"rendered":"<p>MANTA DE SUPERVIVENCIA (863001) Caracter\u00edsticas Manta isot\u00e9rmica no est\u00e9ril de oro\/plata. Tama\u00f1o adulto 220 x 140 cm. Peso 60 g.<\/p>\n","protected":false},"featured_media":2849,"comment_status":"open","ping_status":"closed","template":"","meta":{"saved_in_kubio":false},"product_brand":[],"product_cat":[70],"product_tag":[118],"class_list":{"0":"post-2848","1":"product","2":"type-product","3":"status-publish","4":"has-post-thumbnail","6":"product_cat-mantas-y-almohadillas","7":"product_tag-emo","9":"first","10":"instock","11":"shipping-taxable","12":"product-type-simple"},"_links":{"self":[{"href":"https:\/\/ortopediagot.net\/Inicio\/wp-json\/wp\/v2\/product\/2848"}],"collection":[{"href":"https:\/\/ortopediagot.net\/Inicio\/wp-json\/wp\/v2\/product"}],"about":[{"href":"https:\/\/ortopediagot.net\/Inicio\/wp-json\/wp\/v2\/types\/product"}],"replies":[{"embeddable":true,"href":"https:\/\/ortopediagot.net\/Inicio\/wp-json\/wp\/v2\/comments?post=2848"}],"wp:featuredmedia":[{"embeddable":true,"href":"https:\/\/ortopediagot.net\/Inicio\/wp-json\/wp\/v2\/media\/2849"}],"wp:attachment":[{"href":"https:\/\/ortopediagot.net\/Inicio\/wp-json\/wp\/v2\/media?parent=2848"}],"wp:term":[{"taxonomy":"product_brand","embeddable":true,"href":"https:\/\/ortopediagot.net\/Inicio\/wp-json\/wp\/v2\/product_brand?post=2848"},{"taxonomy":"product_cat","embeddable":true,"href":"https:\/\/ortopediagot.net\/Inicio\/wp-json\/wp\/v2\/product_cat?post=2848"},{"taxonomy":"product_tag","embeddable":true,"href":"https:\/\/ortopediagot.net\/Inicio\/wp-json\/wp\/v2\/product_tag?post=2848"}],"curies":[{"name":"wp","href":"https:\/\/api.w.org\/{rel}","templated":true}]}}