{"id":2869,"date":"2024-06-06T18:43:43","date_gmt":"2024-06-06T17:43:43","guid":{"rendered":"https:\/\/ortopediagot.net\/?post_type=product&#038;p=2869"},"modified":"2024-06-06T18:43:44","modified_gmt":"2024-06-06T17:43:44","slug":"ultrasonido-venen-walker","status":"publish","type":"product","link":"https:\/\/ortopediagot.net\/Inicio\/producto\/ultrasonido-venen-walker\/","title":{"rendered":"ULTRASONIDO VENEN WALKER"},"content":{"rendered":"<div>ULTRASONIDO VENEN WALKER (838038)<\/div>\n<div><\/div>\n<div class=\"tsf-campo-acf-titulo tsf-campo-acf-titulo-caracteristicas tsf_campo-acf tsf_caracteristicas\"><strong>Caracter\u00edsticas<\/strong><\/div>\n<div><\/div>\n<div class=\"tsf-campo-acf-valores tsf-campo-acf-valores-caracteristicas tsf_campo-acf tsf_caracteristicas\">La terapia de ultrasonidos es especialmente adecuada para las enferme- dades del sistema musculoesquel\u00e9tico que requieren un efecto analg\u00e9sico. Las ondas penetran en la epidermis y crean un efecto t\u00e9rmico contra el dolor. Tambi\u00e9n favorece la relajaci\u00f3n de los tejidos, estimula la circulaci\u00f3n sangu\u00ednea, el tratamiento est\u00e9tico de la celulitis, el tratamiento del dolor postraum\u00e1tico.<br \/>\nFrecuencia de sonido de 1MHz con 3 modos de potencia. Ajuste de tiempo 5\/10 y 15 minutos. Se suministra con un frasco de gel de 60 ml. Dimen- siones: 180 x 40 x 48 cm. Peso 140 gr. Funciona con la red el\u00e9ctrica. 2 a\u00f1os de garant\u00eda.<\/div>\n","protected":false},"excerpt":{"rendered":"<p>ULTRASONIDO VENEN WALKER (838038) Caracter\u00edsticas La terapia de ultrasonidos es especialmente adecuada para las enferme- dades del sistema musculoesquel\u00e9tico que requieren un efecto analg\u00e9sico. Las ondas penetran en la epidermis y crean un efecto t\u00e9rmico contra el dolor. Tambi\u00e9n favorece la relajaci\u00f3n de los tejidos, estimula la circulaci\u00f3n sangu\u00ednea, el tratamiento est\u00e9tico de la celulitis, [&hellip;]<\/p>\n","protected":false},"featured_media":2870,"comment_status":"open","ping_status":"closed","template":"","meta":{"saved_in_kubio":false},"product_brand":[],"product_cat":[72],"product_tag":[118],"class_list":{"0":"post-2869","1":"product","2":"type-product","3":"status-publish","4":"has-post-thumbnail","6":"product_cat-electroestimuladores","7":"product_tag-emo","9":"first","10":"instock","11":"shipping-taxable","12":"product-type-simple"},"_links":{"self":[{"href":"https:\/\/ortopediagot.net\/Inicio\/wp-json\/wp\/v2\/product\/2869"}],"collection":[{"href":"https:\/\/ortopediagot.net\/Inicio\/wp-json\/wp\/v2\/product"}],"about":[{"href":"https:\/\/ortopediagot.net\/Inicio\/wp-json\/wp\/v2\/types\/product"}],"replies":[{"embeddable":true,"href":"https:\/\/ortopediagot.net\/Inicio\/wp-json\/wp\/v2\/comments?post=2869"}],"wp:featuredmedia":[{"embeddable":true,"href":"https:\/\/ortopediagot.net\/Inicio\/wp-json\/wp\/v2\/media\/2870"}],"wp:attachment":[{"href":"https:\/\/ortopediagot.net\/Inicio\/wp-json\/wp\/v2\/media?parent=2869"}],"wp:term":[{"taxonomy":"product_brand","embeddable":true,"href":"https:\/\/ortopediagot.net\/Inicio\/wp-json\/wp\/v2\/product_brand?post=2869"},{"taxonomy":"product_cat","embeddable":true,"href":"https:\/\/ortopediagot.net\/Inicio\/wp-json\/wp\/v2\/product_cat?post=2869"},{"taxonomy":"product_tag","embeddable":true,"href":"https:\/\/ortopediagot.net\/Inicio\/wp-json\/wp\/v2\/product_tag?post=2869"}],"curies":[{"name":"wp","href":"https:\/\/api.w.org\/{rel}","templated":true}]}}