{"id":2888,"date":"2024-06-07T09:38:35","date_gmt":"2024-06-07T08:38:35","guid":{"rendered":"https:\/\/ortopediagot.net\/?post_type=product&#038;p=2888"},"modified":"2024-06-07T09:38:36","modified_gmt":"2024-06-07T08:38:36","slug":"dispositivo-de-presoterapia-venen-walker-838003","status":"publish","type":"product","link":"https:\/\/ortopediagot.net\/Inicio\/producto\/dispositivo-de-presoterapia-venen-walker-838003\/","title":{"rendered":"DISPOSITIVO DE PRESOTERAPIA VENEN WALKER (838003)"},"content":{"rendered":"<p>DISPOSITIVO DE PRESOTERAPIA VENEN WALKER (838003)<\/p>\n<div class=\"tsf-campo-acf-titulo tsf-campo-acf-titulo-caracteristicas tsf_campo-acf tsf_caracteristicas\"><strong>Caracter\u00edsticas<\/strong><\/div>\n<div><\/div>\n<div class=\"tsf-campo-acf-valores tsf-campo-acf-valores-caracteristicas tsf_campo-acf tsf_caracteristicas\">Para la pierna completa<br \/>\nSimula el funcionamiento natural del retorno venoso, restablece una circulaci\u00f3n venosa casi normal. Son suficientes de 2 a 3 sesiones por semana. Act\u00faa en profundidad sobre los signos f\u00edsicos restaurando la elasticidad de las venas. Incluye 2 perneras de 85 cm (circunferencia del muslo de 70 cm como m\u00e1ximo), con 3 c\u00e1maras de compresi\u00f3n. Presi\u00f3n hasta 1200mmHg. Ajuste de tiempo de 0 a 60 minutos. Se entrega con una bolsa de transporte. Funciona con la red el\u00e9ctrica. 2 a\u00f1os de garant\u00eda.<\/div>\n","protected":false},"excerpt":{"rendered":"<p>DISPOSITIVO DE PRESOTERAPIA VENEN WALKER (838003) Caracter\u00edsticas Para la pierna completa Simula el funcionamiento natural del retorno venoso, restablece una circulaci\u00f3n venosa casi normal. Son suficientes de 2 a 3 sesiones por semana. Act\u00faa en profundidad sobre los signos f\u00edsicos restaurando la elasticidad de las venas. Incluye 2 perneras de 85 cm (circunferencia del muslo [&hellip;]<\/p>\n","protected":false},"featured_media":2889,"comment_status":"open","ping_status":"closed","template":"","meta":{"saved_in_kubio":false},"product_brand":[],"product_cat":[100],"product_tag":[118],"class_list":{"0":"post-2888","1":"product","2":"type-product","3":"status-publish","4":"has-post-thumbnail","6":"product_cat-presoterapia","7":"product_tag-emo","9":"first","10":"instock","11":"shipping-taxable","12":"product-type-simple"},"_links":{"self":[{"href":"https:\/\/ortopediagot.net\/Inicio\/wp-json\/wp\/v2\/product\/2888"}],"collection":[{"href":"https:\/\/ortopediagot.net\/Inicio\/wp-json\/wp\/v2\/product"}],"about":[{"href":"https:\/\/ortopediagot.net\/Inicio\/wp-json\/wp\/v2\/types\/product"}],"replies":[{"embeddable":true,"href":"https:\/\/ortopediagot.net\/Inicio\/wp-json\/wp\/v2\/comments?post=2888"}],"wp:featuredmedia":[{"embeddable":true,"href":"https:\/\/ortopediagot.net\/Inicio\/wp-json\/wp\/v2\/media\/2889"}],"wp:attachment":[{"href":"https:\/\/ortopediagot.net\/Inicio\/wp-json\/wp\/v2\/media?parent=2888"}],"wp:term":[{"taxonomy":"product_brand","embeddable":true,"href":"https:\/\/ortopediagot.net\/Inicio\/wp-json\/wp\/v2\/product_brand?post=2888"},{"taxonomy":"product_cat","embeddable":true,"href":"https:\/\/ortopediagot.net\/Inicio\/wp-json\/wp\/v2\/product_cat?post=2888"},{"taxonomy":"product_tag","embeddable":true,"href":"https:\/\/ortopediagot.net\/Inicio\/wp-json\/wp\/v2\/product_tag?post=2888"}],"curies":[{"name":"wp","href":"https:\/\/api.w.org\/{rel}","templated":true}]}}