{"id":2921,"date":"2024-06-07T10:36:19","date_gmt":"2024-06-07T09:36:19","guid":{"rendered":"https:\/\/ortopediagot.net\/?post_type=product&#038;p=2921"},"modified":"2024-06-07T10:37:39","modified_gmt":"2024-06-07T09:37:39","slug":"abridor-de-botellas-one-touch","status":"publish","type":"product","link":"https:\/\/ortopediagot.net\/Inicio\/producto\/abridor-de-botellas-one-touch\/","title":{"rendered":"ABRIDOR DE BOTELLAS ONE TOUCH"},"content":{"rendered":"<p>ABRIDOR DE BOTELLAS ONE TOUCH (817125)<\/p>\n<div class=\"tsf-campo-acf-titulo tsf-campo-acf-titulo-caracteristicas tsf_campo-acf tsf_caracteristicas\"><strong>Caracter\u00edsticas<\/strong><\/div>\n<div><\/div>\n<div class=\"tsf-campo-acf-valores tsf-campo-acf-valores-caracteristicas tsf_campo-acf tsf_caracteristicas\">Con s\u00f3lo pulsar un bot\u00f3n, el dispositivo desbloquea todas las tapas de pl\u00e1stico.<br \/>\nRequiere 2 pilas AA no incluidas.<br \/>\nLargo 14,2 cm.<\/div>\n","protected":false},"excerpt":{"rendered":"<p>ABRIDOR DE BOTELLAS ONE TOUCH (817125) Caracter\u00edsticas Con s\u00f3lo pulsar un bot\u00f3n, el dispositivo desbloquea todas las tapas de pl\u00e1stico. Requiere 2 pilas AA no incluidas. Largo 14,2 cm.<\/p>\n","protected":false},"featured_media":2922,"comment_status":"open","ping_status":"closed","template":"","meta":{"saved_in_kubio":false},"product_brand":[],"product_cat":[78],"product_tag":[118],"class_list":{"0":"post-2921","1":"product","2":"type-product","3":"status-publish","4":"has-post-thumbnail","6":"product_cat-ayudas-para-comer","7":"product_tag-emo","9":"first","10":"instock","11":"shipping-taxable","12":"product-type-simple"},"_links":{"self":[{"href":"https:\/\/ortopediagot.net\/Inicio\/wp-json\/wp\/v2\/product\/2921"}],"collection":[{"href":"https:\/\/ortopediagot.net\/Inicio\/wp-json\/wp\/v2\/product"}],"about":[{"href":"https:\/\/ortopediagot.net\/Inicio\/wp-json\/wp\/v2\/types\/product"}],"replies":[{"embeddable":true,"href":"https:\/\/ortopediagot.net\/Inicio\/wp-json\/wp\/v2\/comments?post=2921"}],"wp:featuredmedia":[{"embeddable":true,"href":"https:\/\/ortopediagot.net\/Inicio\/wp-json\/wp\/v2\/media\/2922"}],"wp:attachment":[{"href":"https:\/\/ortopediagot.net\/Inicio\/wp-json\/wp\/v2\/media?parent=2921"}],"wp:term":[{"taxonomy":"product_brand","embeddable":true,"href":"https:\/\/ortopediagot.net\/Inicio\/wp-json\/wp\/v2\/product_brand?post=2921"},{"taxonomy":"product_cat","embeddable":true,"href":"https:\/\/ortopediagot.net\/Inicio\/wp-json\/wp\/v2\/product_cat?post=2921"},{"taxonomy":"product_tag","embeddable":true,"href":"https:\/\/ortopediagot.net\/Inicio\/wp-json\/wp\/v2\/product_tag?post=2921"}],"curies":[{"name":"wp","href":"https:\/\/api.w.org\/{rel}","templated":true}]}}