{"id":2966,"date":"2024-06-07T11:14:04","date_gmt":"2024-06-07T10:14:04","guid":{"rendered":"https:\/\/ortopediagot.net\/?post_type=product&#038;p=2966"},"modified":"2024-06-07T11:14:04","modified_gmt":"2024-06-07T10:14:04","slug":"soporte-de-ollas-y-sartenes","status":"publish","type":"product","link":"https:\/\/ortopediagot.net\/Inicio\/producto\/soporte-de-ollas-y-sartenes\/","title":{"rendered":"SOPORTE DE OLLAS Y SARTENES"},"content":{"rendered":"<p>SOPORTE DE OLLAS Y SARTENES (817168)<\/p>\n<div class=\"tsf-campo-acf-titulo tsf-campo-acf-titulo-caracteristicas tsf_campo-acf tsf_caracteristicas\"><strong>Caracter\u00edsticas<\/strong><\/div>\n<div><\/div>\n<div class=\"tsf-campo-acf-valores tsf-campo-acf-valores-caracteristicas tsf_campo-acf tsf_caracteristicas\">Este peque\u00f1o utensilio puede ser colocado en la encimera o en la placa de cocci\u00f3n para sostener el mango de una sart\u00e9n.<br \/>\nLargo 41 cm.<\/div>\n","protected":false},"excerpt":{"rendered":"<p>SOPORTE DE OLLAS Y SARTENES (817168) Caracter\u00edsticas Este peque\u00f1o utensilio puede ser colocado en la encimera o en la placa de cocci\u00f3n para sostener el mango de una sart\u00e9n. Largo 41 cm.<\/p>\n","protected":false},"featured_media":2967,"comment_status":"open","ping_status":"closed","template":"","meta":{"saved_in_kubio":false},"product_brand":[],"product_cat":[78],"product_tag":[118],"class_list":{"0":"post-2966","1":"product","2":"type-product","3":"status-publish","4":"has-post-thumbnail","6":"product_cat-ayudas-para-comer","7":"product_tag-emo","9":"first","10":"instock","11":"shipping-taxable","12":"product-type-simple"},"_links":{"self":[{"href":"https:\/\/ortopediagot.net\/Inicio\/wp-json\/wp\/v2\/product\/2966"}],"collection":[{"href":"https:\/\/ortopediagot.net\/Inicio\/wp-json\/wp\/v2\/product"}],"about":[{"href":"https:\/\/ortopediagot.net\/Inicio\/wp-json\/wp\/v2\/types\/product"}],"replies":[{"embeddable":true,"href":"https:\/\/ortopediagot.net\/Inicio\/wp-json\/wp\/v2\/comments?post=2966"}],"wp:featuredmedia":[{"embeddable":true,"href":"https:\/\/ortopediagot.net\/Inicio\/wp-json\/wp\/v2\/media\/2967"}],"wp:attachment":[{"href":"https:\/\/ortopediagot.net\/Inicio\/wp-json\/wp\/v2\/media?parent=2966"}],"wp:term":[{"taxonomy":"product_brand","embeddable":true,"href":"https:\/\/ortopediagot.net\/Inicio\/wp-json\/wp\/v2\/product_brand?post=2966"},{"taxonomy":"product_cat","embeddable":true,"href":"https:\/\/ortopediagot.net\/Inicio\/wp-json\/wp\/v2\/product_cat?post=2966"},{"taxonomy":"product_tag","embeddable":true,"href":"https:\/\/ortopediagot.net\/Inicio\/wp-json\/wp\/v2\/product_tag?post=2966"}],"curies":[{"name":"wp","href":"https:\/\/api.w.org\/{rel}","templated":true}]}}