{"id":2998,"date":"2024-06-07T11:40:12","date_gmt":"2024-06-07T10:40:12","guid":{"rendered":"https:\/\/ortopediagot.net\/?post_type=product&#038;p=2998"},"modified":"2024-06-07T11:40:12","modified_gmt":"2024-06-07T10:40:12","slug":"813036-bol-con-orejas-blanco","status":"publish","type":"product","link":"https:\/\/ortopediagot.net\/Inicio\/producto\/813036-bol-con-orejas-blanco\/","title":{"rendered":"813036 BOL CON OREJAS BLANCO"},"content":{"rendered":"<p>813036 BOL CON OREJAS BLANCO (813036)<\/p>\n<div class=\"tsf-campo-acf-titulo tsf-campo-acf-titulo-caracteristicas tsf_campo-acf tsf_caracteristicas\"><strong>Caracter\u00edsticas<\/strong><\/div>\n<div><\/div>\n<div class=\"tsf-campo-acf-valores tsf-campo-acf-valores-caracteristicas tsf_campo-acf tsf_caracteristicas\">Fabricada en Francia con calidad de origen biol\u00f3gico &gt; Sin pl\u00e1stico ni BPA<br \/>\nSe puede lavar en el lavavajillas<br \/>\nLa vajilla de melamina procede al 100% del entorno natural. Es resistente y se puede lavar en el lavavajillas. Las decoraciones est\u00e1n coloreadas en la masa, lo que las hace inalterables.<br \/>\nIdeal para todos los platos preparados y f\u00e1ciles de comer gracias a sus bordes altos. Cuenta con orejas para un mejor agarre. Disponible en la versi\u00f3n blanca est\u00e1ndar (130 gr). Dimensiones: Largo 15,7 x ancho 12,3 x alto 7,7 cm. Capacidad 35 cl.<\/div>\n","protected":false},"excerpt":{"rendered":"<p>813036 BOL CON OREJAS BLANCO (813036) Caracter\u00edsticas Fabricada en Francia con calidad de origen biol\u00f3gico &gt; Sin pl\u00e1stico ni BPA Se puede lavar en el lavavajillas La vajilla de melamina procede al 100% del entorno natural. Es resistente y se puede lavar en el lavavajillas. Las decoraciones est\u00e1n coloreadas en la masa, lo que las [&hellip;]<\/p>\n","protected":false},"featured_media":2999,"comment_status":"open","ping_status":"closed","template":"","meta":{"saved_in_kubio":false},"product_brand":[],"product_cat":[78],"product_tag":[118],"class_list":{"0":"post-2998","1":"product","2":"type-product","3":"status-publish","4":"has-post-thumbnail","6":"product_cat-ayudas-para-comer","7":"product_tag-emo","9":"first","10":"instock","11":"shipping-taxable","12":"product-type-simple"},"_links":{"self":[{"href":"https:\/\/ortopediagot.net\/Inicio\/wp-json\/wp\/v2\/product\/2998"}],"collection":[{"href":"https:\/\/ortopediagot.net\/Inicio\/wp-json\/wp\/v2\/product"}],"about":[{"href":"https:\/\/ortopediagot.net\/Inicio\/wp-json\/wp\/v2\/types\/product"}],"replies":[{"embeddable":true,"href":"https:\/\/ortopediagot.net\/Inicio\/wp-json\/wp\/v2\/comments?post=2998"}],"wp:featuredmedia":[{"embeddable":true,"href":"https:\/\/ortopediagot.net\/Inicio\/wp-json\/wp\/v2\/media\/2999"}],"wp:attachment":[{"href":"https:\/\/ortopediagot.net\/Inicio\/wp-json\/wp\/v2\/media?parent=2998"}],"wp:term":[{"taxonomy":"product_brand","embeddable":true,"href":"https:\/\/ortopediagot.net\/Inicio\/wp-json\/wp\/v2\/product_brand?post=2998"},{"taxonomy":"product_cat","embeddable":true,"href":"https:\/\/ortopediagot.net\/Inicio\/wp-json\/wp\/v2\/product_cat?post=2998"},{"taxonomy":"product_tag","embeddable":true,"href":"https:\/\/ortopediagot.net\/Inicio\/wp-json\/wp\/v2\/product_tag?post=2998"}],"curies":[{"name":"wp","href":"https:\/\/api.w.org\/{rel}","templated":true}]}}