{"id":3024,"date":"2024-06-07T11:56:11","date_gmt":"2024-06-07T10:56:11","guid":{"rendered":"https:\/\/ortopediagot.net\/?post_type=product&#038;p=3024"},"modified":"2024-06-07T11:56:12","modified_gmt":"2024-06-07T10:56:12","slug":"taza-upcup","status":"publish","type":"product","link":"https:\/\/ortopediagot.net\/Inicio\/producto\/taza-upcup\/","title":{"rendered":"TAZA UPCUP"},"content":{"rendered":"<p>TAZA UPCUP (813071)<\/p>\n<div class=\"tsf-campo-acf-titulo tsf-campo-acf-titulo-caracteristicas tsf_campo-acf tsf_caracteristicas\"><strong>Caracter\u00edsticas<\/strong><\/div>\n<div><\/div>\n<div class=\"tsf-campo-acf-valores tsf-campo-acf-valores-caracteristicas tsf_campo-acf tsf_caracteristicas\">&#8211; Equipada con 2 asas<br \/>\n&#8211; Forma de V interna para levantar menos el brazo<br \/>\nLa taza Up Cup tiene caracter\u00edsticas muy espec\u00edficas para adaptarse a todos los usuarios: la pr\u00e1ctica boquilla en forma de tulip\u00e1n, la forma de V interna, los 2 soportes de asas y el exterior estriado para un mejor agarre. Doble pared para reducir el efecto del calor.<br \/>\nMaterial Tritan transparente. Capacidad: 20 cl.<br \/>\nDimensiones: altura 14,5 x prof. 10 x anch. 7,6 cm. Peso: 124 g. Apto para lavavajillas. No utilizar en el microondas.<\/div>\n","protected":false},"excerpt":{"rendered":"<p>TAZA UPCUP (813071) Caracter\u00edsticas &#8211; Equipada con 2 asas &#8211; Forma de V interna para levantar menos el brazo La taza Up Cup tiene caracter\u00edsticas muy espec\u00edficas para adaptarse a todos los usuarios: la pr\u00e1ctica boquilla en forma de tulip\u00e1n, la forma de V interna, los 2 soportes de asas y el exterior estriado para [&hellip;]<\/p>\n","protected":false},"featured_media":3025,"comment_status":"open","ping_status":"closed","template":"","meta":{"saved_in_kubio":false},"product_brand":[],"product_cat":[78],"product_tag":[118],"class_list":{"0":"post-3024","1":"product","2":"type-product","3":"status-publish","4":"has-post-thumbnail","6":"product_cat-ayudas-para-comer","7":"product_tag-emo","9":"first","10":"instock","11":"shipping-taxable","12":"product-type-simple"},"_links":{"self":[{"href":"https:\/\/ortopediagot.net\/Inicio\/wp-json\/wp\/v2\/product\/3024"}],"collection":[{"href":"https:\/\/ortopediagot.net\/Inicio\/wp-json\/wp\/v2\/product"}],"about":[{"href":"https:\/\/ortopediagot.net\/Inicio\/wp-json\/wp\/v2\/types\/product"}],"replies":[{"embeddable":true,"href":"https:\/\/ortopediagot.net\/Inicio\/wp-json\/wp\/v2\/comments?post=3024"}],"wp:featuredmedia":[{"embeddable":true,"href":"https:\/\/ortopediagot.net\/Inicio\/wp-json\/wp\/v2\/media\/3025"}],"wp:attachment":[{"href":"https:\/\/ortopediagot.net\/Inicio\/wp-json\/wp\/v2\/media?parent=3024"}],"wp:term":[{"taxonomy":"product_brand","embeddable":true,"href":"https:\/\/ortopediagot.net\/Inicio\/wp-json\/wp\/v2\/product_brand?post=3024"},{"taxonomy":"product_cat","embeddable":true,"href":"https:\/\/ortopediagot.net\/Inicio\/wp-json\/wp\/v2\/product_cat?post=3024"},{"taxonomy":"product_tag","embeddable":true,"href":"https:\/\/ortopediagot.net\/Inicio\/wp-json\/wp\/v2\/product_tag?post=3024"}],"curies":[{"name":"wp","href":"https:\/\/api.w.org\/{rel}","templated":true}]}}