{"id":3068,"date":"2024-06-07T13:05:35","date_gmt":"2024-06-07T12:05:35","guid":{"rendered":"https:\/\/ortopediagot.net\/?post_type=product&#038;p=3068"},"modified":"2024-06-07T13:05:35","modified_gmt":"2024-06-07T12:05:35","slug":"gancho-para-vestirse","status":"publish","type":"product","link":"https:\/\/ortopediagot.net\/Inicio\/producto\/gancho-para-vestirse\/","title":{"rendered":"GANCHO PARA VESTIRSE"},"content":{"rendered":"<p>GANCHO PARA VESTIRSE (819085)<\/p>\n<div class=\"tsf-campo-acf-titulo tsf-campo-acf-titulo-caracteristicas tsf_campo-acf tsf_caracteristicas\"><strong>Caracter\u00edsticas<\/strong><\/div>\n<div><\/div>\n<div class=\"tsf-campo-acf-valores tsf-campo-acf-valores-caracteristicas tsf_campo-acf tsf_caracteristicas\">Gracias a su gancho, podr\u00e1 ponerse los abrigos y chaquetas con mayor facilidad.<br \/>\nEst\u00e1 equipado con una punta antideslizante, que le da un mayor agarre a la prenda.<br \/>\nPor otro lado, est\u00e1 equipado con un pr\u00e1ctico calzador.<br \/>\nLargo 61 cm.<\/div>\n","protected":false},"excerpt":{"rendered":"<p>GANCHO PARA VESTIRSE (819085) Caracter\u00edsticas Gracias a su gancho, podr\u00e1 ponerse los abrigos y chaquetas con mayor facilidad. Est\u00e1 equipado con una punta antideslizante, que le da un mayor agarre a la prenda. Por otro lado, est\u00e1 equipado con un pr\u00e1ctico calzador. Largo 61 cm.<\/p>\n","protected":false},"featured_media":3069,"comment_status":"open","ping_status":"closed","template":"","meta":{"saved_in_kubio":false},"product_brand":[],"product_cat":[79],"product_tag":[118],"class_list":{"0":"post-3068","1":"product","2":"type-product","3":"status-publish","4":"has-post-thumbnail","6":"product_cat-ayudas-para-vestirse","7":"product_tag-emo","9":"first","10":"instock","11":"shipping-taxable","12":"product-type-simple"},"_links":{"self":[{"href":"https:\/\/ortopediagot.net\/Inicio\/wp-json\/wp\/v2\/product\/3068"}],"collection":[{"href":"https:\/\/ortopediagot.net\/Inicio\/wp-json\/wp\/v2\/product"}],"about":[{"href":"https:\/\/ortopediagot.net\/Inicio\/wp-json\/wp\/v2\/types\/product"}],"replies":[{"embeddable":true,"href":"https:\/\/ortopediagot.net\/Inicio\/wp-json\/wp\/v2\/comments?post=3068"}],"wp:featuredmedia":[{"embeddable":true,"href":"https:\/\/ortopediagot.net\/Inicio\/wp-json\/wp\/v2\/media\/3069"}],"wp:attachment":[{"href":"https:\/\/ortopediagot.net\/Inicio\/wp-json\/wp\/v2\/media?parent=3068"}],"wp:term":[{"taxonomy":"product_brand","embeddable":true,"href":"https:\/\/ortopediagot.net\/Inicio\/wp-json\/wp\/v2\/product_brand?post=3068"},{"taxonomy":"product_cat","embeddable":true,"href":"https:\/\/ortopediagot.net\/Inicio\/wp-json\/wp\/v2\/product_cat?post=3068"},{"taxonomy":"product_tag","embeddable":true,"href":"https:\/\/ortopediagot.net\/Inicio\/wp-json\/wp\/v2\/product_tag?post=3068"}],"curies":[{"name":"wp","href":"https:\/\/api.w.org\/{rel}","templated":true}]}}