{"id":3241,"date":"2024-06-10T11:23:26","date_gmt":"2024-06-10T10:23:26","guid":{"rendered":"https:\/\/ortopediagot.net\/?post_type=product&#038;p=3241"},"modified":"2024-06-10T11:23:26","modified_gmt":"2024-06-10T10:23:26","slug":"bola-mambo","status":"publish","type":"product","link":"https:\/\/ortopediagot.net\/Inicio\/producto\/bola-mambo\/","title":{"rendered":"BOLA MAMBO"},"content":{"rendered":"<p>BOLA MAMBO (403035, 403036, 403037)<\/p>\n<div class=\"tsf-campo-acf-titulo tsf-campo-acf-titulo-caracteristicas tsf_campo-acf tsf_caracteristicas\"><strong>Caracter\u00edsticas<\/strong><\/div>\n<div><\/div>\n<div class=\"tsf-campo-acf-valores tsf-campo-acf-valores-caracteristicas tsf_campo-acf tsf_caracteristicas\">Pelota polivalente: fitness, pilates o gimnasia. Bal\u00f3n con una cubierta de tacto piel de melocot\u00f3n ultra resistente, que te permite realizar multitud de ejercicios de musculaci\u00f3n, rehabilitaci\u00f3n o estiramiento.<\/p>\n<p>3 tama\u00f1os de colores diferentes:<br \/>\n&#8211; Di\u00e1metro 55 cm rojo<br \/>\n&#8211; Di\u00e1metro 65 cm verde<br \/>\n&#8211; Di\u00e1metro 75 cm azul<\/p><\/div>\n<div class=\"tsf-campo-acf-valores tsf-campo-acf-valores-pa_colores tsf_campo-acf tsf_pa_colores\"><\/div>\n<div><strong>Medidas<\/strong><\/div>\n<div><\/div>\n<div class=\"tsf-campo-acf-valores tsf-campo-acf-valores-pa_medidas tsf_campo-acf tsf_pa_medidas\">55 CM, 65 CM, 75 CM<\/div>\n<div><\/div>\n<div>\n<div class=\"tsf-campo-acf-titulo tsf-campo-acf-titulo-pa_colores tsf_campo-acf tsf_pa_colores\"><strong><i class=\"material-icons\">Color<\/i><\/strong><\/div>\n<div><\/div>\n<div class=\"tsf-campo-acf-valores tsf-campo-acf-valores-pa_colores tsf_campo-acf tsf_pa_colores\">AZUL, ROJO, VERDE<\/div>\n<\/div>\n","protected":false},"excerpt":{"rendered":"<p>BOLA MAMBO (403035, 403036, 403037) Caracter\u00edsticas Pelota polivalente: fitness, pilates o gimnasia. Bal\u00f3n con una cubierta de tacto piel de melocot\u00f3n ultra resistente, que te permite realizar multitud de ejercicios de musculaci\u00f3n, rehabilitaci\u00f3n o estiramiento. 3 tama\u00f1os de colores diferentes: &#8211; Di\u00e1metro 55 cm rojo &#8211; Di\u00e1metro 65 cm verde &#8211; Di\u00e1metro 75 cm azul [&hellip;]<\/p>\n","protected":false},"featured_media":3242,"comment_status":"open","ping_status":"closed","template":"","meta":{"saved_in_kubio":false},"product_brand":[],"product_cat":[81],"product_tag":[118],"class_list":{"0":"post-3241","1":"product","2":"type-product","3":"status-publish","4":"has-post-thumbnail","6":"product_cat-ejercicio-en-casa","7":"product_tag-emo","9":"first","10":"instock","11":"shipping-taxable","12":"product-type-simple"},"_links":{"self":[{"href":"https:\/\/ortopediagot.net\/Inicio\/wp-json\/wp\/v2\/product\/3241"}],"collection":[{"href":"https:\/\/ortopediagot.net\/Inicio\/wp-json\/wp\/v2\/product"}],"about":[{"href":"https:\/\/ortopediagot.net\/Inicio\/wp-json\/wp\/v2\/types\/product"}],"replies":[{"embeddable":true,"href":"https:\/\/ortopediagot.net\/Inicio\/wp-json\/wp\/v2\/comments?post=3241"}],"wp:featuredmedia":[{"embeddable":true,"href":"https:\/\/ortopediagot.net\/Inicio\/wp-json\/wp\/v2\/media\/3242"}],"wp:attachment":[{"href":"https:\/\/ortopediagot.net\/Inicio\/wp-json\/wp\/v2\/media?parent=3241"}],"wp:term":[{"taxonomy":"product_brand","embeddable":true,"href":"https:\/\/ortopediagot.net\/Inicio\/wp-json\/wp\/v2\/product_brand?post=3241"},{"taxonomy":"product_cat","embeddable":true,"href":"https:\/\/ortopediagot.net\/Inicio\/wp-json\/wp\/v2\/product_cat?post=3241"},{"taxonomy":"product_tag","embeddable":true,"href":"https:\/\/ortopediagot.net\/Inicio\/wp-json\/wp\/v2\/product_tag?post=3241"}],"curies":[{"name":"wp","href":"https:\/\/api.w.org\/{rel}","templated":true}]}}