{"id":3394,"date":"2024-06-10T13:56:58","date_gmt":"2024-06-10T12:56:58","guid":{"rendered":"https:\/\/ortopediagot.net\/?post_type=product&#038;p=3394"},"modified":"2024-06-10T13:56:58","modified_gmt":"2024-06-10T12:56:58","slug":"taburete-de-ducha-de-bamboo","status":"publish","type":"product","link":"https:\/\/ortopediagot.net\/Inicio\/producto\/taburete-de-ducha-de-bamboo\/","title":{"rendered":"TABURETE DE DUCHA DE BAMBOO"},"content":{"rendered":"<p>TABURETE DE DUCHA DE BAMBOO (812202)<\/p>\n<div class=\"tsf-campo-acf-titulo tsf-campo-acf-titulo-caracteristicas tsf_campo-acf tsf_caracteristicas\"><strong>Caracter\u00edsticas<\/strong><\/div>\n<div><\/div>\n<div class=\"tsf-campo-acf-valores tsf-campo-acf-valores-caracteristicas tsf_campo-acf tsf_caracteristicas\">Nuestro taburete de ducha de bamboo le permite sentarse c\u00f3modamente en su cabina de ducha.<br \/>\nLa bandeja de madera perforada, con un dise\u00f1o exitoso, permite que el agua fluya durante su ducha.<br \/>\nEstructura de aluminio con pies ajustables en altura.<br \/>\nDimensiones: Ancho 52.5 x profundidad 39 cm x altura. 32.5 a 45 cm.<br \/>\nPeso 3 kg.<br \/>\nPeso m\u00e1ximo usuario 135 kg.<\/div>\n","protected":false},"excerpt":{"rendered":"<p>TABURETE DE DUCHA DE BAMBOO (812202) Caracter\u00edsticas Nuestro taburete de ducha de bamboo le permite sentarse c\u00f3modamente en su cabina de ducha. La bandeja de madera perforada, con un dise\u00f1o exitoso, permite que el agua fluya durante su ducha. Estructura de aluminio con pies ajustables en altura. Dimensiones: Ancho 52.5 x profundidad 39 cm x [&hellip;]<\/p>\n","protected":false},"featured_media":3395,"comment_status":"open","ping_status":"closed","template":"","meta":{"saved_in_kubio":false},"product_brand":[],"product_cat":[85],"product_tag":[118],"class_list":{"0":"post-3394","1":"product","2":"type-product","3":"status-publish","4":"has-post-thumbnail","6":"product_cat-sillas-y-taburetes-de-duchas","7":"product_tag-emo","9":"first","10":"instock","11":"shipping-taxable","12":"product-type-simple"},"_links":{"self":[{"href":"https:\/\/ortopediagot.net\/Inicio\/wp-json\/wp\/v2\/product\/3394"}],"collection":[{"href":"https:\/\/ortopediagot.net\/Inicio\/wp-json\/wp\/v2\/product"}],"about":[{"href":"https:\/\/ortopediagot.net\/Inicio\/wp-json\/wp\/v2\/types\/product"}],"replies":[{"embeddable":true,"href":"https:\/\/ortopediagot.net\/Inicio\/wp-json\/wp\/v2\/comments?post=3394"}],"wp:featuredmedia":[{"embeddable":true,"href":"https:\/\/ortopediagot.net\/Inicio\/wp-json\/wp\/v2\/media\/3395"}],"wp:attachment":[{"href":"https:\/\/ortopediagot.net\/Inicio\/wp-json\/wp\/v2\/media?parent=3394"}],"wp:term":[{"taxonomy":"product_brand","embeddable":true,"href":"https:\/\/ortopediagot.net\/Inicio\/wp-json\/wp\/v2\/product_brand?post=3394"},{"taxonomy":"product_cat","embeddable":true,"href":"https:\/\/ortopediagot.net\/Inicio\/wp-json\/wp\/v2\/product_cat?post=3394"},{"taxonomy":"product_tag","embeddable":true,"href":"https:\/\/ortopediagot.net\/Inicio\/wp-json\/wp\/v2\/product_tag?post=3394"}],"curies":[{"name":"wp","href":"https:\/\/api.w.org\/{rel}","templated":true}]}}