{"id":3398,"date":"2024-06-10T14:00:28","date_gmt":"2024-06-10T13:00:28","guid":{"rendered":"https:\/\/ortopediagot.net\/?post_type=product&#038;p=3398"},"modified":"2024-06-10T14:00:29","modified_gmt":"2024-06-10T13:00:29","slug":"taburete-de-ducha-bora","status":"publish","type":"product","link":"https:\/\/ortopediagot.net\/Inicio\/producto\/taburete-de-ducha-bora\/","title":{"rendered":"TABURETE DE DUCHA BORA"},"content":{"rendered":"<p>TABURETE DE DUCHA BORA (812267.B, 812267.G)<\/p>\n<div class=\"tsf-campo-acf-titulo tsf-campo-acf-titulo-caracteristicas tsf_campo-acf tsf_caracteristicas\"><strong>Caracter\u00edsticas<\/strong><\/div>\n<div><\/div>\n<div class=\"tsf-campo-acf-valores tsf-campo-acf-valores-caracteristicas tsf_campo-acf tsf_caracteristicas\">Abertura anat\u00f3mivca en parte delantera.<br \/>\n2 asas laterales anat\u00f3micas.<br \/>\nAsiento con orificios de drenaje.<br \/>\nSuperficie granulada antideslizante.<br \/>\nAltura ajustable: 8 posiciones.<br \/>\nDos espacios para dejar el grifo.<br \/>\nDimensiones del suelo: ancho 43 x prof 44 a 49,5<br \/>\nDimensiones asiento: ancho 48,5 x prof 33 x alto 35 a 53 cm<br \/>\nPeso 1,8 kg.<\/div>\n<div class=\"tsf-campo-acf-titulo tsf-campo-acf-titulo-pa_colores tsf_campo-acf tsf_pa_colores\"><\/div>\n<div><strong>Color<\/strong><\/div>\n<div><\/div>\n<div class=\"tsf-campo-acf-valores tsf-campo-acf-valores-pa_colores tsf_campo-acf tsf_pa_colores\">BLANCO, GRIS<\/div>\n","protected":false},"excerpt":{"rendered":"<p>TABURETE DE DUCHA BORA (812267.B, 812267.G) Caracter\u00edsticas Abertura anat\u00f3mivca en parte delantera. 2 asas laterales anat\u00f3micas. Asiento con orificios de drenaje. Superficie granulada antideslizante. Altura ajustable: 8 posiciones. Dos espacios para dejar el grifo. Dimensiones del suelo: ancho 43 x prof 44 a 49,5 Dimensiones asiento: ancho 48,5 x prof 33 x alto 35 a [&hellip;]<\/p>\n","protected":false},"featured_media":3399,"comment_status":"open","ping_status":"closed","template":"","meta":{"saved_in_kubio":false},"product_brand":[],"product_cat":[85],"product_tag":[118],"class_list":{"0":"post-3398","1":"product","2":"type-product","3":"status-publish","4":"has-post-thumbnail","6":"product_cat-sillas-y-taburetes-de-duchas","7":"product_tag-emo","9":"first","10":"instock","11":"shipping-taxable","12":"product-type-simple"},"_links":{"self":[{"href":"https:\/\/ortopediagot.net\/Inicio\/wp-json\/wp\/v2\/product\/3398"}],"collection":[{"href":"https:\/\/ortopediagot.net\/Inicio\/wp-json\/wp\/v2\/product"}],"about":[{"href":"https:\/\/ortopediagot.net\/Inicio\/wp-json\/wp\/v2\/types\/product"}],"replies":[{"embeddable":true,"href":"https:\/\/ortopediagot.net\/Inicio\/wp-json\/wp\/v2\/comments?post=3398"}],"wp:featuredmedia":[{"embeddable":true,"href":"https:\/\/ortopediagot.net\/Inicio\/wp-json\/wp\/v2\/media\/3399"}],"wp:attachment":[{"href":"https:\/\/ortopediagot.net\/Inicio\/wp-json\/wp\/v2\/media?parent=3398"}],"wp:term":[{"taxonomy":"product_brand","embeddable":true,"href":"https:\/\/ortopediagot.net\/Inicio\/wp-json\/wp\/v2\/product_brand?post=3398"},{"taxonomy":"product_cat","embeddable":true,"href":"https:\/\/ortopediagot.net\/Inicio\/wp-json\/wp\/v2\/product_cat?post=3398"},{"taxonomy":"product_tag","embeddable":true,"href":"https:\/\/ortopediagot.net\/Inicio\/wp-json\/wp\/v2\/product_tag?post=3398"}],"curies":[{"name":"wp","href":"https:\/\/api.w.org\/{rel}","templated":true}]}}